Report for Mail-DKIM-0.40

Back
From: metabase:user:320bfe00-2aae-11df-837a-5e0a49663a4f
Subject: FAIL Mail-DKIM-0.40 v5.21.3 GNU/Linux
Date: 2014-07-24T12:33:59Z

This distribution has been tested as part of the CPAN Testers
project, supporting the Perl programming language.  See
http://wiki.cpantesters.org/ for more information or email
questions to cpan-testers-discuss@perl.org


--
Dear Jason Long,

This is a computer-generated report for Mail-DKIM-0.40
on perl 5.21.3, created by CPAN-Reporter-1.2011.

Thank you for uploading your work to CPAN.  However, there was a problem
testing your distribution.

If you think this report is invalid, please consult the CPAN Testers Wiki
for suggestions on how to avoid getting FAIL reports for missing library
or binary dependencies, unsupported operating systems, and so on:

http://wiki.cpantesters.org/wiki/CPANAuthorNotes

Sections of this report:

    * Tester comments
    * Program output
    * Prerequisites
    * Environment and other context

------------------------------
TESTER COMMENTS
------------------------------

Additional comments from tester:

this report is from an automated smoke testing program
and was not reviewed by a human for accuracy

------------------------------
PROGRAM OUTPUT
------------------------------

Output from '/usr/bin/make test':

PERL_DL_NONLAZY=1 /tmp/basesmoker-reloperl-eFKX/bin/perl "-MExtUtils::Command::MM" "-MTest::Harness" "-e" "undef *Test::Harness::Switches; test_harness(0, 'blib/lib', 'blib/arch')" t/*.t
t/adsp.t ..................... ok
t/external_signer.t .......... ok
t/Mail-DKIM.t ................ ok
DNS query timeout for _domainkey.nobody.messiah.edu at /tmp/loop_over_bdir-18222-T4RsCp/Mail-DKIM-0.40-Gykdwo/blib/lib/Mail/DKIM/DNS.pm line 156.
# Looks like you planned 19 tests but ran 11.
# Looks like your test exited with 4 just after 11.
t/policy.t ................... 
Dubious, test returned 4 (wstat 1024, 0x400)
Failed 8/19 subtests 
DNS query timeout for nonexistent._domainkey.messiah.edu at /tmp/loop_over_bdir-18222-T4RsCp/Mail-DKIM-0.40-Gykdwo/blib/lib/Mail/DKIM/DNS.pm line 156.
# Looks like you planned 5 tests but ran 1.
# Looks like your test exited with 4 just after 1.
t/public_key.t ............... 
Dubious, test returned 4 (wstat 1024, 0x400)
Failed 4/5 subtests 
t/signature.t ................ ok
t/signer.t ................... ok
t/signer_dk.t ................ ok
t/signer_policy.t ............ ok
t/simple_canonicalization.t .. ok
t/textwrap.t ................. ok
t/verifier.t ................. ok

Test Summary Report
-------------------
t/policy.t                 (Wstat: 1024 Tests: 11 Failed: 0)
  Non-zero exit status: 4
  Parse errors: Bad plan.  You planned 19 tests but ran 11.
t/public_key.t             (Wstat: 1024 Tests: 1 Failed: 0)
  Non-zero exit status: 4
  Parse errors: Bad plan.  You planned 5 tests but ran 1.
Files=12, Tests=210, 15 wallclock secs ( 0.08 usr  0.00 sys +  1.33 cusr  0.09 csys =  1.50 CPU)
Result: FAIL
Failed 2/12 test programs. 0/210 subtests failed.
Makefile:978: recipe for target 'test_dynamic' failed
make: *** [test_dynamic] Error 255

------------------------------
PREREQUISITES
------------------------------

Prerequisite modules loaded:

requires:

    Module              Need Have    
    ------------------- ---- --------
    Crypt::OpenSSL::RSA 0.24 0.28    
    Digest::SHA         0    5.92    
    Mail::Address       0    2.13    
    MIME::Base64        0    3.14    
    Net::DNS            0    0.78    
    Test::Simple        0    1.001003

build_requires:

    Module              Need Have    
    ------------------- ---- --------
    ExtUtils::MakeMaker 0    6.98    

configure_requires:

    Module              Need Have    
    ------------------- ---- --------
    ExtUtils::MakeMaker 0    6.98    


------------------------------
ENVIRONMENT AND OTHER CONTEXT
------------------------------

Environment variables:

    AUTOMATED_TESTING = 1
    LANG = en_US.UTF-8
    LANGUAGE = en_US:en
    PATH = /usr/lib/ccache:/home/sand/bin:/usr/local/bin:/usr/bin:/bin:/usr/games:/usr/local/perl/bin:/usr/X11/bin:/sbin:/usr/sbin
    PERL = /tmp/basesmoker-reloperl-eFKX/bin/perl
    PERL5LIB = 
    PERL5OPT = 
    PERL5_CPANPLUS_IS_RUNNING = 20554
    PERL5_CPAN_IS_RUNNING = 20554
    PERL_MM_USE_DEFAULT = 1
    SHELL = /usr/bin/zsh
    TERM = screen

Perl special variables (and OS-specific diagnostics, for MSWin32):

    $^X = /tmp/basesmoker-reloperl-eFKX/bin/perl
    $UID/$EUID = 1005 / 1005
    $GID = 1005 1005
    $EGID = 1005 1005

Perl module toolchain versions installed:

    Module              Have    
    ------------------- --------
    CPAN                2.05    
    CPAN::Meta          2.141520
    Cwd                 3.49    
    ExtUtils::CBuilder  0.280216
    ExtUtils::Command   1.18    
    ExtUtils::Install   1.68    
    ExtUtils::MakeMaker 6.98    
    ExtUtils::Manifest  1.64    
    ExtUtils::ParseXS   3.25    
    File::Spec          3.49    
    JSON                2.90    
    JSON::PP            2.27203 
    Module::Build       0.4206  
    Module::Signature   n/a     
    Parse::CPAN::Meta   1.4414  
    Test::Harness       3.32    
    Test::More          1.001003
    YAML                0.97    
    YAML::Syck          1.27    
    version             0.9908  


--

Summary of my perl5 (revision 5 version 21 subversion 3) configuration:
  Commit id: d62b8c6ab04885d004d4a52686f68518d49a3604
  Platform:
    osname=linux, osvers=3.14-1-amd64, archname=x86_64-linux-thread-multi
    uname='linux k83 3.14-1-amd64 #1 smp debian 3.14.5-1 (2014-06-05) x86_64 gnulinux '
    config_args='-Dprefix=/home/sand/src/perl/repoperls/installed-perls/perl/v5.21.2-42-gd62b8c6/9980 -Dmyhostname=k83 -Dinstallusrbinperl=n -Uversiononly -Dusedevel -des -Ui_db -Duseithreads -Uuselongdouble -DDEBUGGING=-g'
    hint=recommended, useposix=true, d_sigaction=define
    useithreads=define, usemultiplicity=define
    use64bitint=define, use64bitall=define, uselongdouble=undef
    usemymalloc=n, bincompat5005=undef
  Compiler:
    cc='cc', ccflags ='-D_REENTRANT -D_GNU_SOURCE -fwrapv -fno-strict-aliasing -pipe -fstack-protector -I/usr/local/include -D_LARGEFILE_SOURCE -D_FILE_OFFSET_BITS=64 -D_FORTIFY_SOURCE=2',
    optimize='-O2 -g',
    cppflags='-D_REENTRANT -D_GNU_SOURCE -fwrapv -fno-strict-aliasing -pipe -fstack-protector -I/usr/local/include'
    ccversion='', gccversion='4.8.3', gccosandvers=''
    intsize=4, longsize=8, ptrsize=8, doublesize=8, byteorder=12345678
    d_longlong=define, longlongsize=8, d_longdbl=define, longdblsize=16
    ivtype='long', ivsize=8, nvtype='double', nvsize=8, Off_t='off_t', lseeksize=8
    alignbytes=8, prototype=define
  Linker and Libraries:
    ld='cc', ldflags =' -fstack-protector -L/usr/local/lib'
    libpth=/usr/local/lib /usr/lib/gcc/x86_64-linux-gnu/4.8/include-fixed /usr/include/x86_64-linux-gnu /usr/lib /lib/x86_64-linux-gnu /lib/../lib /usr/lib/x86_64-linux-gnu /usr/lib/../lib /lib
    libs=-lnsl -lgdbm -ldb -ldl -lm -lcrypt -lutil -lpthread -lc -lgdbm_compat
    perllibs=-lnsl -ldl -lm -lcrypt -lutil -lpthread -lc
    libc=libc-2.19.so, so=so, useshrplib=false, libperl=libperl.a
    gnulibc_version='2.19'
  Dynamic Linking:
    dlsrc=dl_dlopen.xs, dlext=so, d_dlsymun=undef, ccdlflags='-Wl,-E'
    cccdlflags='-fPIC', lddlflags='-shared -O2 -g -L/usr/local/lib -fstack-protector'


Characteristics of this binary (from libperl): 
  Compile-time options: HAS_TIMES MULTIPLICITY PERLIO_LAYERS
                        PERL_DONT_CREATE_GVSV
                        PERL_HASH_FUNC_ONE_AT_A_TIME_HARD
                        PERL_IMPLICIT_CONTEXT PERL_MALLOC_WRAP
                        PERL_NEW_COPY_ON_WRITE PERL_PRESERVE_IVUV
                        PERL_USE_DEVEL USE_64_BIT_ALL USE_64_BIT_INT
                        USE_ITHREADS USE_LARGE_FILES USE_LOCALE
                        USE_LOCALE_COLLATE USE_LOCALE_CTYPE
                        USE_LOCALE_NUMERIC USE_LOCALE_TIME USE_PERLIO
                        USE_PERL_ATOF USE_REENTRANT_API
  Built under linux
  Compiled at Jul 23 2014 16:09:38
  %ENV:
    PERL="/tmp/basesmoker-reloperl-eFKX/bin/perl"
    PERL5LIB=""
    PERL5OPT=""
    PERL5_CPANPLUS_IS_RUNNING="20554"
    PERL5_CPAN_IS_RUNNING="20554"
    PERL_MM_USE_DEFAULT="1"
  @INC:
    /home/sand/src/perl/repoperls/installed-perls/perl/v5.21.2-42-gd62b8c6/9980/lib/site_perl/5.21.3/x86_64-linux-thread-multi
    /home/sand/src/perl/repoperls/installed-perls/perl/v5.21.2-42-gd62b8c6/9980/lib/site_perl/5.21.3
    /home/sand/src/perl/repoperls/installed-perls/perl/v5.21.2-42-gd62b8c6/9980/lib/5.21.3/x86_64-linux-thread-multi
    /home/sand/src/perl/repoperls/installed-perls/perl/v5.21.2-42-gd62b8c6/9980/lib/5.21.3
    .