Back
From: metabase:user:21427c7c-6c1b-1014-a310-4ed93fdd96d6
Subject: FAIL WebService-Validator-CSS-W3C-0.3 v5.16.3 GNU/Linux
Date: 2013-05-06T22:32:08Z
This distribution has been tested as part of the CPAN Testers
project, supporting the Perl programming language. See
http://wiki.cpantesters.org/ for more information or email
questions to cpan-testers-discuss@perl.org
--
Dear Bjoern Hoehrmann,
This is a computer-generated report for WebService-Validator-CSS-W3C-0.3
on perl 5.16.3, created by CPAN-Reporter-1.2009.
Thank you for uploading your work to CPAN. However, there was a problem
testing your distribution.
If you think this report is invalid, please consult the CPAN Testers Wiki
for suggestions on how to avoid getting FAIL reports for missing library
or binary dependencies, unsupported operating systems, and so on:
http://wiki.cpantesters.org/wiki/CPANAuthorNotes
Sections of this report:
* Tester comments
* Program output
* Prerequisites
* Environment and other context
------------------------------
TESTER COMMENTS
------------------------------
Additional comments from tester:
none provided
------------------------------
PROGRAM OUTPUT
------------------------------
Output from '/usr/bin/make test':
PERL_DL_NONLAZY=1 /home/jm/perl5/perlbrew/perls/perl-5.16.3/bin/perl5.16.3 "-MExtUtils::Command::MM" "-e" "test_harness(0, 'blib/lib', 'blib/arch')" t/*.t
t/98podsyn.t ...................... ok
t/99podcov.t ...................... ok
Incorrect parameter at /home/jm/perl5/perlbrew/perls/perl-5.16.3/lib/site_perl/5.16.3/SOAP/Lite.pm line 1993.
t/WebService-Validator-CSS-W3C.t ..
Dubious, test returned 2 (wstat 512, 0x200)
Failed 1/3 subtests
Test Summary Report
-------------------
t/WebService-Validator-CSS-W3C.t (Wstat: 512 Tests: 2 Failed: 0)
Non-zero exit status: 2
Parse errors: Bad plan. You planned 3 tests but ran 2.
Files=3, Tests=4, 3 wallclock secs ( 0.05 usr 0.01 sys + 0.81 cusr 0.07 csys = 0.94 CPU)
Result: FAIL
Failed 1/3 test programs. 0/4 subtests failed.
make: *** [test_dynamic] Error 2
------------------------------
PREREQUISITES
------------------------------
Prerequisite modules loaded:
requires:
Module Need Have
------------------- ---- -----
Carp 0 1.26
Class::Accessor 0 0.34
LWP::UserAgent 0 6.05
SOAP::Lite 0.65 0.715
URI 0 1.60
URI::QueryParam 0 0
build_requires:
Module Need Have
------------------- ---- -----
ExtUtils::MakeMaker 0 6.66
configure_requires:
Module Need Have
------------------- ---- -----
ExtUtils::MakeMaker 0 6.66
------------------------------
ENVIRONMENT AND OTHER CONTEXT
------------------------------
Environment variables:
LANG = pl_PL.UTF-8
LC_COLLATE = pl_PL.UTF-8
LC_MESSAGES = POSIX
PATH = /home/jm/perl5/perlbrew/bin:/home/jm/perl5/perlbrew/perls/perl-5.16.3/bin:/home/jm/perl5/perlbrew/bin:/usr/local/bin:/usr/bin:/bin:/usr/games:/usr/lib/kde4/libexec:/usr/lib/qt/bin:.:/home/jm/usr/bin
PERL5LIB =
PERL5OPT =
PERL5_CPANPLUS_IS_RUNNING = 22265
PERL5_CPAN_IS_RUNNING = 22265
PERLBREW_BASHRC_VERSION = 0.61
PERLBREW_HOME = /home/jm/.perlbrew
PERLBREW_MANPATH = /home/jm/perl5/perlbrew/perls/perl-5.16.3/man
PERLBREW_PATH = /home/jm/perl5/perlbrew/bin:/home/jm/perl5/perlbrew/perls/perl-5.16.3/bin
PERLBREW_PERL = perl-5.16.3
PERLBREW_ROOT = /home/jm/perl5/perlbrew
PERLBREW_VERSION = 0.62
SHELL = /bin/bash
TERM = xterm
Perl special variables (and OS-specific diagnostics, for MSWin32):
$^X = /home/jm/perl5/perlbrew/perls/perl-5.16.3/bin/perl5.16.3
$UID/$EUID = 1000 / 1000
$GID = 100 6 10 17 18 19 83 84 93 94 100 1000
$EGID = 100 6 10 17 18 19 83 84 93 94 100 1000
Perl module toolchain versions installed:
Module Have
------------------- --------
CPAN 2.00
CPAN::Meta 2.130880
Cwd 3.40
ExtUtils::CBuilder 0.280206
ExtUtils::Command 1.17
ExtUtils::Install 1.58
ExtUtils::MakeMaker 6.66
ExtUtils::Manifest 1.61
ExtUtils::ParseXS 3.18_03
File::Spec 3.40
JSON 2.57
JSON::PP 2.27202
Module::Build 0.4004
Module::Signature n/a
Parse::CPAN::Meta 1.4404
Test::Harness 3.27
Test::More 0.98
YAML 0.84
YAML::Syck 1.25
version 0.9902
--
Summary of my perl5 (revision 5 version 16 subversion 3) configuration:
Platform:
osname=linux, osvers=3.2.29-smp, archname=i686-linux
uname='linux darkstar 3.2.29-smp #2 smp mon sep 17 13:16:43 cdt 2012 i686 intel(r) celeron(r) cpu 3.06ghz genuineintel gnulinux '
config_args='-de -Dprefix=/home/jm/perl5/perlbrew/perls/perl-5.16.3 -Aeval:scriptdir=/home/jm/perl5/perlbrew/perls/perl-5.16.3/bin'
hint=recommended, useposix=true, d_sigaction=define
useithreads=undef, usemultiplicity=undef
useperlio=define, d_sfio=undef, uselargefiles=define, usesocks=undef
use64bitint=undef, use64bitall=undef, uselongdouble=undef
usemymalloc=n, bincompat5005=undef
Compiler:
cc='cc', ccflags ='-fno-strict-aliasing -pipe -fstack-protector -I/usr/local/include -D_LARGEFILE_SOURCE -D_FILE_OFFSET_BITS=64',
optimize='-O2',
cppflags='-fno-strict-aliasing -pipe -fstack-protector -I/usr/local/include'
ccversion='', gccversion='4.7.1', gccosandvers=''
intsize=4, longsize=4, ptrsize=4, doublesize=8, byteorder=1234
d_longlong=define, longlongsize=8, d_longdbl=define, longdblsize=12
ivtype='long', ivsize=4, nvtype='double', nvsize=8, Off_t='off_t', lseeksize=8
alignbytes=4, prototype=define
Linker and Libraries:
ld='cc', ldflags =' -fstack-protector -L/usr/local/lib'
libpth=/usr/local/lib /lib /usr/lib
libs=-lnsl -lgdbm -ldb -ldl -lm -lcrypt -lutil -lc
perllibs=-lnsl -ldl -lm -lcrypt -lutil -lc
libc=/lib/libc-2.15.so, so=so, useshrplib=false, libperl=libperl.a
gnulibc_version='2.15'
Dynamic Linking:
dlsrc=dl_dlopen.xs, dlext=so, d_dlsymun=undef, ccdlflags='-Wl,-E'
cccdlflags='-fPIC', lddlflags='-shared -O2 -L/usr/local/lib -fstack-protector'
Characteristics of this binary (from libperl):
Compile-time options: HAS_TIMES PERLIO_LAYERS PERL_DONT_CREATE_GVSV
PERL_MALLOC_WRAP PERL_PRESERVE_IVUV USE_LARGE_FILES
USE_LOCALE USE_LOCALE_COLLATE USE_LOCALE_CTYPE
USE_LOCALE_NUMERIC USE_PERLIO USE_PERL_ATOF
Built under linux
Compiled at Mar 21 2013 21:58:04
%ENV:
PERL5LIB=""
PERL5OPT=""
PERL5_CPANPLUS_IS_RUNNING="22265"
PERL5_CPAN_IS_RUNNING="22265"
PERLBREW_BASHRC_VERSION="0.61"
PERLBREW_HOME="/home/jm/.perlbrew"
PERLBREW_MANPATH="/home/jm/perl5/perlbrew/perls/perl-5.16.3/man"
PERLBREW_PATH="/home/jm/perl5/perlbrew/bin:/home/jm/perl5/perlbrew/perls/perl-5.16.3/bin"
PERLBREW_PERL="perl-5.16.3"
PERLBREW_ROOT="/home/jm/perl5/perlbrew"
PERLBREW_VERSION="0.62"
@INC:
/home/jm/perl5/perlbrew/perls/perl-5.16.3/lib/site_perl/5.16.3/i686-linux
/home/jm/perl5/perlbrew/perls/perl-5.16.3/lib/site_perl/5.16.3
/home/jm/perl5/perlbrew/perls/perl-5.16.3/lib/5.16.3/i686-linux
/home/jm/perl5/perlbrew/perls/perl-5.16.3/lib/5.16.3
.