Report for Test-Log4perl-0.1001

Back
From: metabase:user:30f0bd62-2aae-11df-837a-5e0a49663a4f
Subject: FAIL Test-Log4perl-0.1001 v5.14.2 OpenBSD
Date: 2011-11-07T13:52:52Z

This distribution has been tested as part of the CPAN Testers
project, supporting the Perl programming language.  See
http://wiki.cpantesters.org/ for more information or email
questions to cpan-testers-discuss@perl.org


--
Dear Fotango Ltd,

This is a computer-generated report for Test-Log4perl-0.1001
on perl 5.14.2, created by CPAN-Reporter-1.2002.

Thank you for uploading your work to CPAN.  However, there was a problem
testing your distribution.

If you think this report is invalid, please consult the CPAN Testers Wiki
for suggestions on how to avoid getting FAIL reports for missing library
or binary dependencies, unsupported operating systems, and so on:

http://wiki.cpantesters.org/wiki/CPANAuthorNotes

Sections of this report:

    * Tester comments
    * Program output
    * Prerequisites
    * Environment and other context

------------------------------
TESTER COMMENTS
------------------------------

Additional comments from tester:

this report is from an automated smoke testing program
and was not reviewed by a human for accuracy

------------------------------
PROGRAM OUTPUT
------------------------------

Output from './Build test':


#   Failed test 'logdie'
#   at t/01basic.t line 135.
# STDOUT is:
# not ok 1 - Log4perl test
# 
# not:
# ok 1 - Log4perl test
# 
# as expected
# STDERR is:
# #   Failed test 'Log4perl test'
# #   at t/01basic.t line 134.
# # Ended logging run, but still expecting 1 more log(s)
# # Expecting fatal of type 'Foo' next:
# #   'my hair is on fire!'
# 
# not:
# 
# as expected
t/01basic.t ... 
Failed 1/9 subtests 
t/02ignore.t .. ok
t/03match.t ... ok

#   Failed test 'getting wrong message'
#   at t/04re.t line 42.
# STDERR is:
# #   Failed test 'Log4perl test'
# #   at t/04re.t line 40.
# # 1st message logged wasn't what we expected:
# #   message was 'my hair is on fire!'
# #      not like '(?^:tree)'
# #  (Offending log call from line 39 in t/04re.t)
# 
# not:
# /#\s+Failed\ test.*?\n?.*?at\ t\/04re\.t line 40.*\n?/
# 
# # 1st message logged wasn't what we expected:
# 
# #   message was 'my hair is on fire!'
# 
# #      not like '(?-xism:tree)'
# 
# #  (Offending log call from line 39 in t/04re.t)
# 
# as expected
t/04re.t ...... 
Failed 1/2 subtests 

Test Summary Report
-------------------
t/01basic.t (Wstat: 0 Tests: 9 Failed: 1)
  Failed test:  9
t/04re.t    (Wstat: 0 Tests: 2 Failed: 1)
  Failed test:  2
Files=4, Tests=21,  1 wallclock secs ( 0.12 usr  0.04 sys +  0.77 cusr  0.20 csys =  1.13 CPU)
Result: FAIL
Failed 2/4 test programs. 2/21 subtests failed.

------------------------------
PREREQUISITES
------------------------------

Prerequisite modules loaded:

requires:

    Module                        Need Have
    ----------------------------- ---- ----
    Carp                          0    1.20
    Class::Accessor::Chained      0    0.01
    Lingua::EN::Numbers::Ordinate 0    1.02
    Log::Log4perl                 0    1.33
    Scalar::Util                  0    1.23
    Test::Builder                 0    0.98

build_requires:

    Module                        Need Have
    ----------------------------- ---- ----
    Test::Builder::Tester         0.9  1.22
    Test::Exception               0    0.31
    Test::More                    0    0.98


------------------------------
ENVIRONMENT AND OTHER CONTEXT
------------------------------

Environment variables:

    AUTOMATED_TESTING = 1
    PATH = /home/sts/bin:/bin:/sbin:/usr/bin:/usr/sbin:/usr/X11R6/bin:/usr/local/bin:/usr/local/sbin:/usr/games:.
    PERL5LIB = /home/sts/cpansmoke/perl-5.14.2/cpan/build/Log-Log4perl-1.33-8BY0Eh/blib/arch:/home/sts/cpansmoke/perl-5.14.2/cpan/build/Log-Log4perl-1.33-8BY0Eh/blib/lib:/home/sts/cpansmoke/perl-5.14.2/cpan/build/Class-Accessor-Chained-0.01-XXpSeP/blib/arch:/home/sts/cpansmoke/perl-5.14.2/cpan/build/Class-Accessor-Chained-0.01-XXpSeP/blib/lib:/home/sts/cpansmoke/perl-5.14.2/cpan/build/Class-Accessor-0.34-rPiW3q/blib/arch:/home/sts/cpansmoke/perl-5.14.2/cpan/build/Class-Accessor-0.34-rPiW3q/blib/lib:/home/sts/cpansmoke/perl-5.14.2/cpan/build/Lingua-EN-Numbers-Ordinate-1.02-9tHLvu/blib/arch:/home/sts/cpansmoke/perl-5.14.2/cpan/build/Lingua-EN-Numbers-Ordinate-1.02-9tHLvu/blib/lib:/home/sts/cpansmoke/perl-5.14.2/cpan/build/Test-Exception-0.31-fo7_qa/blib/arch:/home/sts/cpansmoke/perl-5.14.2/cpan/build/Test-Exception-0.31-fo7_qa/blib/lib:/home/sts/cpansmoke/perl-5.14.2/cpan/build/Sub-Uplevel-0.22-4oMeW5/blib/arch:/home/sts/cpansmoke/perl-5.14.2/cpan/build/Sub-Uplevel-0.22-4oMeW5/blib/lib
    PERL5OPT = 
    PERL5_CPANPLUS_IS_RUNNING = 4588
    PERL5_CPAN_IS_RUNNING = 4588
    PERL5_CPAN_IS_RUNNING_IN_RECURSION = 5681,4588
    PERL_CR_SMOKER_CURRENT = Test-Log4perl-0.1001
    PERL_EXTUTILS_AUTOINSTALL = --defaultdeps
    PERL_MM_USE_DEFAULT = 1
    SHELL = /usr/local/bin/bash
    TERM = screen
    TMPDIR = /home/sts/cpansmoke/tmp

Perl special variables (and OS-specific diagnostics, for MSWin32):

    $^X = /home/sts/cpansmoke/perl-5.14.2/bin/perl
    $UID/$EUID = 1000 / 1000
    $GID = 10 10 0
    $EGID = 10 10 0

Perl module toolchain versions installed:

    Module              Have    
    ------------------- --------
    CPAN                1.9800  
    CPAN::Meta          2.110440
    Cwd                 3.36    
    ExtUtils::CBuilder  0.280203
    ExtUtils::Command   1.17    
    ExtUtils::Install   1.56    
    ExtUtils::MakeMaker 6.57_05 
    ExtUtils::Manifest  1.58    
    ExtUtils::ParseXS   2.2210  
    File::Spec          3.33    
    JSON                n/a     
    JSON::PP            2.27105 
    Module::Build       0.3800  
    Module::Signature   n/a     
    Parse::CPAN::Meta   1.4401  
    Test::Harness       3.23    
    Test::More          0.98    
    YAML                n/a     
    YAML::Syck          n/a     
    version             0.88    


--

Summary of my perl5 (revision 5 version 14 subversion 2) configuration:
   
  Platform:
    osname=openbsd, osvers=4.9, archname=OpenBSD.i386-openbsd-thread-multi
    uname='openbsd cpansmoke5 4.9 generic.mp#794 i386 '
    config_args='-des -Dusethreads -Dprefix=/home/sts/cpansmoke/perl-5.14.2'
    hint=recommended, useposix=true, d_sigaction=define
    useithreads=define, usemultiplicity=define
    useperlio=define, d_sfio=undef, uselargefiles=define, usesocks=undef
    use64bitint=undef, use64bitall=undef, uselongdouble=undef
    usemymalloc=y, bincompat5005=undef
  Compiler:
    cc='cc', ccflags ='-pthread -fno-strict-aliasing -pipe -fstack-protector -I/usr/local/include',
    optimize='-O2',
    cppflags='-pthread -fno-strict-aliasing -pipe -fstack-protector -I/usr/local/include'
    ccversion='', gccversion='4.2.1 20070719 ', gccosandvers='openbsd4.9'
    intsize=4, longsize=4, ptrsize=4, doublesize=8, byteorder=1234
    d_longlong=define, longlongsize=8, d_longdbl=define, longdblsize=12
    ivtype='long', ivsize=4, nvtype='double', nvsize=8, Off_t='off_t', lseeksize=8
    alignbytes=4, prototype=define
  Linker and Libraries:
    ld='cc', ldflags ='-pthread -Wl,-E  -fstack-protector -L/usr/local/lib'
    libpth=/usr/local/lib /usr/lib
    libs=-lgdbm -lm -lutil -lc
    perllibs=-lm -lutil -lc
    libc=/usr/lib/libc.so.58.0, so=so, useshrplib=false, libperl=libperl.a
    gnulibc_version=''
  Dynamic Linking:
    dlsrc=dl_dlopen.xs, dlext=so, d_dlsymun=undef, ccdlflags=' '
    cccdlflags='-DPIC -fPIC ', lddlflags='-shared -fPIC  -L/usr/local/lib -fstack-protector'


Characteristics of this binary (from libperl): 
  Compile-time options: MULTIPLICITY MYMALLOC PERL_DONT_CREATE_GVSV
                        PERL_IMPLICIT_CONTEXT PERL_MALLOC_WRAP
                        PERL_PRESERVE_IVUV USE_ITHREADS USE_LARGE_FILES
                        USE_PERLIO USE_PERL_ATOF USE_REENTRANT_API
  Built under openbsd
  Compiled at Sep 26 2011 17:50:57
  %ENV:
    PERL5LIB="/home/sts/cpansmoke/perl-5.14.2/cpan/build/Log-Log4perl-1.33-8BY0Eh/blib/arch:/home/sts/cpansmoke/perl-5.14.2/cpan/build/Log-Log4perl-1.33-8BY0Eh/blib/lib:/home/sts/cpansmoke/perl-5.14.2/cpan/build/Class-Accessor-Chained-0.01-XXpSeP/blib/arch:/home/sts/cpansmoke/perl-5.14.2/cpan/build/Class-Accessor-Chained-0.01-XXpSeP/blib/lib:/home/sts/cpansmoke/perl-5.14.2/cpan/build/Class-Accessor-0.34-rPiW3q/blib/arch:/home/sts/cpansmoke/perl-5.14.2/cpan/build/Class-Accessor-0.34-rPiW3q/blib/lib:/home/sts/cpansmoke/perl-5.14.2/cpan/build/Lingua-EN-Numbers-Ordinate-1.02-9tHLvu/blib/arch:/home/sts/cpansmoke/perl-5.14.2/cpan/build/Lingua-EN-Numbers-Ordinate-1.02-9tHLvu/blib/lib:/home/sts/cpansmoke/perl-5.14.2/cpan/build/Test-Exception-0.31-fo7_qa/blib/arch:/home/sts/cpansmoke/perl-5.14.2/cpan/build/Test-Exception-0.31-fo7_qa/blib/lib:/home/sts/cpansmoke/perl-5.14.2/cpan/build/Sub-Uplevel-0.22-4oMeW5/blib/arch:/home/sts/cpansmoke/perl-5.14.2/cpan/build/Sub-Uplevel-0.22-4oMeW5/blib/lib"
    PERL5OPT=""
    PERL5_CPANPLUS_IS_RUNNING="4588"
    PERL5_CPAN_IS_RUNNING="4588"
    PERL5_CPAN_IS_RUNNING_IN_RECURSION="5681,4588"
    PERL_CR_SMOKER_CURRENT="Test-Log4perl-0.1001"
    PERL_EXTUTILS_AUTOINSTALL="--defaultdeps"
    PERL_MM_USE_DEFAULT="1"
  @INC:
    /home/sts/cpansmoke/perl-5.14.2/cpan/build/Log-Log4perl-1.33-8BY0Eh/blib/arch
    /home/sts/cpansmoke/perl-5.14.2/cpan/build/Log-Log4perl-1.33-8BY0Eh/blib/lib
    /home/sts/cpansmoke/perl-5.14.2/cpan/build/Class-Accessor-Chained-0.01-XXpSeP/blib/arch
    /home/sts/cpansmoke/perl-5.14.2/cpan/build/Class-Accessor-Chained-0.01-XXpSeP/blib/lib
    /home/sts/cpansmoke/perl-5.14.2/cpan/build/Class-Accessor-0.34-rPiW3q/blib/arch
    /home/sts/cpansmoke/perl-5.14.2/cpan/build/Class-Accessor-0.34-rPiW3q/blib/lib
    /home/sts/cpansmoke/perl-5.14.2/cpan/build/Lingua-EN-Numbers-Ordinate-1.02-9tHLvu/blib/arch
    /home/sts/cpansmoke/perl-5.14.2/cpan/build/Lingua-EN-Numbers-Ordinate-1.02-9tHLvu/blib/lib
    /home/sts/cpansmoke/perl-5.14.2/cpan/build/Test-Exception-0.31-fo7_qa/blib/arch
    /home/sts/cpansmoke/perl-5.14.2/cpan/build/Test-Exception-0.31-fo7_qa/blib/lib
    /home/sts/cpansmoke/perl-5.14.2/cpan/build/Sub-Uplevel-0.22-4oMeW5/blib/arch
    /home/sts/cpansmoke/perl-5.14.2/cpan/build/Sub-Uplevel-0.22-4oMeW5/blib/lib
    /home/sts/cpansmoke/perl-5.14.2/lib/site_perl/5.14.2/OpenBSD.i386-openbsd-thread-multi
    /home/sts/cpansmoke/perl-5.14.2/lib/site_perl/5.14.2
    /home/sts/cpansmoke/perl-5.14.2/lib/5.14.2/OpenBSD.i386-openbsd-thread-multi
    /home/sts/cpansmoke/perl-5.14.2/lib/5.14.2
    .