Back
From: metabase:user:30f4dfbe-2aae-11df-837a-5e0a49663a4f
Subject: FAIL Data-Util-0.63 v5.21.8 Mac OS X
Date: 2015-02-24T00:05:05Z
This distribution has been tested as part of the CPAN Testers
project, supporting the Perl programming language. See
http://wiki.cpantesters.org/ for more information or email
questions to cpan-testers-discuss@perl.org
--
Dear Goro Fuji,
This is a computer-generated report for Data-Util-0.63
on perl 5.21.8, created by CPAN-Reporter-1.2011.
Thank you for uploading your work to CPAN. However, there was a problem
testing your distribution.
If you think this report is invalid, please consult the CPAN Testers Wiki
for suggestions on how to avoid getting FAIL reports for missing library
or binary dependencies, unsupported operating systems, and so on:
http://wiki.cpantesters.org/wiki/CPANAuthorNotes
Sections of this report:
* Tester comments
* Program output
* Prerequisites
* Environment and other context
------------------------------
TESTER COMMENTS
------------------------------
Additional comments from tester:
this report is from an automated smoke testing program
and was not reviewed by a human for accuracy
------------------------------
PROGRAM OUTPUT
------------------------------
Output from '/sw/bin/make test':
Running Mkbootstrap for Data::Util ()
chmod 644 "Util.bs"
PERL_DL_NONLAZY=1 "/Users/hornenj/perl5/perlbrew/perls/perl-5.21.8/bin/perl5.21.8" "-MExtUtils::Command::MM" "-MTest::Harness" "-e" "undef *Test::Harness::Switches; test_harness(0, 'inc', 'blib/lib', 'blib/arch')" t/*.t
# Testing Data::Util 0.63 (XS)
t/00_load.t .................. ok
# Testing
# XS
t/01_refs.t .................. ok
t/02_inst.t .................. ok
t/03_gen.t ................... ok
t/04_overloaded.t ............ ok
t/05_get_stash.t ............. ok
t/06_subroutine.t ............ ok
t/08_mgvars.t ................ ok
Can't locate package A for @Bar::ISA during global destruction.
Can't locate package A for @Bar::ISA during global destruction.
t/09_paranoia.t .............. ok
t/10_neat.t .................. ok
t/11_fail_handler.t .......... ok
t/12_in_attr_handler.t ....... skipped: This test is for old perls
t/13_optlist.t ............... ok
Constant subroutine f1 uninstalled at t/14_uninst_subr.t line 51.
Constant subroutine f3 uninstalled at t/14_uninst_subr.t line 51.
Constant subroutine f4 uninstalled at t/14_uninst_subr.t line 51.
# Failed test 'specify an unmatched subr (not uninstalled)'
# at t/14_uninst_subr.t line 60.
# Looks like you failed 1 test of 23.
t/14_uninst_subr.t ...........
Dubious, test returned 1 (wstat 256, 0x100)
Failed 1/23 subtests
t/15_curry.t ................. ok
t/16_modify.t ................ ok
t/17_nsclean.t ............... ok
t/18_is_value.t .............. ok
t/19_multiple_modifiers.t .... ok
t/20_lexical_sub.t ........... ok
t/21_get_code_ref.t .......... ok
t/22_install2.t .............. ok
t/23_largeargs.t ............. ok
t/24_eval_in_modifiers.t ..... ok
t/pp00_load.t ................ ok
# Testing
# PurePerl
t/pp01_refs.t ................ ok
t/pp02_inst.t ................ ok
t/pp03_gen.t ................. ok
t/pp04_overloaded.t .......... ok
t/pp05_get_stash.t ........... ok
t/pp06_subroutine.t .......... ok
t/pp08_mgvars.t .............. ok
t/pp10_neat.t ................ ok
t/pp11_fail_handler.t ........ ok
t/pp12_in_attr_handler.t ..... skipped: This test is for old perls
t/pp13_optlist.t ............. ok
Constant subroutine f4 uninstalled at t/14_uninst_subr.t line 51.
Constant subroutine f3 uninstalled at t/14_uninst_subr.t line 51.
Constant subroutine f1 uninstalled at t/14_uninst_subr.t line 51.
# Failed test 'specify an unmatched subr (not uninstalled)'
# at t/14_uninst_subr.t line 60.
# Looks like you failed 1 test of 23.
t/pp14_uninst_subr.t .........
Dubious, test returned 1 (wstat 256, 0x100)
Failed 1/23 subtests
t/pp15_curry.t ............... ok
t/pp16_modify.t .............. ok
t/pp17_nsclean.t ............. ok
t/pp18_is_value.t ............ ok
t/pp19_multiple_modifiers.t .. ok
t/pp20_lexical_sub.t ......... ok
t/pp21_get_code_ref.t ........ ok
t/pp22_install2.t ............ ok
t/pp23_largeargs.t ........... ok
t/pp24_eval_in_modifiers.t ... ok
Test Summary Report
-------------------
t/14_uninst_subr.t (Wstat: 256 Tests: 23 Failed: 1)
Failed test: 12
Non-zero exit status: 1
t/pp14_uninst_subr.t (Wstat: 256 Tests: 23 Failed: 1)
Failed test: 12
Non-zero exit status: 1
Files=47, Tests=1141, 2 wallclock secs ( 0.13 usr 0.06 sys + 1.46 cusr 0.31 csys = 1.96 CPU)
Result: FAIL
Failed 2/47 test programs. 2/1141 subtests failed.
make: *** [test_dynamic] Error 255
------------------------------
PREREQUISITES
------------------------------
Prerequisite modules loaded:
requires:
Module Need Have
----------------------------- -------- ------------
perl 5.008001 5.021008
XSLoader 0.02 0.20
build_requires:
Module Need Have
----------------------------- -------- ------------
Devel::PPPort 3.19 3.28
ExtUtils::MakeMaker 6.59 7.04
ExtUtils::ParseXS 3.18 3.27
Hash::Util::FieldHash::Compat 0 0.08
Scope::Guard 0 0.20
Test::Exception 0.27 0.36
Test::More 0.62 1.301001_097
configure_requires:
Module Need Have
----------------------------- -------- ------------
Devel::PPPort 3.19 3.28
ExtUtils::MakeMaker 6.59 7.04
ExtUtils::ParseXS 3.18 3.27
------------------------------
ENVIRONMENT AND OTHER CONTEXT
------------------------------
Environment variables:
AUTOMATED_TESTING = 1
LANG = en_US.UTF-8
LC_ALL = POSIX
LD_LIBRARY_PATH = :/net/traces01.be-md.ncbi.nlm.nih.gov/trace_software/vdb/mac/release/x86_64/lib
PATH = /Users/hornenj/perl5/perlbrew/bin:/Users/hornenj/perl5/perlbrew/perls/perl-5.21.8/bin:/Users/hornenj/perl5/perlbrew/bin:/Users/hornenj/perl5/perlbrew/perls/perl-5.14.2/bin:/Users/hornenj/bin:/sw/lib/perl5/ExtUtils:/sw/bin:/am/ncbiapdata/bin:/usr/bin:/bin:/usr/X11R6/bin:/netopt/ncbi_tools/bin:/usr/local/ncbi/blast/bin:/net/traces01.be-md.ncbi.nlm.nih.gov/trace_software/vdb/mac/release/x86_64/bin
PERL5LIB = /Users/hornenj/.cpan/build/Scope-Guard-0.20-NB5xJV/blib/arch:/Users/hornenj/.cpan/build/Scope-Guard-0.20-NB5xJV/blib/lib:/Users/hornenj/.cpan/build/Hash-Util-FieldHash-Compat-0.08-xVlB9q/blib/arch:/Users/hornenj/.cpan/build/Hash-Util-FieldHash-Compat-0.08-xVlB9q/blib/lib:/Users/hornenj/.cpan/build/Mojolicious-5.82-xzUWPx/blib/arch:/Users/hornenj/.cpan/build/Mojolicious-5.82-xzUWPx/blib/lib
PERL5OPT =
PERL5_CPANPLUS_IS_RUNNING = 42442
PERL5_CPAN_IS_RUNNING = 42442
PERL5_MINISMOKEBOX = 0.58
PERLBREW_BASHRC_VERSION = 0.69
PERLBREW_HOME = /Users/hornenj/.perlbrew
PERLBREW_MANPATH = /Users/hornenj/perl5/perlbrew/perls/perl-5.21.8/man
PERLBREW_PATH = /Users/hornenj/perl5/perlbrew/bin:/Users/hornenj/perl5/perlbrew/perls/perl-5.21.8/bin
PERLBREW_PERL = perl-5.21.8
PERLBREW_ROOT = /Users/hornenj/perl5/perlbrew
PERLBREW_VERSION = 0.69
PERL_EXTUTILS_AUTOINSTALL = --defaultdeps
PERL_MM_USE_DEFAULT = 1
SHELL = /bin/bash
TERM = xterm-256color
TMPDIR = /var/folders/pz/pd7y1qjs6s3cbk170cw50fjc000c61/T/
VERSIONER_PERL_PREFER_32_BIT = no
VERSIONER_PERL_VERSION = 5.18
ac_cv_path_INTLTOOL_PERL = /usr/bin/perl
Perl special variables (and OS-specific diagnostics, for MSWin32):
$^X = /Users/hornenj/perl5/perlbrew/perls/perl-5.21.8/bin/perl5.21.8
$UID/$EUID = 12481 / 12481
$GID = 14 14 5344 527 241
$EGID = 14 14 5344 527 241
Perl module toolchain versions installed:
Module Have
------------------- ------------
CPAN 2.05
CPAN::Meta 2.143240
Cwd 3.54
ExtUtils::CBuilder 0.280221
ExtUtils::Command 1.20
ExtUtils::Install 2.04
ExtUtils::MakeMaker 7.04
ExtUtils::Manifest 1.70
ExtUtils::ParseXS 3.27
File::Spec 3.53
JSON 2.90
JSON::PP 2.27300
Module::Build 0.4211
Module::Signature n/a
Parse::CPAN::Meta 1.4414
Test::Harness 3.35
Test::More 1.301001_097
YAML 1.14
YAML::Syck 1.29
version 0.9909
--
Summary of my perl5 (revision 5 version 21 subversion 8) configuration:
Platform:
osname=darwin, osvers=14.1.0, archname=darwin-thread-multi-2level
uname='darwin ncbimac2027.ncbi.nlm.nih.gov 14.1.0 darwin kernel version 14.1.0: mon dec 22 23:10:38 pst 2014; root:xnu-2782.10.72~2release_x86_64 x86_64 '
config_args='-de -Dprefix=/Users/hornenj/perl5/perlbrew/perls/perl-5.21.8 -Duseithreads -Dusemultiplicity -Dusedevel -Dusedevel -Accflags=-O2 -W -Wformat=2 -Wswitch -Wshadow -Wwrite-strings -Wuninitialized -Wall -pipe -mtune=native -march=native -fomit-frame-pointer -msse2 -msse -mmmx -pedantic -D_FORTIFY_SOURCE=2 -Wpointer-arith -Wstrict-prototypes -fstack-protector -Wstack-protector -Wextra -Wbad-function-cast -Wcast-align -Wcast-qual -Wdisabled-optimization -Wendif-labels -Wfloat-equal -Wformat-nonliteral -Winline -Wmissing-declarations -Wmissing-prototypes -Wnested-externs -Wpointer-arith -Wundef -Wformat-security -fassociative-math -Acc=cc -Aeval:scriptdir=/Users/hornenj/perl5/perlbrew/perls/perl-5.21.8/bin'
hint=recommended, useposix=true, d_sigaction=define
useithreads=define, usemultiplicity=define
use64bitint=define, use64bitall=define, uselongdouble=undef
usemymalloc=n, bincompat5005=undef
Compiler:
cc=' cc', ccflags ='-fno-common -DPERL_DARWIN -O2 -W -Wformat=2 -Wswitch -Wshadow -Wwrite-strings -Wuninitialized -Wall -pipe -mtune=native -march=native -fomit-frame-pointer -msse2 -msse -mmmx -pedantic -D_FORTIFY_SOURCE=2 -Wpointer-arith -Wstrict-prototypes -fstack-protector -Wstack-protector -Wextra -Wbad-function-cast -Wcast-align -Wcast-qual -Wdisabled-optimization -Wendif-labels -Wfloat-equal -Wformat-nonliteral -Winline -Wmissing-declarations -Wmissing-prototypes -Wnested-externs -Wpointer-arith -Wundef -Wformat-security -fassociative-math -fno-strict-aliasing -I/usr/local/include',
optimize='-O3',
cppflags='-fno-common -DPERL_DARWIN -O2 -W -Wformat=2 -Wswitch -Wshadow -Wwrite-strings -Wuninitialized -Wall -pipe -mtune=native -march=native -fomit-frame-pointer -msse2 -msse -mmmx -pedantic -D_FORTIFY_SOURCE=2 -Wpointer-arith -Wstrict-prototypes -fstack-protector -Wstack-protector -Wextra -Wbad-function-cast -Wcast-align -Wcast-qual -Wdisabled-optimization -Wendif-labels -Wfloat-equal -Wformat-nonliteral -Winline -Wmissing-declarations -Wmissing-prototypes -Wnested-externs -Wpointer-arith -Wundef -Wformat-security -fassociative-math -fno-strict-aliasing -I/usr/local/include'
ccversion='', gccversion='4.2.1 Compatible Apple LLVM 6.0 (clang-600.0.56)', gccosandvers=''
intsize=4, longsize=8, ptrsize=8, doublesize=8, byteorder=12345678, doublekind=3
d_longlong=define, longlongsize=8, d_longdbl=define, longdblsize=16, longdblkind=3
ivtype='long', ivsize=8, nvtype='double', nvsize=8, Off_t='off_t', lseeksize=8
alignbytes=8, prototype=define
Linker and Libraries:
ld='env MACOSX_DEPLOYMENT_TARGET=10.3 cc', ldflags =' -fstack-protector -L/usr/local/lib'
libpth=/Applications/Xcode.app/Contents/Developer/Toolchains/XcodeDefault.xctoolchain/usr/bin/../lib/clang/6.0/lib /Applications/Xcode.app/Contents/Developer/Toolchains/XcodeDefault.xctoolchain/usr/lib /Applications/Xcode.app/Contents/Developer/Platforms/MacOSX.platform/Developer/SDKs/MacOSX10.10.sdk/usr/lib /usr/local/lib /usr/lib
libs=-lpthread -ldbm -ldl -lm -lutil -lc
perllibs=-lpthread -ldl -lm -lutil -lc
libc=, so=dylib, useshrplib=false, libperl=libperl.a
gnulibc_version=''
Dynamic Linking:
dlsrc=dl_dlopen.xs, dlext=bundle, d_dlsymun=undef, ccdlflags=' '
cccdlflags=' ', lddlflags=' -bundle -undefined dynamic_lookup -L/usr/local/lib -fstack-protector'
Characteristics of this binary (from libperl):
Compile-time options: HAS_TIMES MULTIPLICITY PERLIO_LAYERS
PERL_DONT_CREATE_GVSV
PERL_HASH_FUNC_ONE_AT_A_TIME_HARD
PERL_IMPLICIT_CONTEXT PERL_MALLOC_WRAP
PERL_NEW_COPY_ON_WRITE PERL_PRESERVE_IVUV
PERL_USE_DEVEL USE_64_BIT_ALL USE_64_BIT_INT
USE_ITHREADS USE_LARGE_FILES USE_LOCALE
USE_LOCALE_COLLATE USE_LOCALE_CTYPE
USE_LOCALE_NUMERIC USE_LOCALE_TIME USE_PERLIO
USE_PERL_ATOF USE_REENTRANT_API
Built under darwin
Compiled at Feb 23 2015 12:10:57
%ENV:
PERL5LIB="/Users/hornenj/.cpan/build/Scope-Guard-0.20-NB5xJV/blib/arch:/Users/hornenj/.cpan/build/Scope-Guard-0.20-NB5xJV/blib/lib:/Users/hornenj/.cpan/build/Hash-Util-FieldHash-Compat-0.08-xVlB9q/blib/arch:/Users/hornenj/.cpan/build/Hash-Util-FieldHash-Compat-0.08-xVlB9q/blib/lib:/Users/hornenj/.cpan/build/Mojolicious-5.82-xzUWPx/blib/arch:/Users/hornenj/.cpan/build/Mojolicious-5.82-xzUWPx/blib/lib"
PERL5OPT=""
PERL5_CPANPLUS_IS_RUNNING="42442"
PERL5_CPAN_IS_RUNNING="42442"
PERL5_MINISMOKEBOX="0.58"
PERLBREW_BASHRC_VERSION="0.69"
PERLBREW_HOME="/Users/hornenj/.perlbrew"
PERLBREW_MANPATH="/Users/hornenj/perl5/perlbrew/perls/perl-5.21.8/man"
PERLBREW_PATH="/Users/hornenj/perl5/perlbrew/bin:/Users/hornenj/perl5/perlbrew/perls/perl-5.21.8/bin"
PERLBREW_PERL="perl-5.21.8"
PERLBREW_ROOT="/Users/hornenj/perl5/perlbrew"
PERLBREW_VERSION="0.69"
PERL_EXTUTILS_AUTOINSTALL="--defaultdeps"
PERL_MM_USE_DEFAULT="1"
@INC:
/Users/hornenj/.cpan/build/Scope-Guard-0.20-NB5xJV/blib/arch
/Users/hornenj/.cpan/build/Scope-Guard-0.20-NB5xJV/blib/lib
/Users/hornenj/.cpan/build/Hash-Util-FieldHash-Compat-0.08-xVlB9q/blib/arch
/Users/hornenj/.cpan/build/Hash-Util-FieldHash-Compat-0.08-xVlB9q/blib/lib
/Users/hornenj/.cpan/build/Mojolicious-5.82-xzUWPx/blib/arch
/Users/hornenj/.cpan/build/Mojolicious-5.82-xzUWPx/blib/lib
/Users/hornenj/perl5/perlbrew/perls/perl-5.21.8/lib/site_perl/5.21.8/darwin-thread-multi-2level
/Users/hornenj/perl5/perlbrew/perls/perl-5.21.8/lib/site_perl/5.21.8
/Users/hornenj/perl5/perlbrew/perls/perl-5.21.8/lib/5.21.8/darwin-thread-multi-2level
/Users/hornenj/perl5/perlbrew/perls/perl-5.21.8/lib/5.21.8
.