Back
From: metabase:user:7298ebcc-b357-11e4-8d18-8eca7e4756b9
Subject: FAIL Module-Info-0.35 v5.21.9 GNU/Linux
Date: 2015-06-15T19:29:06Z
This distribution has been tested as part of the CPAN Testers
project, supporting the Perl programming language. See
http://wiki.cpantesters.org/ for more information or email
questions to cpan-testers-discuss@perl.org
--
Dear MBARBON,
This is a computer-generated report for Module-Info-0.35
on perl 5.21.9, created by App::cpanminus::reporter 0.12 (1.7027).
Thank you for uploading your work to CPAN. However, there was a problem
testing your distribution.
If you think this report is invalid, please consult the CPAN Testers Wiki
for suggestions on how to avoid getting FAIL reports for missing library
or binary dependencies, unsupported operating systems, and so on:
http://wiki.cpantesters.org/wiki/CPANAuthorNotes
Sections of this report:
* Tester comments
* Program output
* Prerequisites
* Environment and other context
------------------------------
TESTER COMMENTS
------------------------------
Additional comments from tester:
none provided
------------------------------
PROGRAM OUTPUT
------------------------------
Output from '':
Building and testing Module-Info-0.35
Building Module-Info
# Failed test (t/Module-Info.t at line 82)
# got: '4'
# expected: '3'
# Failed test (t/Module-Info.t at line 83)
# Structures begin differing at:
# $got->[3] = 'Subroutine B::OP::parent redefined at blib/lib/B/BUtils.pm line 217.'
# $expected->[3] = Does not exist
# Failed test (t/Module-Info.t at line 88)
# got: '4'
# expected: '3'
# Failed test (t/Module-Info.t at line 89)
# got: undef
# expected: '0.35'
# Failed test (t/Module-Info.t at line 185)
# got: '3'
# expected: '2'
# Failed test (t/Module-Info.t at line 186)
# Failed test (t/Module-Info.t at line 189)
# got: '3'
# expected: '2'
# Failed test (t/Module-Info.t at line 190)
# got: undef
# expected: '7.254'
# Failed test (t/Module-Info.t at line 191)
# got: 'Illegal division by zero at -e line 1.'
# expected: undef
B::Module::Info,subs_called use failed with 255 saying:
Subroutine B::OP::parent redefined at blib/lib/B/BUtils.pm line 217.
function call to wibble at "/home/mojolicious/.cpanm/work/1434396393.4446/Module-Info-0.35/t/lib/Foo.pm" line 25
function call using symbolic ref at "/home/mojolicious/.cpanm/work/1434396393.4446/Module-Info-0.35/t/lib/Foo.pm" line 26
Can't locate object method "PV" via package "B::SPECIAL" at blib/lib/B/Module/Info.pm line 388.
CHECK failed--call queue aborted.
# Failed test (t/Module-Info.t at line 296)
# Structures begin differing at:
# $got->[0] = Does not exist
# $expected->[0] = 'HASH(0x176d5f8)'
B::Module::Info,subs_called use failed with 255 saying:
Subroutine B::OP::parent redefined at blib/lib/B/BUtils.pm line 217.
function call to wibble at "/home/mojolicious/.cpanm/work/1434396393.4446/Module-Info-0.35/t/lib/Foo.pm" line 25
function call using symbolic ref at "/home/mojolicious/.cpanm/work/1434396393.4446/Module-Info-0.35/t/lib/Foo.pm" line 26
Can't locate object method "PV" via package "B::SPECIAL" at blib/lib/B/Module/Info.pm line 388.
CHECK failed--call queue aborted.
# Failed test (t/Module-Info.t at line 298)
# Structures begin differing at:
# $got->[0] = Does not exist
# $expected->[0] = 'HASH(0x176d940)'
# Looks like you failed 11 tests of 59.
t/Module-Info.t ..........
Dubious, test returned 11 (wstat 2816, 0xb00)
Failed 11/59 subtests
t/n0_die_on_error.t ...... ok
# Failed test (t/n1_modules_required.t at line 17)
# Structures begin differing at:
# $got->[0] = Does not exist
# $expected->[0] = '1'
# Looks like you failed 1 tests of 3.
t/n1_modules_required.t ..
Dubious, test returned 1 (wstat 256, 0x100)
Failed 1/3 subtests
t/n2_safe.t .............. ok
t/n3_version.t ........... ok
t/zy_pod_coverage.t ...... skipped: Test::Pod::Coverage 1.00 required for testing POD coverage
t/zz_pod.t ............... skipped: Test::Pod 1.00 required for testing POD
Test Summary Report
-------------------
t/Module-Info.t (Wstat: 2816 Tests: 59 Failed: 11)
Failed tests: 10-13, 43-47, 56-57
Non-zero exit status: 11
t/n1_modules_required.t (Wstat: 256 Tests: 3 Failed: 1)
Failed test: 2
Non-zero exit status: 1
Files=7, Tests=88, 4 wallclock secs ( 0.05 usr 0.01 sys + 1.83 cusr 0.12 csys = 2.01 CPU)
Result: FAIL
------------------------------
PREREQUISITES
------------------------------
Prerequisite modules loaded:
runtime:
Module Need Have
------------- ---- ------
File::Spec 0.08 3.53
configure:
Module Need Have
------------- ---- ------
Module::Build 0.40 0.4211
------------------------------
ENVIRONMENT AND OTHER CONTEXT
------------------------------
Environment variables:
PATH = /home/mojolicious/perl5/perlbrew/bin:/home/mojolicious/perl5/perlbrew/perls/perl-5.20.1/bin:/usr/local/bin:/usr/bin:/bin:/usr/local/games:/usr/games:/home/mojolicious/mojolib/5.21.9/5.81/bin
PERLBREW_BASHRC_VERSION = 0.73
PERLBREW_HOME = /home/mojolicious/.perlbrew
PERLBREW_MANPATH = /home/mojolicious/perl5/perlbrew/perls/perl-5.20.1/man
PERLBREW_PATH = /home/mojolicious/perl5/perlbrew/bin:/home/mojolicious/perl5/perlbrew/perls/perl-5.20.1/bin
PERLBREW_PERL = perl-5.20.1
PERLBREW_ROOT = /home/mojolicious/perl5/perlbrew
PERLBREW_VERSION = 0.73
SHELL = /bin/bash
TERM = xterm
Perl special variables (and OS-specific diagnostics, for MSWin32):
EGID = 1003 1003
EUID = 1003
EXECUTABLE_NAME = /home/mojolicious/perl5/perlbrew/perls/perl-5.21.9/bin/perl5.21.9
GID = 1003 1003
UID = 1003
Perl module toolchain versions installed:
Module Have
------------------- ------------
CPAN 2.05
CPAN::Meta 2.143240
Cwd 3.54
ExtUtils::CBuilder 0.280221
ExtUtils::Command 1.20
ExtUtils::Install 2.04
ExtUtils::MakeMaker 7.04
ExtUtils::Manifest 1.70
ExtUtils::ParseXS 3.27
File::Spec 3.53
JSON 2.90
JSON::PP 2.27300
Module::Build 0.4211
Module::Signature n/a
Parse::CPAN::Meta 1.4414
Test::Harness 3.35
Test::More 1.301001_098
YAML n/a
YAML::Syck n/a
version 0.9909
--
Summary of my perl5 (revision 5 version 21 subversion 9) configuration:
Platform:
osname=linux, osvers=3.13.0-042stab094.8, archname=x86_64-linux
uname='linux lvps92-51-161-142.dedicated.hosteurope.de 3.13.0-042stab094.8 #1 smp tue dec 16 20:36:56 msk 2014 x86_64 x86_64 x86_64 gnulinux '
config_args='-de -Dprefix=/home/mojolicious/perl5/perlbrew/perls/perl-5.21.9 -Dusedevel -Aeval:scriptdir=/home/mojolicious/perl5/perlbrew/perls/perl-5.21.9/bin'
hint=recommended, useposix=true, d_sigaction=define
useithreads=undef, usemultiplicity=undef
use64bitint=define, use64bitall=define, uselongdouble=undef
usemymalloc=n, bincompat5005=undef
Compiler:
cc='cc', ccflags ='-fwrapv -fno-strict-aliasing -pipe -fstack-protector -I/usr/local/include -D_LARGEFILE_SOURCE -D_FILE_OFFSET_BITS=64',
optimize='-O2',
cppflags='-fwrapv -fno-strict-aliasing -pipe -fstack-protector -I/usr/local/include'
ccversion='', gccversion='4.8.2', gccosandvers=''
intsize=4, longsize=8, ptrsize=8, doublesize=8, byteorder=12345678, doublekind=3
d_longlong=define, longlongsize=8, d_longdbl=define, longdblsize=16, longdblkind=3
ivtype='long', ivsize=8, nvtype='double', nvsize=8, Off_t='off_t', lseeksize=8
alignbytes=8, prototype=define
Linker and Libraries:
ld='cc', ldflags =' -fstack-protector -L/usr/local/lib'
libpth=/usr/local/lib /usr/lib/gcc/x86_64-linux-gnu/4.8/include-fixed /usr/include/x86_64-linux-gnu /usr/lib /lib/x86_64-linux-gnu /lib/../lib /usr/lib/x86_64-linux-gnu /usr/lib/../lib /lib
libs=-lpthread -lnsl -ldl -lm -lcrypt -lutil -lc
perllibs=-lpthread -lnsl -ldl -lm -lcrypt -lutil -lc
libc=libc-2.19.so, so=so, useshrplib=false, libperl=libperl.a
gnulibc_version='2.19'
Dynamic Linking:
dlsrc=dl_dlopen.xs, dlext=so, d_dlsymun=undef, ccdlflags='-Wl,-E'
cccdlflags='-fPIC', lddlflags='-shared -O2 -L/usr/local/lib -fstack-protector'
Characteristics of this binary (from libperl):
Compile-time options: HAS_TIMES PERLIO_LAYERS PERL_DONT_CREATE_GVSV
PERL_HASH_FUNC_ONE_AT_A_TIME_HARD PERL_MALLOC_WRAP
PERL_NEW_COPY_ON_WRITE PERL_PRESERVE_IVUV
PERL_USE_DEVEL USE_64_BIT_ALL USE_64_BIT_INT
USE_LARGE_FILES USE_LOCALE USE_LOCALE_COLLATE
USE_LOCALE_CTYPE USE_LOCALE_NUMERIC USE_LOCALE_TIME
USE_PERLIO USE_PERL_ATOF
Locally applied patches:
Devel::PatchPerl 1.30
Built under linux
Compiled at Feb 21 2015 17:39:22
%ENV:
PERLBREW_BASHRC_VERSION="0.73"
PERLBREW_HOME="/home/mojolicious/.perlbrew"
PERLBREW_MANPATH="/home/mojolicious/perl5/perlbrew/perls/perl-5.20.1/man"
PERLBREW_PATH="/home/mojolicious/perl5/perlbrew/bin:/home/mojolicious/perl5/perlbrew/perls/perl-5.20.1/bin"
PERLBREW_PERL="perl-5.20.1"
PERLBREW_ROOT="/home/mojolicious/perl5/perlbrew"
PERLBREW_VERSION="0.73"
@INC:
/home/mojolicious/perl5/perlbrew/perls/perl-5.21.9/lib/site_perl/5.21.9/x86_64-linux
/home/mojolicious/perl5/perlbrew/perls/perl-5.21.9/lib/site_perl/5.21.9
/home/mojolicious/perl5/perlbrew/perls/perl-5.21.9/lib/5.21.9/x86_64-linux
/home/mojolicious/perl5/perlbrew/perls/perl-5.21.9/lib/5.21.9
.