Monitoring-GLPlugin v2.4.14.6 Perl 5 v5.16.1 amd64-freebsd

Status
Fail
From
Chris Williams (BINGOS)
Dist
Monitoring-GLPlugin v2.4.14.6
Platform
Perl 5 v5.16.1 amd64-freebsd
Date
2017-12-02 05:00:59
ID
c9aa67dc-d71d-11e7-a1cf-bb670eaac09d
This distribution has been tested as part of the CPAN Testers
project, supporting the Perl programming language.  See
http://wiki.cpantesters.org/ for more information or email
questions to cpan-testers-discuss@perl.org


--

Dear LAUSSER,

This is a computer-generated error report created automatically by
CPANPLUS, version 0.9170. Testers personal comments may appear
at the end of this report.


Thank you for uploading your work to CPAN.  However, it appears that
there were some problems testing your distribution.

TEST RESULTS:

Below is the error stack from stage 'make test':

PERL_DL_NONLAZY=1 "/usr/home/cpan/pit/bare/perl-5.16.1/bin/perl5.16.1" "-MExtUtils::Command::MM" "-MTest::Harness" "-e" "undef *Test::Harness::Switches; test_harness(0, 'blib/lib', 'blib/arch')" t/*.t
# 01-new.t
# /tmp
# /tmp/device::uptime
# 01-new.t
# undef
# /device::uptime
t/01-new.t .......... ok
# statefile is /tmp/device::uptime_test
# now test ever growing metrics. shrinking means overrun
# now test growing and shrinking metrics
# delta -5
# now test growing and shrinking metrics, compare to a value in the past
# suddenly count is only 5
# delta -5 must be the result for the next 10 seconds
# after 12s delta is 0
# now test growing and shrinking metrics
# now test growing and shrinking lists
# delta -2
# delta 0
# now test growing and shrinking metrics, compare to a value in the past
# now test growing and shrinking lists, compare to a list in the past
# state change, ELEM4 and ELEM5 lost
# should still be the same
# after 12s delta is 0
t/02-valdiff.t ...... ok
Use of uninitialized value $ENV{"TZ"} in concatenation (.) or string at t/03-environment.t line 18.
t/03-environment.t .. ok
# Looks like your test exited with 3 just after 1.
t/04-extra-opts.t ... 
Dubious, test returned 3 (wstat 768, 0x300)
Failed 6/7 subtests 
Name "Monitoring::GLPlugin::pluginname" used only once: possible typo at t/10-snmp.t line 55.
# 10-snmp.t
# /tmp
# /tmp/device::uptime
t/10-snmp.t ......... ok
t/manifest.t ........ skipped: Author tests not required for installation
t/pod-coverage.t .... skipped: Author tests not required for installation
t/pod.t ............. skipped: Author tests not required for installation

Test Summary Report
-------------------
t/04-extra-opts.t (Wstat: 768 Tests: 1 Failed: 0)
  Non-zero exit status: 3
  Parse errors: Bad plan.  You planned 7 tests but ran 1.
Files=8, Tests=67, 42 wallclock secs ( 0.05 usr  0.04 sys +  1.16 cusr  0.49 csys =  1.74 CPU)
Result: FAIL
Failed 1/8 test programs. 0/67 subtests failed.
*** Error code 255

Stop.
make: stopped in /usr/home/cpan/pit/bare/conf/perl-5.16.1/.cpanplus/5.16.1/build/OR_sX3Swlf/Monitoring-GLPlugin-2.4.14.6


PREREQUISITES:

Here is a list of prerequisites you specified and versions we
managed to load:

	  Module Name                        Have     Want
	  Test::More                     1.302096        0

Perl module toolchain versions installed:
	Module Name                        Have
	CPANPLUS                         0.9170
	CPANPLUS::Dist::Build              0.88
	Cwd                                3.62
	ExtUtils::CBuilder             0.280226
	ExtUtils::Command                  7.30
	ExtUtils::Install                  2.14
	ExtUtils::MakeMaker                7.30
	ExtUtils::Manifest                 1.70
	ExtUtils::ParseXS                  3.35
	File::Spec                         3.62
	Module::Build                    0.4224
	Pod::Parser                        1.51
	Pod::Simple                        3.20
	Test2                          1.302096
	Test::Harness                      3.39
	Test::More                     1.302096
	version                          0.9918

******************************** NOTE ********************************
The comments above are created mechanically, possibly without manual
checking by the sender.  As there are many people performing automatic
tests on each upload to CPAN, it is likely that you will receive
identical messages about the same problem.

If you believe that the message is mistaken, please reply to the first
one with correction and/or additional informations, and do not take
it personally.  We appreciate your patience. :)
**********************************************************************

Additional comments:


This report was machine-generated by CPANPLUS::Dist::YACSmoke 1.02.
Powered by minismokebox version 0.68

------------------------------
ENVIRONMENT AND OTHER CONTEXT
------------------------------

Environment variables:

    AUTOMATED_TESTING = 1
    NONINTERACTIVE_TESTING = 1
    PATH = /sbin:/bin:/usr/sbin:/usr/bin:/usr/local/sbin:/usr/local/bin:/home/cpan/bin
    PERL5LIB = :/usr/home/cpan/pit/bare/conf/perl-5.16.1/.cpanplus/5.16.1/build/OR_sX3Swlf/Monitoring-GLPlugin-2.4.14.6/blib/lib:/usr/home/cpan/pit/bare/conf/perl-5.16.1/.cpanplus/5.16.1/build/OR_sX3Swlf/Monitoring-GLPlugin-2.4.14.6/blib/arch
    PERL5_CPANPLUS_IS_RUNNING = 74098
    PERL5_CPANPLUS_IS_VERSION = 0.9170
    PERL5_MINISMOKEBOX = 0.68
    PERL5_YACSMOKE_BASE = /usr/home/cpan/pit/bare/conf/perl-5.16.1
    PERL_EXTUTILS_AUTOINSTALL = --defaultdeps
    PERL_MM_USE_DEFAULT = 1
    SHELL = /usr/local/bin/bash
    TERM = screen

Perl special variables (and OS-specific diagnostics, for MSWin32):

    Perl: $^X = /usr/home/cpan/pit/bare/perl-5.16.1/bin/perl5.16.1
    UID:  $<  = 1002
    EUID: $>  = 1002
    GID:  $(  = 1002 1002
    EGID: $)  = 1002 1002


-------------------------------


--

Summary of my perl5 (revision 5 version 16 subversion 1) configuration:
   
  Platform:
    osname=freebsd, osvers=11.1-release, archname=amd64-freebsd
    uname='freebsd fforc 11.1-release freebsd 11.1-release #0 r321309: fri jul 21 02:08:28 utc 2017 root@releng2.nyi.freebsd.org:usrobjusrsrcsysgeneric amd64 '
    config_args='-des -Dprefix=/usr/home/cpan/pit/bare/perl-5.16.1'
    hint=recommended, useposix=true, d_sigaction=define
    useithreads=undef, usemultiplicity=undef
    useperlio=define, d_sfio=undef, uselargefiles=define, usesocks=undef
    use64bitint=define, use64bitall=define, uselongdouble=undef
    usemymalloc=n, bincompat5005=undef
  Compiler:
    cc='cc', ccflags ='-DHAS_FPSETMASK -DHAS_FLOATINGPOINT_H -fno-strict-aliasing -pipe -fstack-protector -I/usr/local/include',
    optimize='-O',
    cppflags='-DHAS_FPSETMASK -DHAS_FLOATINGPOINT_H -fno-strict-aliasing -pipe -fstack-protector -I/usr/local/include'
    ccversion='', gccversion='4.2.1 Compatible FreeBSD Clang 4.0.0 (tags/RELEASE_400/final 297347)', gccosandvers=''
    intsize=4, longsize=8, ptrsize=8, doublesize=8, byteorder=12345678
    d_longlong=define, longlongsize=8, d_longdbl=define, longdblsize=16
    ivtype='long', ivsize=8, nvtype='double', nvsize=8, Off_t='off_t', lseeksize=8
    alignbytes=8, prototype=define
  Linker and Libraries:
    ld='cc', ldflags ='-Wl,-E  -fstack-protector -L/usr/local/lib'
    libpth=/usr/lib /usr/local/lib
    libs=-lgdbm -lm -lcrypt -lutil -lc
    perllibs=-lm -lcrypt -lutil -lc
    libc=, so=so, useshrplib=false, libperl=libperl.a
    gnulibc_version=''
  Dynamic Linking:
    dlsrc=dl_dlopen.xs, dlext=so, d_dlsymun=undef, ccdlflags=' '
    cccdlflags='-DPIC -fPIC', lddlflags='-shared  -L/usr/local/lib -fstack-protector'


Characteristics of this binary (from libperl): 
  Compile-time options: HAS_TIMES PERLIO_LAYERS PERL_DONT_CREATE_GVSV
                        PERL_MALLOC_WRAP PERL_PRESERVE_IVUV USE_64_BIT_ALL
                        USE_64_BIT_INT USE_LARGE_FILES USE_LOCALE
                        USE_LOCALE_COLLATE USE_LOCALE_CTYPE
                        USE_LOCALE_NUMERIC USE_PERLIO USE_PERL_ATOF
  Locally applied patches:
	Devel::PatchPerl 1.48
  Built under freebsd
  Compiled at Jul 26 2017 20:42:42
  %ENV:
    PERL5LIB=":/usr/home/cpan/pit/bare/conf/perl-5.16.1/.cpanplus/5.16.1/build/OR_sX3Swlf/Monitoring-GLPlugin-2.4.14.6/blib/lib:/usr/home/cpan/pit/bare/conf/perl-5.16.1/.cpanplus/5.16.1/build/OR_sX3Swlf/Monitoring-GLPlugin-2.4.14.6/blib/arch"
    PERL5_CPANPLUS_IS_RUNNING="74098"
    PERL5_CPANPLUS_IS_VERSION="0.9170"
    PERL5_MINISMOKEBOX="0.68"
    PERL5_YACSMOKE_BASE="/usr/home/cpan/pit/bare/conf/perl-5.16.1"
    PERL_EXTUTILS_AUTOINSTALL="--defaultdeps"
    PERL_MM_USE_DEFAULT="1"
  @INC:
    /usr/home/cpan/pit/bare/conf/perl-5.16.1/.cpanplus/5.16.1/build/OR_sX3Swlf/Monitoring-GLPlugin-2.4.14.6/blib/lib
    /usr/home/cpan/pit/bare/conf/perl-5.16.1/.cpanplus/5.16.1/build/OR_sX3Swlf/Monitoring-GLPlugin-2.4.14.6/blib/arch
    /usr/home/cpan/pit/bare/perl-5.16.1/lib/site_perl/5.16.1/amd64-freebsd
    /usr/home/cpan/pit/bare/perl-5.16.1/lib/site_perl/5.16.1
    /usr/home/cpan/pit/bare/perl-5.16.1/lib/5.16.1/amd64-freebsd
    /usr/home/cpan/pit/bare/perl-5.16.1/lib/5.16.1
    .