Report for Mojolicious-Command-generate-lexicont-0.05

Back
From: metabase:user:314402c4-2aae-11df-837a-5e0a49663a4f
Subject: FAIL Mojolicious-Command-generate-lexicont-0.05 v5.22.0 FreeBSD
Date: 2016-07-21T06:31:42Z

This distribution has been tested as part of the CPAN Testers
project, supporting the Perl programming language.  See
http://wiki.cpantesters.org/ for more information or email
questions to cpan-testers-discuss@perl.org


--
Dear Tetsuya Tatsumi,

This is a computer-generated report for Mojolicious-Command-generate-lexicont-0.05
on perl 5.22.0, created by CPAN-Reporter-1.2017.

Thank you for uploading your work to CPAN.  However, there was a problem
testing your distribution.

If you think this report is invalid, please consult the CPAN Testers Wiki
for suggestions on how to avoid getting FAIL reports for missing library
or binary dependencies, unsupported operating systems, and so on:

http://wiki.cpantesters.org/wiki/CPANAuthorNotes

Sections of this report:

    * Tester comments
    * Program output
    * Prerequisites
    * Environment and other context

------------------------------
TESTER COMMENTS
------------------------------

Additional comments from tester:

none provided

------------------------------
PROGRAM OUTPUT
------------------------------

Output from './Build test':

t/args_0_1.t ....................... ok
t/args_2.t ......................... ok
t/args_3.t ......................... ok
t/cannot_translate.t ............... ok
t/config_file_read_error.t ......... ok

#   Failed test 'ja json key1'
#   at t/json_1.t line 30.
Wide character in print at /usr/perl5.22.0p/lib/site_perl/5.22.0/Test2/Formatter/TAP.pm line 105.
#          got: undef
#     expected: '日本語'

#   Failed test 'ja json key2'
#   at t/json_1.t line 31.
Wide character in print at /usr/perl5.22.0p/lib/site_perl/5.22.0/Test2/Formatter/TAP.pm line 105.
#          got: '日本語'
#     expected: '英語'

#   Failed test 'en json key1'
#   at t/json_1.t line 37.
#          got: undef
#     expected: 'Japanese'

#   Failed test 'en json key2'
#   at t/json_1.t line 38.
#          got: 'Japanese'
#     expected: 'English'
# Looks like you failed 4 tests of 6.
t/json_1.t ......................... 
Dubious, test returned 4 (wstat 1024, 0x400)
Failed 4/6 subtests 
t/json_2.t ......................... ok
t/json_3.t ......................... ok
t/lingua_translate_create_error.t .. ok

#   Failed test 'correct japanese'
#   at t/org.t line 30.
Wide character in print at /usr/perl5.22.0p/lib/site_perl/5.22.0/Test2/Formatter/TAP.pm line 105, <DATA> line 380.
#     Structures begin differing at:
#          $got->{key3} = Does not exist
#     $expected->{key3} = '英語'
# Looks like you failed 1 test of 18.
t/org.t ............................ 
Dubious, test returned 1 (wstat 256, 0x100)
Failed 1/18 subtests 
t/src_lexicon_notfound.t ........... ok

Test Summary Report
-------------------
t/json_1.t                       (Wstat: 1024 Tests: 6 Failed: 4)
  Failed tests:  3-6
  Non-zero exit status: 4
t/org.t                          (Wstat: 256 Tests: 18 Failed: 1)
  Failed test:  4
  Non-zero exit status: 1
Files=11, Tests=62,  2 wallclock secs ( 0.02 usr  0.09 sys +  1.80 cusr  0.40 csys =  2.31 CPU)
Result: FAIL
Failed 2/11 test programs. 5/62 subtests failed.

------------------------------
PREREQUISITES
------------------------------

Prerequisite modules loaded:

requires:

    Module              Need     Have    
    ------------------- -------- --------
    Config::PL          0        0.02    
    Encode              0        2.84    
    Module::Load        0        0.32    
    Mojo::Base          0        0       
    perl                5.008005 5.022000

build_requires:

    Module              Need     Have    
    ------------------- -------- --------
    JSON                0        2.90    
    Mojolicious         0        7.0     
    Test::Exception     0        0.43    
    Test::More          0        1.302045
    Test::Warn          0        0.30    

configure_requires:

    Module              Need     Have    
    ------------------- -------- --------
    CPAN::Meta          0        2.150005
    CPAN::Meta::Prereqs 0        2.150005
    Module::Build       0.38     0.4214  


------------------------------
ENVIRONMENT AND OTHER CONTEXT
------------------------------

Environment variables:

    LC_ALL = de_DE.ISO8859-1
    PATH = /usr/local/bin:/usr/bin:/bin:/usr/local/sbin:/usr/sbin:/sbin:/home/cpansand/bin/freebsd10.1:/home/cpansand/bin/sh:/home/cpansand/bin:/usr/games:/home/cpansand/devel:/home/eserte/src/srezic-misc/scripts
    PERL5LIB = /home/cpansand/.cpan/build/2016072100/Config-PL-0.02-XTjz6y/blib/arch:/home/cpansand/.cpan/build/2016072100/Config-PL-0.02-XTjz6y/blib/lib:/home/cpansand/.cpan/build/2016072100/Mojolicious-7.0-GOubly/blib/arch:/home/cpansand/.cpan/build/2016072100/Mojolicious-7.0-GOubly/blib/lib
    PERL5OPT = 
    PERL5_CPANPLUS_IS_RUNNING = 84275
    PERL5_CPAN_IS_RUNNING = 84275
    PERL5_CPAN_IS_RUNNING_IN_RECURSION = 99811,84275
    PERLDOC = -MPod::Perldoc::ToTextOverstrike
    PERL_BATCH = yes
    PERL_CANARY_STABILITY_NOPROMPT = 1
    PERL_CPAN_REPORTER_CONFIG = /var/tmp/cpansmoker-1023/2016072021/cpanreporter_001_config.ini
    PERL_EXTUTILS_AUTOINSTALL = --defaultdeps
    SHELL = /usr/local/bin/zsh
    TERM = screen
    TMPDIR = /var/tmp/cpansmoker-1023/2016072021

Perl special variables (and OS-specific diagnostics, for MSWin32):

    $^X = /usr/perl5.22.0p/bin/perl5.22.0
    $UID/$EUID = 1023 / 1023
    $GID = 1023 1023
    $EGID = 1023 1023

Perl module toolchain versions installed:

    Module              Have    
    ------------------- --------
    CPAN                2.11    
    CPAN::Meta          2.150005
    Cwd                 3.60    
    ExtUtils::CBuilder  0.280224
    ExtUtils::Command   7.18    
    ExtUtils::Install   2.04    
    ExtUtils::MakeMaker 7.18    
    ExtUtils::Manifest  1.70    
    ExtUtils::ParseXS   3.28    
    File::Spec          3.60    
    JSON                2.90    
    JSON::PP            2.27300 
    Module::Build       0.4214  
    Module::Signature   0.79    
    Parse::CPAN::Meta   1.4422  
    Test::Harness       3.35    
    Test::More          1.302045
    YAML                1.15    
    YAML::Syck          1.29    
    version             0.9917  


--

Summary of my perl5 (revision 5 version 22 subversion 0) configuration:
   
  Platform:
    osname=freebsd, osvers=10.1-release, archname=amd64-freebsd
    uname='freebsd cvrsnica-freebsd-101.herceg.de 10.1-release freebsd 10.1-release #0 r274401: tue nov 11 21:02:49 utc 2014 root@releng1.nyi.freebsd.org:usrobjusrsrcsysgeneric amd64 '
    config_args='-ds -e -Dprefix=/usr/perl5.22.0p -Dcf_email=srezic@cpan.org'
    hint=recommended, useposix=true, d_sigaction=define
    useithreads=undef, usemultiplicity=undef
    use64bitint=define, use64bitall=define, uselongdouble=undef
    usemymalloc=n, bincompat5005=undef
  Compiler:
    cc='cc', ccflags ='-DHAS_FPSETMASK -DHAS_FLOATINGPOINT_H -fno-strict-aliasing -pipe -fstack-protector -I/usr/local/include -D_FORTIFY_SOURCE=2',
    optimize='-O',
    cppflags='-DHAS_FPSETMASK -DHAS_FLOATINGPOINT_H -fno-strict-aliasing -pipe -fstack-protector -I/usr/local/include'
    ccversion='', gccversion='4.2.1 Compatible FreeBSD Clang 3.4.1 (tags/RELEASE_34/dot1-final 208032)', gccosandvers=''
    intsize=4, longsize=8, ptrsize=8, doublesize=8, byteorder=12345678, doublekind=3
    d_longlong=define, longlongsize=8, d_longdbl=define, longdblsize=16, longdblkind=3
    ivtype='long', ivsize=8, nvtype='double', nvsize=8, Off_t='off_t', lseeksize=8
    alignbytes=8, prototype=define
  Linker and Libraries:
    ld='cc', ldflags ='-pthread -Wl,-E  -fstack-protector -L/usr/local/lib'
    libpth=/usr/lib /usr/local/lib /usr/include/clang/3.4.1 /usr/lib
    libs=-lpthread -lgdbm -lm -lcrypt -lutil -lc
    perllibs=-lpthread -lm -lcrypt -lutil -lc
    libc=, so=so, useshrplib=false, libperl=libperl.a
    gnulibc_version=''
  Dynamic Linking:
    dlsrc=dl_dlopen.xs, dlext=so, d_dlsymun=undef, ccdlflags=' '
    cccdlflags='-DPIC -fPIC', lddlflags='-shared  -L/usr/local/lib -fstack-protector'


Characteristics of this binary (from libperl): 
  Compile-time options: HAS_TIMES PERLIO_LAYERS PERL_DONT_CREATE_GVSV
                        PERL_HASH_FUNC_ONE_AT_A_TIME_HARD PERL_MALLOC_WRAP
                        PERL_NEW_COPY_ON_WRITE PERL_PRESERVE_IVUV
                        USE_64_BIT_ALL USE_64_BIT_INT USE_LARGE_FILES
                        USE_LOCALE USE_LOCALE_COLLATE USE_LOCALE_CTYPE
                        USE_LOCALE_NUMERIC USE_LOCALE_TIME USE_PERLIO
                        USE_PERL_ATOF
  Built under freebsd
  Compiled at Jun  1 2015 20:19:01
  %ENV:
    PERL5LIB="/home/cpansand/.cpan/build/2016072100/Config-PL-0.02-XTjz6y/blib/arch:/home/cpansand/.cpan/build/2016072100/Config-PL-0.02-XTjz6y/blib/lib:/home/cpansand/.cpan/build/2016072100/Mojolicious-7.0-GOubly/blib/arch:/home/cpansand/.cpan/build/2016072100/Mojolicious-7.0-GOubly/blib/lib"
    PERL5OPT=""
    PERL5_CPANPLUS_IS_RUNNING="84275"
    PERL5_CPAN_IS_RUNNING="84275"
    PERL5_CPAN_IS_RUNNING_IN_RECURSION="99811,84275"
    PERLDOC="-MPod::Perldoc::ToTextOverstrike"
    PERL_BATCH="yes"
    PERL_CANARY_STABILITY_NOPROMPT="1"
    PERL_CPAN_REPORTER_CONFIG="/var/tmp/cpansmoker-1023/2016072021/cpanreporter_001_config.ini"
    PERL_EXTUTILS_AUTOINSTALL="--defaultdeps"
  @INC:
    /home/cpansand/.cpan/build/2016072100/Config-PL-0.02-XTjz6y/blib/arch
    /home/cpansand/.cpan/build/2016072100/Config-PL-0.02-XTjz6y/blib/lib
    /home/cpansand/.cpan/build/2016072100/Mojolicious-7.0-GOubly/blib/arch
    /home/cpansand/.cpan/build/2016072100/Mojolicious-7.0-GOubly/blib/lib
    /usr/perl5.22.0p/lib/site_perl/5.22.0/amd64-freebsd
    /usr/perl5.22.0p/lib/site_perl/5.22.0
    /usr/perl5.22.0p/lib/5.22.0/amd64-freebsd
    /usr/perl5.22.0p/lib/5.22.0
    .