Back
From: metabase:user:30977d10-2aae-11df-837a-5e0a49663a4f
Subject: FAIL Tree-Persist-1.00 v5.12.4 GNU/Linux
Date: 2011-07-11T23:44:58Z
This distribution has been tested as part of the CPAN Testers
project, supporting the Perl programming language. See
http://wiki.cpantesters.org/ for more information or email
questions to cpan-testers-discuss@perl.org
--
Dear Rob Kinyon,
This is a computer-generated report for Tree-Persist-1.00
on perl 5.12.4, created by CPAN-Reporter-1.1902.
Thank you for uploading your work to CPAN. However, there was a problem
testing your distribution.
If you think this report is invalid, please consult the CPAN Testers Wiki
for suggestions on how to avoid getting FAIL reports for missing library
or binary dependencies, unsupported operating systems, and so on:
http://wiki.cpantesters.org/wiki/CPANAuthorNotes
Sections of this report:
* Tester comments
* Program output
* Prerequisites
* Environment and other context
------------------------------
TESTER COMMENTS
------------------------------
Additional comments from tester:
this report is from an automated smoke testing program
and was not reviewed by a human for accuracy
------------------------------
PROGRAM OUTPUT
------------------------------
Output from './Build test':
t/000_interface.t ............ ok
t/001_load_from_file.t ....... ok
t/002_save_to_file.t ......... ok
t/003_associate_with_file.t .. ok
t/004_autocommit.t ........... ok
install_driver(mysql) failed: Can't locate DBD/mysql.pm in @INC (@INC contains: /home/trushel/cpan/build/5.12.4/Tree-Persist-1.00-wpDe7e/blib/lib /home/trushel/cpan/build/5.12.4/Tree-Persist-1.00-wpDe7e/blib/arch /home/trushel/perl/perl5124/lib/site_perl/5.12.4/x86_64-linux /home/trushel/perl/perl5124/lib/site_perl/5.12.4 /home/trushel/perl/perl5124/lib/5.12.4/x86_64-linux /home/trushel/perl/perl5124/lib/5.12.4 .) at (eval 81) line 3.
Perhaps the DBD::mysql perl module hasn't been fully installed,
or perhaps the capitalisation of 'mysql' isn't right.
Available drivers: CSV, DBM, ExampleP, Excel, File, Gofer, LDAP, Log, MVS_FTPSQL, Mock, Multiplex, Ovrimos, PO, PgLite, PgPP, Proxy, SQLite, Sponge, Sprite, TSM, Template, TemplateSS, Wire10, XBase, mysqlPP.
at t/005_load_from_db.t line 17
# 47 tests planned, but 1 ran.
# Looks like your test exited with 2 just after 1.
t/005_load_from_db.t .........
Dubious, test returned 2 (wstat 512, 0x200)
Failed 46/47 subtests
install_driver(mysql) failed: Can't locate DBD/mysql.pm in @INC (@INC contains: /home/trushel/cpan/build/5.12.4/Tree-Persist-1.00-wpDe7e/blib/lib /home/trushel/cpan/build/5.12.4/Tree-Persist-1.00-wpDe7e/blib/arch /home/trushel/perl/perl5124/lib/site_perl/5.12.4/x86_64-linux /home/trushel/perl/perl5124/lib/site_perl/5.12.4 /home/trushel/perl/perl5124/lib/5.12.4/x86_64-linux /home/trushel/perl/perl5124/lib/5.12.4 .) at (eval 83) line 3.
Perhaps the DBD::mysql perl module hasn't been fully installed,
or perhaps the capitalisation of 'mysql' isn't right.
Available drivers: CSV, DBM, ExampleP, Excel, File, Gofer, LDAP, Log, MVS_FTPSQL, Mock, Multiplex, Ovrimos, PO, PgLite, PgPP, Proxy, SQLite, Sponge, Sprite, TSM, Template, TemplateSS, Wire10, XBase, mysqlPP.
at t/006_save_to_db.t line 19
# 5 tests planned, but 2 ran.
# Looks like your test exited with 2 just after 2.
t/006_save_to_db.t ...........
Dubious, test returned 2 (wstat 512, 0x200)
Failed 3/5 subtests
install_driver(mysql) failed: Can't locate DBD/mysql.pm in @INC (@INC contains: /home/trushel/cpan/build/5.12.4/Tree-Persist-1.00-wpDe7e/blib/lib /home/trushel/cpan/build/5.12.4/Tree-Persist-1.00-wpDe7e/blib/arch /home/trushel/perl/perl5124/lib/site_perl/5.12.4/x86_64-linux /home/trushel/perl/perl5124/lib/site_perl/5.12.4 /home/trushel/perl/perl5124/lib/5.12.4/x86_64-linux /home/trushel/perl/perl5124/lib/5.12.4 .) at (eval 81) line 3.
Perhaps the DBD::mysql perl module hasn't been fully installed,
or perhaps the capitalisation of 'mysql' isn't right.
Available drivers: CSV, DBM, ExampleP, Excel, File, Gofer, LDAP, Log, MVS_FTPSQL, Mock, Multiplex, Ovrimos, PO, PgLite, PgPP, Proxy, SQLite, Sponge, Sprite, TSM, Template, TemplateSS, Wire10, XBase, mysqlPP.
at t/007_associate_with_db.t line 17
# 22 tests planned, but 1 ran.
# Looks like your test exited with 2 just after 1.
t/007_associate_with_db.t ....
Dubious, test returned 2 (wstat 512, 0x200)
Failed 21/22 subtests
t/998_pod.t .................. ok
t/999_pod_coverage.t ......... ok
Test Summary Report
-------------------
t/005_load_from_db.t (Wstat: 512 Tests: 1 Failed: 0)
Non-zero exit status: 2
Parse errors: Bad plan. You planned 47 tests but ran 1.
t/006_save_to_db.t (Wstat: 512 Tests: 2 Failed: 0)
Non-zero exit status: 2
Parse errors: Bad plan. You planned 5 tests but ran 2.
t/007_associate_with_db.t (Wstat: 512 Tests: 1 Failed: 0)
Non-zero exit status: 2
Parse errors: Bad plan. You planned 22 tests but ran 1.
Files=10, Tests=90, 8 wallclock secs ( 0.09 usr 0.01 sys + 1.21 cusr 0.24 csys = 1.55 CPU)
Result: FAIL
Failed 3/10 test programs. 0/90 subtests failed.
------------------------------
PREREQUISITES
------------------------------
Prerequisite modules loaded:
requires:
Module Need Have
-------------------- ------ --------
perl v5.6.0 5.012004
Scalar::Util 1.10 1.23
Tree 1.00 1.01
UNIVERSAL::require 0.10 0.13
build_requires:
Module Need Have
-------------------- ------ --------
File::Copy 0.01 2.18
File::Spec 0.01 3.33
Scalar::Util 1.10 1.23
Test::File 1.10 1.29
Test::File::Cleaner 0.02 0.03
Test::File::Contents 0.02 0.20
Test::More 0.47 2.00_07
------------------------------
ENVIRONMENT AND OTHER CONTEXT
------------------------------
Environment variables:
AUTOMATED_TESTING = 1
LANG = en_US.UTF-8
LANGUAGE = en
LC_COLLATE = C
LC_MONETARY = C
LC_NUMERIC = C
LC_TIME = C
PATH = /usr/local/sbin:/usr/local/bin:/usr/sbin:/usr/bin:/sbin:/bin
PERL5LIB =
PERL5OPT =
PERL5_CPANPLUS_IS_RUNNING = 20409
PERL5_CPAN_IS_RUNNING = 20409
PERL5_CPAN_IS_RUNNING_IN_RECURSION = 25091,20409
PERL_CR_SMOKER_CURRENT = Tree-Persist-1.00
PERL_EXTUTILS_AUTOINSTALL = --defaultdeps
PERL_MM_USE_DEFAULT = 1
SHELL = /bin/bash
TERM = xterm
Perl special variables (and OS-specific diagnostics, for MSWin32):
$^X = /home/trushel/perl/perl5124/bin/perl
$UID/$EUID = 138375 / 138375
$GID = 5762 4 20 21 24 25 26 30 44 46 104 105 119 122 431 5762
$EGID = 5762 4 20 21 24 25 26 30 44 46 104 105 119 122 431 5762
Perl module toolchain versions installed:
Module Have
------------------- -------
CPAN 1.9600
Cwd 3.33
ExtUtils::CBuilder 0.27
ExtUtils::Command 1.17
ExtUtils::Install 1.54
ExtUtils::MakeMaker 6.57_11
ExtUtils::Manifest 1.58
ExtUtils::ParseXS 2.2206
File::Spec 3.33
Module::Build 0.3800
Module::Signature 0.68
Test::Harness 3.23
Test::More 2.00_07
YAML 0.73
YAML::Syck 1.17
version 0.91
--
Summary of my perl5 (revision 5 version 12 subversion 4) configuration:
Platform:
osname=linux, osvers=2.6.32-32-generic, archname=x86_64-linux
uname='linux trushel-glaptop 2.6.32-32-generic #62-ubuntu smp wed apr 20 21:52:38 utc 2011 x86_64 gnulinux '
config_args=''
hint=recommended, useposix=true, d_sigaction=define
useithreads=undef, usemultiplicity=undef
useperlio=define, d_sfio=undef, uselargefiles=define, usesocks=undef
use64bitint=define, use64bitall=define, uselongdouble=undef
usemymalloc=n, bincompat5005=undef
Compiler:
cc='cc', ccflags ='-fno-strict-aliasing -pipe -fstack-protector -I/usr/local/include -D_LARGEFILE_SOURCE -D_FILE_OFFSET_BITS=64',
optimize='-O2',
cppflags='-fno-strict-aliasing -pipe -fstack-protector -I/usr/local/include'
ccversion='', gccversion='4.4.3', gccosandvers=''
intsize=4, longsize=8, ptrsize=8, doublesize=8, byteorder=12345678
d_longlong=define, longlongsize=8, d_longdbl=define, longdblsize=16
ivtype='long', ivsize=8, nvtype='double', nvsize=8, Off_t='off_t', lseeksize=8
alignbytes=8, prototype=define
Linker and Libraries:
ld='cc', ldflags =' -fstack-protector -L/usr/local/lib'
libpth=/usr/local/lib /lib/../lib /usr/lib/../lib /lib /usr/lib /usr/lib/x86_64-linux-gnu /lib64 /usr/lib64
libs=-lnsl -ldl -lm -lcrypt -lutil -lc
perllibs=-lnsl -ldl -lm -lcrypt -lutil -lc
libc=/lib/libc-2.11.1.so, so=so, useshrplib=false, libperl=libperl.a
gnulibc_version='2.11.1'
Dynamic Linking:
dlsrc=dl_dlopen.xs, dlext=so, d_dlsymun=undef, ccdlflags='-Wl,-E'
cccdlflags='-fPIC', lddlflags='-shared -O2 -L/usr/local/lib -fstack-protector'
Characteristics of this binary (from libperl):
Compile-time options: PERL_DONT_CREATE_GVSV PERL_MALLOC_WRAP USE_64_BIT_ALL
USE_64_BIT_INT USE_LARGE_FILES USE_PERLIO
USE_PERL_ATOF
Built under linux
Compiled at Jun 22 2011 19:00:13
%ENV:
PERL5LIB=""
PERL5OPT=""
PERL5_CPANPLUS_IS_RUNNING="20409"
PERL5_CPAN_IS_RUNNING="20409"
PERL5_CPAN_IS_RUNNING_IN_RECURSION="25091,20409"
PERL_CR_SMOKER_CURRENT="Tree-Persist-1.00"
PERL_EXTUTILS_AUTOINSTALL="--defaultdeps"
PERL_MM_USE_DEFAULT="1"
@INC:
/home/trushel/perl/perl5124/lib/site_perl/5.12.4/x86_64-linux
/home/trushel/perl/perl5124/lib/site_perl/5.12.4
/home/trushel/perl/perl5124/lib/5.12.4/x86_64-linux
/home/trushel/perl/perl5124/lib/5.12.4
.