Back
From: metabase:user:320bfe00-2aae-11df-837a-5e0a49663a4f
Subject: FAIL Imager-DTP-0.06 v5.24.0 GNU/Linux
Date: 2017-04-07T07:06:57Z
This distribution has been tested as part of the CPAN Testers
project, supporting the Perl programming language. See
http://wiki.cpantesters.org/ for more information or email
questions to cpan-testers-discuss@perl.org
--
Dear Toshimasa Ishibashi,
This is a computer-generated report for Imager-DTP-0.06
on perl 5.24.0, created by CPAN-Reporter-1.2018.
Thank you for uploading your work to CPAN. However, there was a problem
testing your distribution.
If you think this report is invalid, please consult the CPAN Testers Wiki
for suggestions on how to avoid getting FAIL reports for missing library
or binary dependencies, unsupported operating systems, and so on:
http://wiki.cpantesters.org/wiki/CPANAuthorNotes
Sections of this report:
* Tester comments
* Program output
* Prerequisites
* Environment and other context
------------------------------
TESTER COMMENTS
------------------------------
Additional comments from tester:
this report is from an automated smoke testing program
and was not reviewed by a human for accuracy
------------------------------
PROGRAM OUTPUT
------------------------------
Output from '/usr/bin/make test':
PERL_DL_NONLAZY=1 "/home/sand/src/perl/repoperls/installed-perls/host/k93msid/v5.24.0/276a/bin/perl" "-MExtUtils::Command::MM" "-MTest::Harness" "-e" "undef *Test::Harness::Switches; test_harness(0, 'blib/lib', 'blib/arch')" t/*.t
# Failed test 'use Imager::DTP::Textbox::Horizontal;'
# at t/00_load.t line 4.
# Tried to use 'Imager::DTP::Textbox::Horizontal'.
# Error: syntax error at /tmp/loop_over_bdir-4715-iBEJal/Imager-DTP-0.06-0/blib/lib/Imager/DTP/Letter.pm line 175, near "$v qw(width advanced_width left_bearing right_bearing end_offset)"
# Global symbol "$v" requires explicit package name (did you forget to declare "my $v"?) at /tmp/loop_over_bdir-4715-iBEJal/Imager-DTP-0.06-0/blib/lib/Imager/DTP/Letter.pm line 176.
# syntax error at /tmp/loop_over_bdir-4715-iBEJal/Imager-DTP-0.06-0/blib/lib/Imager/DTP/Letter.pm line 178, near "}"
# Global symbol "$y" requires explicit package name (did you forget to declare "my $y"?) at /tmp/loop_over_bdir-4715-iBEJal/Imager-DTP-0.06-0/blib/lib/Imager/DTP/Letter.pm line 179.
# syntax error at /tmp/loop_over_bdir-4715-iBEJal/Imager-DTP-0.06-0/blib/lib/Imager/DTP/Letter.pm line 188, near "}"
# syntax error at /tmp/loop_over_bdir-4715-iBEJal/Imager-DTP-0.06-0/blib/lib/Imager/DTP/Letter.pm line 191, near "}"
# syntax error at /tmp/loop_over_bdir-4715-iBEJal/Imager-DTP-0.06-0/blib/lib/Imager/DTP/Letter.pm line 202, near "}"
# syntax error at /tmp/loop_over_bdir-4715-iBEJal/Imager-DTP-0.06-0/blib/lib/Imager/DTP/Letter.pm line 207, near "}"
# syntax error at /tmp/loop_over_bdir-4715-iBEJal/Imager-DTP-0.06-0/blib/lib/Imager/DTP/Letter.pm line 212, near "}"
# syntax error at /tmp/loop_over_bdir-4715-iBEJal/Imager-DTP-0.06-0/blib/lib/Imager/DTP/Letter.pm line 217, near "}"
# /tmp/loop_over_bdir-4715-iBEJal/Imager-DTP-0.06-0/blib/lib/Imager/DTP/Letter.pm has too many errors.
# Compilation failed in require at /tmp/loop_over_bdir-4715-iBEJal/Imager-DTP-0.06-0/blib/lib/Imager/DTP/Line.pm line 5.
# BEGIN failed--compilation aborted at /tmp/loop_over_bdir-4715-iBEJal/Imager-DTP-0.06-0/blib/lib/Imager/DTP/Line.pm line 5.
# Compilation failed in require at /home/sand/src/perl/repoperls/installed-perls/host/k93msid/v5.24.0/276a/lib/5.24.0/base.pm line 100.
# ...propagated at /home/sand/src/perl/repoperls/installed-perls/host/k93msid/v5.24.0/276a/lib/5.24.0/base.pm line 109.
# BEGIN failed--compilation aborted at /tmp/loop_over_bdir-4715-iBEJal/Imager-DTP-0.06-0/blib/lib/Imager/DTP/Line/Horizontal.pm line 2.
# Compilation failed in require at /tmp/loop_over_bdir-4715-iBEJal/Imager-DTP-0.06-0/blib/lib/Imager/DTP/Textbox/Horizontal.pm line 3.
# BEGIN failed--compilation aborted at /tmp/loop_over_bdir-4715-iBEJal/Imager-DTP-0.06-0/blib/lib/Imager/DTP/Textbox/Horizontal.pm line 3.
# Compilation failed in require at t/00_load.t line 4.
# BEGIN failed--compilation aborted at t/00_load.t line 4.
# Failed test 'use Imager::DTP::Textbox::Vertical;'
# at t/00_load.t line 5.
# Tried to use 'Imager::DTP::Textbox::Vertical'.
# Error: Attempt to reload Imager/DTP/Line.pm aborted.
# Compilation failed in require at /home/sand/src/perl/repoperls/installed-perls/host/k93msid/v5.24.0/276a/lib/5.24.0/base.pm line 100.
# ...propagated at /home/sand/src/perl/repoperls/installed-perls/host/k93msid/v5.24.0/276a/lib/5.24.0/base.pm line 109.
# BEGIN failed--compilation aborted at /tmp/loop_over_bdir-4715-iBEJal/Imager-DTP-0.06-0/blib/lib/Imager/DTP/Line/Vertical.pm line 2.
# Compilation failed in require at /tmp/loop_over_bdir-4715-iBEJal/Imager-DTP-0.06-0/blib/lib/Imager/DTP/Textbox/Vertical.pm line 3.
# BEGIN failed--compilation aborted at /tmp/loop_over_bdir-4715-iBEJal/Imager-DTP-0.06-0/blib/lib/Imager/DTP/Textbox/Vertical.pm line 3.
# Compilation failed in require at t/00_load.t line 5.
# BEGIN failed--compilation aborted at t/00_load.t line 5.
# Failed test 'use Imager::DTP::Line::Horizontal;'
# at t/00_load.t line 6.
# Tried to use 'Imager::DTP::Line::Horizontal'.
# Error: Attempt to reload Imager/DTP/Line/Horizontal.pm aborted.
# Compilation failed in require at t/00_load.t line 6.
# BEGIN failed--compilation aborted at t/00_load.t line 6.
# Failed test 'use Imager::DTP::Line::Vertical;'
# at t/00_load.t line 7.
# Tried to use 'Imager::DTP::Line::Vertical'.
# Error: Attempt to reload Imager/DTP/Line/Vertical.pm aborted.
# Compilation failed in require at t/00_load.t line 7.
# BEGIN failed--compilation aborted at t/00_load.t line 7.
# Failed test 'use Imager::DTP::Letter;'
# at t/00_load.t line 8.
# Tried to use 'Imager::DTP::Letter'.
# Error: Attempt to reload Imager/DTP/Letter.pm aborted.
# Compilation failed in require at t/00_load.t line 8.
# BEGIN failed--compilation aborted at t/00_load.t line 8.
# Looks like you failed 5 tests of 6.
t/00_load.t ....
Dubious, test returned 5 (wstat 1280, 0x500)
Failed 5/6 subtests
syntax error at /tmp/loop_over_bdir-4715-iBEJal/Imager-DTP-0.06-0/blib/lib/Imager/DTP/Letter.pm line 175, near "$v qw(width advanced_width left_bearing right_bearing end_offset)"
Global symbol "$v" requires explicit package name (did you forget to declare "my $v"?) at /tmp/loop_over_bdir-4715-iBEJal/Imager-DTP-0.06-0/blib/lib/Imager/DTP/Letter.pm line 176.
syntax error at /tmp/loop_over_bdir-4715-iBEJal/Imager-DTP-0.06-0/blib/lib/Imager/DTP/Letter.pm line 178, near "}"
Global symbol "$y" requires explicit package name (did you forget to declare "my $y"?) at /tmp/loop_over_bdir-4715-iBEJal/Imager-DTP-0.06-0/blib/lib/Imager/DTP/Letter.pm line 179.
syntax error at /tmp/loop_over_bdir-4715-iBEJal/Imager-DTP-0.06-0/blib/lib/Imager/DTP/Letter.pm line 188, near "}"
syntax error at /tmp/loop_over_bdir-4715-iBEJal/Imager-DTP-0.06-0/blib/lib/Imager/DTP/Letter.pm line 191, near "}"
syntax error at /tmp/loop_over_bdir-4715-iBEJal/Imager-DTP-0.06-0/blib/lib/Imager/DTP/Letter.pm line 202, near "}"
syntax error at /tmp/loop_over_bdir-4715-iBEJal/Imager-DTP-0.06-0/blib/lib/Imager/DTP/Letter.pm line 207, near "}"
syntax error at /tmp/loop_over_bdir-4715-iBEJal/Imager-DTP-0.06-0/blib/lib/Imager/DTP/Letter.pm line 212, near "}"
syntax error at /tmp/loop_over_bdir-4715-iBEJal/Imager-DTP-0.06-0/blib/lib/Imager/DTP/Letter.pm line 217, near "}"
/tmp/loop_over_bdir-4715-iBEJal/Imager-DTP-0.06-0/blib/lib/Imager/DTP/Letter.pm has too many errors.
Compilation failed in require at /tmp/loop_over_bdir-4715-iBEJal/Imager-DTP-0.06-0/blib/lib/Imager/DTP/Line.pm line 5.
BEGIN failed--compilation aborted at /tmp/loop_over_bdir-4715-iBEJal/Imager-DTP-0.06-0/blib/lib/Imager/DTP/Line.pm line 5.
Compilation failed in require at /home/sand/src/perl/repoperls/installed-perls/host/k93msid/v5.24.0/276a/lib/5.24.0/base.pm line 100.
...propagated at /home/sand/src/perl/repoperls/installed-perls/host/k93msid/v5.24.0/276a/lib/5.24.0/base.pm line 109.
BEGIN failed--compilation aborted at /tmp/loop_over_bdir-4715-iBEJal/Imager-DTP-0.06-0/blib/lib/Imager/DTP/Line/Horizontal.pm line 2.
Compilation failed in require at /tmp/loop_over_bdir-4715-iBEJal/Imager-DTP-0.06-0/blib/lib/Imager/DTP/Textbox/Horizontal.pm line 3.
BEGIN failed--compilation aborted at /tmp/loop_over_bdir-4715-iBEJal/Imager-DTP-0.06-0/blib/lib/Imager/DTP/Textbox/Horizontal.pm line 3.
Compilation failed in require at t/01_sanity.t line 3.
BEGIN failed--compilation aborted at t/01_sanity.t line 3.
t/01_sanity.t .. skipped: (no reason given)
t/pod.t ........ ok
Test Summary Report
-------------------
t/00_load.t (Wstat: 1280 Tests: 6 Failed: 5)
Failed tests: 1-5
Non-zero exit status: 5
t/01_sanity.t (Wstat: 65280 Tests: 0 Failed: 0)
Non-zero exit status: 255
Files=3, Tests=14, 1 wallclock secs ( 0.03 usr 0.02 sys + 0.33 cusr 0.04 csys = 0.42 CPU)
Result: FAIL
Failed 2/3 test programs. 5/14 subtests failed.
Makefile:877: recipe for target 'test_dynamic' failed
make: *** [test_dynamic] Error 255
------------------------------
PREREQUISITES
------------------------------
Prerequisite modules loaded:
requires:
Module Need Have
------------------- ---- --------
Imager 0.39 1.005
Imager::Matrix2d 0 1.012
Test::More 0 1.302078
utf8 0 1.19
build_requires:
Module Need Have
------------------- ---- --------
ExtUtils::MakeMaker 0 7.24
------------------------------
ENVIRONMENT AND OTHER CONTEXT
------------------------------
Environment variables:
AUTOMATED_TESTING = 1
LANG = en_US.UTF-8
PATH = /home/sand/bin:/usr/local/bin:/usr/bin:/bin:/usr/games:/usr/local/perl/bin:/usr/X11/bin:/sbin:/usr/sbin
PERL5LIB =
PERL5OPT =
PERL5_CPANPLUS_IS_RUNNING = 4728
PERL5_CPAN_IS_RUNNING = 4728
PERL_CANARY_STABILITY_NOPROMPT = 1
PERL_MM_USE_DEFAULT = 1
PERL_USE_UNSAFE_INC = 1
SHELL = /usr/bin/zsh
TERM = screen
Perl special variables (and OS-specific diagnostics, for MSWin32):
$^X = /home/sand/src/perl/repoperls/installed-perls/host/k93msid/v5.24.0/276a/bin/perl
$UID/$EUID = 1005 / 1005
$GID = 1005 1005
$EGID = 1005 1005
Perl module toolchain versions installed:
Module Have
------------------- --------
CPAN 2.18
CPAN::Meta 2.150010
Cwd 3.62
ExtUtils::CBuilder 0.280225
ExtUtils::Command 7.24
ExtUtils::Install 2.04
ExtUtils::MakeMaker 7.24
ExtUtils::Manifest 1.70
ExtUtils::ParseXS 3.31
File::Spec 3.62
JSON 2.90
JSON::PP 2.27300
Module::Build 0.42_21
Module::Signature 0.81
Parse::CPAN::Meta 2.150010
Test::Harness 3.38
Test::More 1.302078
YAML 1.23
YAML::Syck 1.29
version 0.9916
--
Summary of my perl5 (revision 5 version 24 subversion 0) configuration:
Derived from: be2c0c650b028f54e427f2469a59942edfdff8a9
Platform:
osname=linux, osvers=4.9.0-2-amd64, archname=x86_64-linux-thread-multi
uname='linux k93msid 4.9.0-2-amd64 #1 smp debian 4.9.13-1 (2017-02-27) x86_64 gnulinux '
config_args='-Dprefix=/home/sand/src/perl/repoperls/installed-perls/host/k93msid/v5.24.0/276a -Dmyhostname=k93msid -Dinstallusrbinperl=n -Uversiononly -Dusedevel -des -Ui_db -Dlibswanted=cl pthread socket inet nsl gdbm dbm malloc dl ld sun m crypt sec util c cposix posix ucb BSD gdbm_compat -Duseithreads -Uuselongdouble -DDEBUGGING=both'
hint=recommended, useposix=true, d_sigaction=define
useithreads=define, usemultiplicity=define
use64bitint=define, use64bitall=define, uselongdouble=undef
usemymalloc=n, bincompat5005=undef
Compiler:
cc='cc', ccflags ='-D_REENTRANT -D_GNU_SOURCE -fwrapv -DDEBUGGING -fno-strict-aliasing -pipe -fstack-protector-strong -I/usr/local/include -D_LARGEFILE_SOURCE -D_FILE_OFFSET_BITS=64',
optimize='-O2 -g',
cppflags='-D_REENTRANT -D_GNU_SOURCE -fwrapv -DDEBUGGING -fno-strict-aliasing -pipe -fstack-protector-strong -I/usr/local/include'
ccversion='', gccversion='6.3.0 20170316', gccosandvers=''
intsize=4, longsize=8, ptrsize=8, doublesize=8, byteorder=12345678, doublekind=3
d_longlong=define, longlongsize=8, d_longdbl=define, longdblsize=16, longdblkind=3
ivtype='long', ivsize=8, nvtype='double', nvsize=8, Off_t='off_t', lseeksize=8
alignbytes=8, prototype=define
Linker and Libraries:
ld='cc', ldflags =' -fstack-protector-strong -L/usr/local/lib'
libpth=/usr/local/lib /usr/lib/gcc/x86_64-linux-gnu/6/include-fixed /usr/include/x86_64-linux-gnu /usr/lib /lib/x86_64-linux-gnu /lib/../lib /usr/lib/x86_64-linux-gnu /usr/lib/../lib /lib
libs=-lpthread -lnsl -ldl -lm -lcrypt -lutil -lc
perllibs=-lpthread -lnsl -ldl -lm -lcrypt -lutil -lc
libc=libc-2.24.so, so=so, useshrplib=false, libperl=libperl.a
gnulibc_version='2.24'
Dynamic Linking:
dlsrc=dl_dlopen.xs, dlext=so, d_dlsymun=undef, ccdlflags='-Wl,-E'
cccdlflags='-fPIC', lddlflags='-shared -O2 -g -L/usr/local/lib -fstack-protector-strong'
Characteristics of this binary (from libperl):
Compile-time options: DEBUGGING HAS_TIMES MULTIPLICITY PERLIO_LAYERS
PERL_COPY_ON_WRITE PERL_DONT_CREATE_GVSV
PERL_HASH_FUNC_ONE_AT_A_TIME_HARD
PERL_IMPLICIT_CONTEXT PERL_MALLOC_WRAP
PERL_PRESERVE_IVUV PERL_TRACK_MEMPOOL PERL_USE_DEVEL
USE_64_BIT_ALL USE_64_BIT_INT USE_ITHREADS
USE_LARGE_FILES USE_LOCALE USE_LOCALE_COLLATE
USE_LOCALE_CTYPE USE_LOCALE_NUMERIC USE_LOCALE_TIME
USE_PERLIO USE_PERL_ATOF USE_REENTRANT_API
Locally applied patches:
uncommitted-changes
Built under linux
Compiled at Mar 19 2017 07:21:47
%ENV:
PERL5LIB=""
PERL5OPT=""
PERL5_CPANPLUS_IS_RUNNING="4728"
PERL5_CPAN_IS_RUNNING="4728"
PERL_CANARY_STABILITY_NOPROMPT="1"
PERL_MM_USE_DEFAULT="1"
PERL_USE_UNSAFE_INC="1"
@INC:
/home/sand/src/perl/repoperls/installed-perls/host/k93msid/v5.24.0/276a/lib/site_perl/5.24.0/x86_64-linux-thread-multi
/home/sand/src/perl/repoperls/installed-perls/host/k93msid/v5.24.0/276a/lib/site_perl/5.24.0
/home/sand/src/perl/repoperls/installed-perls/host/k93msid/v5.24.0/276a/lib/5.24.0/x86_64-linux-thread-multi
/home/sand/src/perl/repoperls/installed-perls/host/k93msid/v5.24.0/276a/lib/5.24.0
.