HTML-Gumbo v0.18 Perl 5 v5.10.0 armv6l-linux-thread-multi

Status
Fail
From
Nigel Horne
Dist
HTML-Gumbo v0.18
Platform
Perl 5 v5.10.0 armv6l-linux-thread-multi
Date
2018-06-23 11:44:29
ID
ca058f7e-76da-11e8-8fb1-ef5133556b3f
This distribution has been tested as part of the CPAN Testers
project, supporting the Perl programming language.  See
http://wiki.cpantesters.org/ for more information or email
questions to cpan-testers-discuss@perl.org


--
Dear Ruslan U. Zakirov,

This is a computer-generated report for HTML-Gumbo-0.18
on perl 5.10.0, created by CPAN-Reporter-1.2018.

Thank you for uploading your work to CPAN.  However, there was a problem
testing your distribution.

If you think this report is invalid, please consult the CPAN Testers Wiki
for suggestions on how to avoid getting FAIL reports for missing library
or binary dependencies, unsupported operating systems, and so on:

http://wiki.cpantesters.org/wiki/CPANAuthorNotes

Sections of this report:

    * Tester comments
    * Program output
    * Prerequisites
    * Environment and other context

------------------------------
TESTER COMMENTS
------------------------------

Additional comments from tester:

this report is from an automated smoke testing program
and was not reviewed by a human for accuracy

------------------------------
PROGRAM OUTPUT
------------------------------

Output from './Build test':


#   Failed test 'use HTML::Gumbo;'
#   at t/callback.t line 5.
#     Tried to use 'HTML::Gumbo'.
#     Error:  Can't load '/mnt/nas/home/pi2/njh/.cpan/build/HTML-Gumbo-0.18-0/blib/arch/auto/HTML/Gumbo/Gumbo.so' for module HTML::Gumbo: /mnt/nas/home/pi2/njh/.cpan/build/HTML-Gumbo-0.18-0/blib/arch/auto/HTML/Gumbo/Gumbo.so: undefined symbol: mXPUSHs at /home/njh/perl5/perlbrew/perls/perl-5.10.0/lib/5.10.0/armv6l-linux-thread-multi/DynaLoader.pm line 203.
#  at t/callback.t line 5.
# Compilation failed in require at t/callback.t line 5.
# BEGIN failed--compilation aborted at t/callback.t line 5.
Can't locate object method "_parse_to_callback" via package "HTML::Gumbo" at /mnt/nas/home/pi2/njh/.cpan/build/HTML-Gumbo-0.18-0/blib/lib/HTML/Gumbo.pm line 299.
# Tests were run but no plan was declared and done_testing() was not seen.
# Looks like your test exited with 255 just after 1.
t/callback.t .. 
Dubious, test returned 255 (wstat 65280, 0xff00)
Failed 1/1 subtests 

#   Failed test 'use HTML::Gumbo;'
#   at t/string.t line 6.
#     Tried to use 'HTML::Gumbo'.
#     Error:  Can't load '/mnt/nas/home/pi2/njh/.cpan/build/HTML-Gumbo-0.18-0/blib/arch/auto/HTML/Gumbo/Gumbo.so' for module HTML::Gumbo: /mnt/nas/home/pi2/njh/.cpan/build/HTML-Gumbo-0.18-0/blib/arch/auto/HTML/Gumbo/Gumbo.so: undefined symbol: mXPUSHs at /home/njh/perl5/perlbrew/perls/perl-5.10.0/lib/5.10.0/armv6l-linux-thread-multi/DynaLoader.pm line 203.
#  at t/string.t line 6.
# Compilation failed in require at t/string.t line 6.
# BEGIN failed--compilation aborted at t/string.t line 6.
'string' format is not supported at /mnt/nas/home/pi2/njh/.cpan/build/HTML-Gumbo-0.18-0/blib/lib/HTML/Gumbo.pm line 264.
# Tests were run but no plan was declared and done_testing() was not seen.
# Looks like your test exited with 255 just after 1.
t/string.t .... 
Dubious, test returned 255 (wstat 65280, 0xff00)
Failed 1/1 subtests 

#   Failed test 'use HTML::Gumbo;'
#   at t/tree.t line 9.
#     Tried to use 'HTML::Gumbo'.
#     Error:  Can't load '/mnt/nas/home/pi2/njh/.cpan/build/HTML-Gumbo-0.18-0/blib/arch/auto/HTML/Gumbo/Gumbo.so' for module HTML::Gumbo: /mnt/nas/home/pi2/njh/.cpan/build/HTML-Gumbo-0.18-0/blib/arch/auto/HTML/Gumbo/Gumbo.so: undefined symbol: mXPUSHs at /home/njh/perl5/perlbrew/perls/perl-5.10.0/lib/5.10.0/armv6l-linux-thread-multi/DynaLoader.pm line 203.
#  at t/tree.t line 9.
# Compilation failed in require at t/tree.t line 9.
# BEGIN failed--compilation aborted at t/tree.t line 9.
'tree' format is not supported at /mnt/nas/home/pi2/njh/.cpan/build/HTML-Gumbo-0.18-0/blib/lib/HTML/Gumbo.pm line 264.
# Tests were run but no plan was declared and done_testing() was not seen.
# Looks like your test exited with 9 just after 1.
t/tree.t ...... 
Dubious, test returned 9 (wstat 2304, 0x900)
Failed 1/1 subtests 

Test Summary Report
-------------------
t/callback.t (Wstat: 65280 Tests: 1 Failed: 1)
  Failed test:  1
  Non-zero exit status: 255
  Parse errors: No plan found in TAP output
t/string.t  (Wstat: 65280 Tests: 1 Failed: 1)
  Failed test:  1
  Non-zero exit status: 255
  Parse errors: No plan found in TAP output
t/tree.t    (Wstat: 2304 Tests: 1 Failed: 1)
  Failed test:  1
  Non-zero exit status: 9
  Parse errors: No plan found in TAP output
Files=3, Tests=3,  2 wallclock secs ( 0.17 usr  0.06 sys +  2.58 cusr  1.36 csys =  4.17 CPU)
Result: FAIL
Failed 3/3 test programs. 3/3 subtests failed.

------------------------------
PREREQUISITES
------------------------------

Prerequisite modules loaded:

requires:

    Module             Need Have    
    ------------------ ---- --------
    Alien::LibGumbo    0.03 0.05    
    XSLoader           0    0.16    

build_requires:

    Module             Need Have    
    ------------------ ---- --------
    ExtUtils::CBuilder 0    0.280226

configure_requires:

    Module             Need Have    
    ------------------ ---- --------
    Alien::LibGumbo    0    0.05    
    Module::Build      0.42 0.4224  


------------------------------
ENVIRONMENT AND OTHER CONTEXT
------------------------------

Environment variables:

    AUTOMATED_TESTING = 1
    HARNESS_OPTIONS = j4
    LANG = en_GB.UTF-8
    PATH = /home/njh/perl5/perlbrew/bin:/home/njh/perl5/perlbrew/perls/perl-5.10.0/bin:/home/njh/src/njh/smoker/bin:/usr/bin:/bin
    PERL5LIB = /home/njh/.cpan/build/Alien-LibGumbo-0.05-0/blib/arch:/home/njh/.cpan/build/Alien-LibGumbo-0.05-0/blib/lib:/home/njh/.cpan/build/Alien-Base-ModuleBuild-1.04-0/blib/arch:/home/njh/.cpan/build/Alien-Base-ModuleBuild-1.04-0/blib/lib:/home/njh/.cpan/build/Shell-Config-Generate-0.31-0/blib/arch:/home/njh/.cpan/build/Shell-Config-Generate-0.31-0/blib/lib:/home/njh/.cpan/build/Shell-Guess-0.08-0/blib/arch:/home/njh/.cpan/build/Shell-Guess-0.08-0/blib/lib:/home/njh/.cpan/build/HTTP-Tiny-0.070-0/blib/arch:/home/njh/.cpan/build/HTTP-Tiny-0.070-0/blib/lib:/home/njh/.cpan/build/Alien-Build-1.43-0/blib/arch:/home/njh/.cpan/build/Alien-Build-1.43-0/blib/lib:/home/njh/.cpan/build/Path-Tiny-0.104-0/blib/arch:/home/njh/.cpan/build/Path-Tiny-0.104-0/blib/lib:/home/njh/.cpan/build/File-Which-1.22-0/blib/arch:/home/njh/.cpan/build/File-Which-1.22-0/blib/lib:/home/njh/.cpan/build/FFI-CheckLib-0.20-0/blib/arch:/home/njh/.cpan/build/FFI-CheckLib-0.20-0/blib/lib:/home/njh/.cpan/build/ExtUtils-ParseXS-3.35-0/blib/arch:/home/njh/.cpan/build/ExtUtils-ParseXS-3.35-0/blib/lib:/home/njh/.cpan/build/Test-Warn-0.36-0/blib/arch:/home/njh/.cpan/build/Test-Warn-0.36-0/blib/lib
    PERL5OPT = 
    PERL5_CPANPLUS_IS_RUNNING = 23021
    PERL5_CPAN_IS_RUNNING = 23021
    PERLBREW_BASHRC_VERSION = 0.80
    PERLBREW_HOME = /home/njh/.perlbrew
    PERLBREW_MANPATH = /home/njh/perl5/perlbrew/perls/perl-5.10.0/man
    PERLBREW_PATH = /home/njh/perl5/perlbrew/bin:/home/njh/perl5/perlbrew/perls/perl-5.10.0/bin
    PERLBREW_PERL = perl-5.10.0
    PERLBREW_ROOT = /home/njh/perl5/perlbrew
    PERLBREW_VERSION = 0.80
    SHELL = /bin/sh
    TEMP = /tmp/user/1000
    TMPDIR = /tmp/user/1000/testwrapper.23009

Perl special variables (and OS-specific diagnostics, for MSWin32):

    $^X = /mnt/nas/home/pi2/njh/perl5/perlbrew/perls/perl-5.10.0/bin/perl
    $UID/$EUID = 1000 / 1000
    $GID = 1000 4 20 24 25 27 29 30 44 46 60 100 101 108 997 998 999 1000
    $EGID = 1000 4 20 24 25 27 29 30 44 46 60 100 101 108 997 998 999 1000

Perl module toolchain versions installed:

    Module              Have    
    ------------------- --------
    CPAN                2.16    
    CPAN::Meta          2.150005
    Cwd                 3.62    
    ExtUtils::CBuilder  0.280226
    ExtUtils::Command   7.30    
    ExtUtils::Install   2.06    
    ExtUtils::MakeMaker 7.30    
    ExtUtils::Manifest  1.70    
    ExtUtils::ParseXS   3.35    
    File::Spec          3.62    
    JSON                2.90    
    JSON::PP            2.27400 
    Module::Build       0.4224  
    Module::Signature   0.73    
    Parse::CPAN::Meta   1.4422  
    Test::Harness       3.39    
    Test::More          1.302136
    YAML                1.24    
    YAML::Syck          1.30    
    version             0.9908  


--

Summary of my perl5 (revision 5 version 10 subversion 0) configuration:
  Platform:
    osname=linux, osvers=3.2.27+, archname=armv6l-linux-thread-multi
    uname='linux pi 3.2.27+ #250 preempt thu oct 18 19:03:02 bst 2012 armv6l gnulinux '
    config_args='-de -Dprefix=/home/njh/perl5/perlbrew/perls/perl-5.10.0 -Duseithreads -Dusemultiplicity -Accflags=-Os -W -Wformat=2 -Wswitch -Wshadow -Wwrite-strings -Wuninitialized -Wall -pipe -fomit-frame-pointer -pedantic -D_FORTIFY_SOURCE=2 -Wpointer-arith -Wstrict-prototypes -fstack-protector -Wstack-protector -Wextra -Wbad-function-cast -Wcast-align -Wcast-qual -Wdisabled-optimization -Wendif-labels -Wfloat-equal -Wformat-nonliteral -Winline -Wmissing-declarations -Wmissing-prototypes -Wnested-externs -Wpointer-arith -Wundef -Wformat-security -Aeval:scriptdir=/home/njh/perl5/perlbrew/perls/perl-5.10.0/bin'
    hint=recommended, useposix=true, d_sigaction=define
    useithreads=define, usemultiplicity=define
    useperlio=define, d_sfio=undef, uselargefiles=define, usesocks=undef
    use64bitint=undef, use64bitall=undef, uselongdouble=undef
    usemymalloc=n, bincompat5005=undef
  Compiler:
    cc='cc', ccflags ='-D_REENTRANT -D_GNU_SOURCE -Os -W -Wformat=2 -Wswitch -Wshadow -Wwrite-strings -Wuninitialized -Wall -pipe -fomit-frame-pointer -pedantic -D_FORTIFY_SOURCE=2 -Wpointer-arith -Wstrict-prototypes -fstack-protector -Wstack-protector -Wextra -Wbad-function-cast -Wcast-align -Wcast-qual -Wdisabled-optimization -Wendif-labels -Wfloat-equal -Wformat-nonliteral -Winline -Wmissing-declarations -Wmissing-prototypes -Wnested-externs -Wpointer-arith -Wundef -Wformat-security -fno-strict-aliasing -I/usr/local/include -D_LARGEFILE_SOURCE -D_FILE_OFFSET_BITS=64',
    optimize='-O2',
    cppflags='-D_REENTRANT -D_GNU_SOURCE -Os -W -Wformat=2 -Wswitch -Wshadow -Wwrite-strings -Wuninitialized -Wall -pipe -fomit-frame-pointer -pedantic -D_FORTIFY_SOURCE=2 -Wpointer-arith -Wstrict-prototypes -fstack-protector -Wstack-protector -Wextra -Wbad-function-cast -Wcast-align -Wcast-qual -Wdisabled-optimization -Wendif-labels -Wfloat-equal -Wformat-nonliteral -Winline -Wmissing-declarations -Wmissing-prototypes -Wnested-externs -Wpointer-arith -Wundef -Wformat-security -fno-strict-aliasing -I/usr/local/include'
    ccversion='', gccversion='4.6.3', gccosandvers=''
    intsize=4, longsize=4, ptrsize=4, doublesize=8, byteorder=1234
    d_longlong=define, longlongsize=8, d_longdbl=define, longdblsize=8
    ivtype='long', ivsize=4, nvtype='double', nvsize=8, Off_t='off_t', lseeksize=8
    alignbytes=8, prototype=define
  Linker and Libraries:
    ld='cc', ldflags =' -L/usr/local/lib'
    libpth=/usr/local/lib /lib/arm-linux-gnueabihf /lib /usr/lib/arm-linux-gnueabihf /usr/lib
    libs=-lnsl -lgdbm -ldb -ldl -lm -lcrypt -lutil -lpthread -lc -lgdbm_compat
    perllibs=-lnsl -ldl -lm -lcrypt -lutil -lpthread -lc -lgdbm_compat
    libc=, so=so, useshrplib=false, libperl=libperl.a
    gnulibc_version='2.13'
  Dynamic Linking:
    dlsrc=dl_dlopen.xs, dlext=so, d_dlsymun=undef, ccdlflags='-Wl,-E'
    cccdlflags='-fPIC', lddlflags='-shared -O2 -L/usr/local/lib'


Characteristics of this binary (from libperl): 
  Compile-time options: MULTIPLICITY PERL_DONT_CREATE_GVSV
                        PERL_IMPLICIT_CONTEXT PERL_MALLOC_WRAP USE_ITHREADS
                        USE_LARGE_FILES USE_PERLIO USE_REENTRANT_API
  Built under linux
  Compiled at Feb 11 2013 07:33:34
  %ENV:
    PERL5LIB="/home/njh/.cpan/build/Alien-LibGumbo-0.05-0/blib/arch:/home/njh/.cpan/build/Alien-LibGumbo-0.05-0/blib/lib:/home/njh/.cpan/build/Alien-Base-ModuleBuild-1.04-0/blib/arch:/home/njh/.cpan/build/Alien-Base-ModuleBuild-1.04-0/blib/lib:/home/njh/.cpan/build/Shell-Config-Generate-0.31-0/blib/arch:/home/njh/.cpan/build/Shell-Config-Generate-0.31-0/blib/lib:/home/njh/.cpan/build/Shell-Guess-0.08-0/blib/arch:/home/njh/.cpan/build/Shell-Guess-0.08-0/blib/lib:/home/njh/.cpan/build/HTTP-Tiny-0.070-0/blib/arch:/home/njh/.cpan/build/HTTP-Tiny-0.070-0/blib/lib:/home/njh/.cpan/build/Alien-Build-1.43-0/blib/arch:/home/njh/.cpan/build/Alien-Build-1.43-0/blib/lib:/home/njh/.cpan/build/Path-Tiny-0.104-0/blib/arch:/home/njh/.cpan/build/Path-Tiny-0.104-0/blib/lib:/home/njh/.cpan/build/File-Which-1.22-0/blib/arch:/home/njh/.cpan/build/File-Which-1.22-0/blib/lib:/home/njh/.cpan/build/FFI-CheckLib-0.20-0/blib/arch:/home/njh/.cpan/build/FFI-CheckLib-0.20-0/blib/lib:/home/njh/.cpan/build/ExtUtils-ParseXS-3.35-0/blib/arch:/home/njh/.cpan/build/ExtUtils-ParseXS-3.35-0/blib/lib:/home/njh/.cpan/build/Test-Warn-0.36-0/blib/arch:/home/njh/.cpan/build/Test-Warn-0.36-0/blib/lib"
    PERL5OPT=""
    PERL5_CPANPLUS_IS_RUNNING="23021"
    PERL5_CPAN_IS_RUNNING="23021"
    PERLBREW_BASHRC_VERSION="0.80"
    PERLBREW_HOME="/home/njh/.perlbrew"
    PERLBREW_MANPATH="/home/njh/perl5/perlbrew/perls/perl-5.10.0/man"
    PERLBREW_PATH="/home/njh/perl5/perlbrew/bin:/home/njh/perl5/perlbrew/perls/perl-5.10.0/bin"
    PERLBREW_PERL="perl-5.10.0"
    PERLBREW_ROOT="/home/njh/perl5/perlbrew"
    PERLBREW_VERSION="0.80"
  @INC:
    /home/njh/.cpan/build/Alien-LibGumbo-0.05-0/blib/arch
    /home/njh/.cpan/build/Alien-LibGumbo-0.05-0/blib/lib
    /home/njh/.cpan/build/Alien-Base-ModuleBuild-1.04-0/blib/arch
    /home/njh/.cpan/build/Alien-Base-ModuleBuild-1.04-0/blib/lib
    /home/njh/.cpan/build/Shell-Config-Generate-0.31-0/blib/arch
    /home/njh/.cpan/build/Shell-Config-Generate-0.31-0/blib/lib
    /home/njh/.cpan/build/Shell-Guess-0.08-0/blib/arch
    /home/njh/.cpan/build/Shell-Guess-0.08-0/blib/lib
    /home/njh/.cpan/build/HTTP-Tiny-0.070-0/blib/arch
    /home/njh/.cpan/build/HTTP-Tiny-0.070-0/blib/lib
    /home/njh/.cpan/build/Alien-Build-1.43-0/blib/arch
    /home/njh/.cpan/build/Alien-Build-1.43-0/blib/lib
    /home/njh/.cpan/build/Path-Tiny-0.104-0/blib/arch
    /home/njh/.cpan/build/Path-Tiny-0.104-0/blib/lib
    /home/njh/.cpan/build/File-Which-1.22-0/blib/arch
    /home/njh/.cpan/build/File-Which-1.22-0/blib/lib
    /home/njh/.cpan/build/FFI-CheckLib-0.20-0/blib/arch
    /home/njh/.cpan/build/FFI-CheckLib-0.20-0/blib/lib
    /home/njh/.cpan/build/ExtUtils-ParseXS-3.35-0/blib/arch
    /home/njh/.cpan/build/ExtUtils-ParseXS-3.35-0/blib/lib
    /home/njh/.cpan/build/Test-Warn-0.36-0/blib/arch
    /home/njh/.cpan/build/Test-Warn-0.36-0/blib/lib
    /home/njh/perl5/perlbrew/perls/perl-5.10.0/lib/5.10.0/armv6l-linux-thread-multi
    /home/njh/perl5/perlbrew/perls/perl-5.10.0/lib/5.10.0
    /home/njh/perl5/perlbrew/perls/perl-5.10.0/lib/site_perl/5.10.0/armv6l-linux-thread-multi
    /home/njh/perl5/perlbrew/perls/perl-5.10.0/lib/site_perl/5.10.0
    .