Back
From: metabase:user:30977d10-2aae-11df-837a-5e0a49663a4f
Subject: FAIL CGI-Application-Plugin-Authentication-0.19 v5.12.2
Date: 2010-11-26T11:03:25Z
This distribution has been tested as part of the CPAN Testers
project, supporting the Perl programming language. See
http://wiki.cpantesters.org/ for more information or email
questions to cpan-testers-discuss@perl.org
--
Dear Nicholas Bamber,
This is a computer-generated report for CGI-Application-Plugin-Authentication-0.19
on perl 5.12.2, created by CPAN-Reporter-1.1802.
Thank you for uploading your work to CPAN. However, there was a problem
testing your distribution.
If you think this report is invalid, please consult the CPAN Testers Wiki
for suggestions on how to avoid getting FAIL reports for missing library
or binary dependencies, unsupported operating systems, and so on:
http://wiki.cpantesters.org/wiki/CPANAuthorNotes
Sections of this report:
* Tester comments
* Program output
* Prerequisites
* Environment and other context
------------------------------
TESTER COMMENTS
------------------------------
Additional comments from tester:
this report is from an automated smoke testing program
and was not reviewed by a human for accuracy
------------------------------
PROGRAM OUTPUT
------------------------------
Output from 'C:\home\stro\perl\perl5122\bin\perl.exe ./Build test':
t\01_basic.t ........................ ok
t\02_config.t ....................... ok
t\03_authenticate.t ................. ok
t\03_destination.t .................. skipped: Not running these tests on windows yet
t\03_login_box.t .................... skipped: Not running these tests on windows yet
# Tests were run but no plan was declared and done_testing() was not seen.
t\03_login_box_basic.t .............. skipped: Not running these tests on windows yet
t\03_login_box_other.t .............. skipped: Not running these tests on windows yet
# Tests were run but no plan was declared and done_testing() was not seen.
t\03_missing_color.t ................ skipped: Not running these tests on windows yet
t\04_attributes.t ................... ok
t\05_autorunmode.t .................. skipped: CGI::Application::Plugin::AutoRunmode required for this test
# The following tests have some small time delays
t\06_timeout.t ...................... ok
t\07_protected_runmodes.t ........... ok
Use of uninitialized value within @_ in lc at C:\home\stro\cpan\build\5.12.2\CGI-Application-Plugin-Authentication-0.19-WER_Nw\blib\lib/CGI/Application/Plugin/Authentication/Driver/Filter/crypt.pm line 17.
Use of uninitialized value within @_ in lc at C:\home\stro\cpan\build\5.12.2\CGI-Application-Plugin-Authentication-0.19-WER_Nw\blib\lib/CGI/Application/Plugin/Authentication/Driver/Filter/crypt.pm line 17.
Use of uninitialized value within @_ in lc at C:\home\stro\cpan\build\5.12.2\CGI-Application-Plugin-Authentication-0.19-WER_Nw\blib\lib/CGI/Application/Plugin/Authentication/Driver/Filter/crypt.pm line 17.
t\40_encoder_crypt.t ................ ok
t\40_encoder_lc.t ................... ok
Use of uninitialized value within @_ in lc at C:\home\stro\cpan\build\5.12.2\CGI-Application-Plugin-Authentication-0.19-WER_Nw\blib\lib/CGI/Application/Plugin/Authentication/Driver/Filter/md5.pm line 27.
Use of uninitialized value within @_ in lc at C:\home\stro\cpan\build\5.12.2\CGI-Application-Plugin-Authentication-0.19-WER_Nw\blib\lib/CGI/Application/Plugin/Authentication/Driver/Filter/md5.pm line 27.
Use of uninitialized value within @_ in lc at C:\home\stro\cpan\build\5.12.2\CGI-Application-Plugin-Authentication-0.19-WER_Nw\blib\lib/CGI/Application/Plugin/Authentication/Driver/Filter/md5.pm line 27.
t\40_encoder_md5.t .................. ok
Use of uninitialized value within @_ in lc at C:\home\stro\cpan\build\5.12.2\CGI-Application-Plugin-Authentication-0.19-WER_Nw\blib\lib/CGI/Application/Plugin/Authentication/Driver/Filter/sha1.pm line 27.
Use of uninitialized value within @_ in lc at C:\home\stro\cpan\build\5.12.2\CGI-Application-Plugin-Authentication-0.19-WER_Nw\blib\lib/CGI/Application/Plugin/Authentication/Driver/Filter/sha1.pm line 27.
Use of uninitialized value within @_ in lc at C:\home\stro\cpan\build\5.12.2\CGI-Application-Plugin-Authentication-0.19-WER_Nw\blib\lib/CGI/Application/Plugin/Authentication/Driver/Filter/sha1.pm line 27.
t\40_encoder_sha1.t ................. ok
t\40_encoder_strip.t ................ ok
t\40_encoder_uc.t ................... ok
t\50_driver_missing_modules.t ....... skipped: Not running these tests on windows yet
t\50_driver_undefined.t ............. skipped: Not running these tests on windows yet
t\51_driver_dummy.t ................. ok
t\52_driver_generic.t ............... ok
Use of uninitialized value within @_ in lc at C:\home\stro\cpan\build\5.12.2\CGI-Application-Plugin-Authentication-0.19-WER_Nw\blib\lib/CGI/Application/Plugin/Authentication/Driver/Filter/crypt.pm line 17.
Use of uninitialized value within @_ in lc at C:\home\stro\cpan\build\5.12.2\CGI-Application-Plugin-Authentication-0.19-WER_Nw\blib\lib/CGI/Application/Plugin/Authentication/Driver/Filter/crypt.pm line 17.
Use of uninitialized value within @_ in lc at C:\home\stro\cpan\build\5.12.2\CGI-Application-Plugin-Authentication-0.19-WER_Nw\blib\lib/CGI/Application/Plugin/Authentication/Driver/Filter/md5.pm line 27.
Use of uninitialized value within @_ in lc at C:\home\stro\cpan\build\5.12.2\CGI-Application-Plugin-Authentication-0.19-WER_Nw\blib\lib/CGI/Application/Plugin/Authentication/Driver/Filter/crypt.pm line 17.
Use of uninitialized value within @_ in lc at C:\home\stro\cpan\build\5.12.2\CGI-Application-Plugin-Authentication-0.19-WER_Nw\blib\lib/CGI/Application/Plugin/Authentication/Driver/Filter/md5.pm line 27.
Use of uninitialized value within @_ in lc at C:\home\stro\cpan\build\5.12.2\CGI-Application-Plugin-Authentication-0.19-WER_Nw\blib\lib/CGI/Application/Plugin/Authentication/Driver/Filter/md5.pm line 27.
Use of uninitialized value within @_ in lc at C:\home\stro\cpan\build\5.12.2\CGI-Application-Plugin-Authentication-0.19-WER_Nw\blib\lib/CGI/Application/Plugin/Authentication/Driver/Filter/crypt.pm line 17.
Use of uninitialized value within @_ in lc at C:\home\stro\cpan\build\5.12.2\CGI-Application-Plugin-Authentication-0.19-WER_Nw\blib\lib/CGI/Application/Plugin/Authentication/Driver/Filter/crypt.pm line 17.
t\53_driver_dbi.t ................... ok
t\53_driver_dbi_bad.t ............... ok
t\53_driver_dbi_die.t ............... ok
t\53_driver_dbi_syntax.t ............ ok
t\54_driver_htpasswd.t .............. skipped: Apache::Htpasswd >= 1.8 required for this test
t\55_driver_authensimple.t .......... ok
t\55_driver_authensimple_die.t ...... ok
t\55_driver_missing_authensimple.t .. ok
t\60_parsimony.t .................... ok
t\60_store.t ........................ ok
t\60_store_cookie.t ................. ok
t\60_store_session.t ................ ok
t\70_action_dispatch.t .............. skipped: CGI::Application::Plugin::ActionDispatch required
t\80_devpopup.t ..................... skipped: Not running these tests on windows yet
t\98_pod.t .......................... skipped: Author test. Set $ENV{TEST_AUTHOR} to a true value to run.
t\99_pod_coverage.t ................. skipped: Author test. Set $ENV{TEST_AUTHOR} to a true value to run.
t\changes.t ......................... skipped: Author test. Set $ENV{TEST_AUTHOR} to a true value to run.
t\manifest.t ........................ skipped: Author test. Set $ENV{TEST_AUTHOR} to a true value to run.
t\podspell.t ........................ skipped: Author test. Set $ENV{TEST_AUTHOR} to a true value to run.
t\prereq.t .......................... skipped: Author test. Set $ENV{TEST_PREREQ} to a true value to run.
Test Summary Report
-------------------
t\03_login_box_basic.t (Wstat: 0 Tests: 1 Failed: 1)
Failed test: 1
Parse errors: Bad plan. You planned 0 tests but ran 1.
t\03_missing_color.t (Wstat: 0 Tests: 1 Failed: 1)
Failed test: 1
Parse errors: Bad plan. You planned 0 tests but ran 1.
Files=42, Tests=395, 45 wallclock secs ( 0.28 usr + 0.12 sys = 0.41 CPU)
Result: FAIL
Failed 2/42 test programs. 2/395 subtests failed.
------------------------------
PREREQUISITES
------------------------------
Prerequisite modules loaded:
requires:
Module Need Have
--------------------- ----- --------
Attribute::Handlers 0 0.87
CGI 3.16 3.50
CGI::Application 4 4.31
Class::ISA 0 0.36
Digest::SHA1 0 2.13
MIME::Base64 0 3.10
perl 5.006 5.012002
Scalar::Util 0 1.23
UNIVERSAL::require 0 0.13
build_requires:
Module Need Have
--------------------- ----- --------
Test::Exception 0 0.31
Test::MockObject 0 1.09
Test::More 0.93 0.96
Test::NoWarnings 0 1.02
Test::Regression 0 0.06
Test::Taint 0 1.04
Test::Warn 0.11 0.22
Test::Without::Module 0 0.17
configure_requires:
Module Need Have
--------------------- ----- --------
Module::Build 0.36 0.3607
------------------------------
ENVIRONMENT AND OTHER CONTEXT
------------------------------
Environment variables:
ACTIVEPERL_CONFIG_SILENT = 1
AUTOMATED_TESTING = 1
COMSPEC = C:\WINDOWS\system32\cmd.exe
NUMBER_OF_PROCESSORS = 2
PATH = C:\bin\dev\python\;C:\bin\dev\svn;C:\Program Files\Common Files\Microsoft Shared\Windows Live;C:\bin\dev\perl\site\bin;C:\bin\dev\perl\bin;C:\WINDOWS\system32;C:\WINDOWS;C:\WINDOWS\System32\Wbem;C:\WINDOWS\system32\WindowsPowerShell\v1.0;C:\bin\arc;C:\bin\dev\TortoiseSVN\bin;C:\bin\dev\Mercurial;C:\bin\dev\TortoiseHg;c:\bin\sys\gnuwin32\bin;C:\bin\dev\oracle\instantclient_11_1;C:\Program Files\Common Files\Microsoft Shared\Windows Live
PERL5LIB =
PERL5OPT =
PERL5_CPANPLUS_IS_RUNNING = 3964
PERL5_CPAN_IS_RUNNING = 3964
PERL5_CPAN_IS_RUNNING_IN_RECURSION = 4116,3964
PERL_CR_SMOKER_CURRENT = CGI-Application-Plugin-Authentication-0.19
PERL_EXTUTILS_AUTOINSTALL = --defaultdeps
PERL_MM_USE_DEFAULT = 1
PROCESSOR_IDENTIFIER = x86 Family 6 Model 15 Stepping 11, GenuineIntel
TEMP = C:\WINDOWS\Temp
Perl special variables (and OS-specific diagnostics, for MSWin32):
$^X = C:\home\stro\perl\perl5122\bin\perl.exe
$UID/$EUID = 0 / 0
$GID = 0
$EGID = 0
Win32::GetOSName = WinXP/.Net
Win32::GetOSVersion = Service Pack 3, 5, 1, 2600, 2, 3, 0, 256, 1
Win32::FsType = NTFS
Win32::IsAdminUser = 1
Perl module toolchain versions installed:
Module Have
------------------- ------
CPAN 1.9402
Cwd 3.33
ExtUtils::CBuilder 0.2703
ExtUtils::Command 1.16
ExtUtils::Install 1.55
ExtUtils::MakeMaker 6.56
ExtUtils::Manifest 1.57
ExtUtils::ParseXS 2.2206
File::Spec 3.33
Module::Build 0.3607
Module::Signature 0.66
Test::Harness 3.22
Test::More 0.96
YAML 0.72
YAML::Syck 1.15
version 0.85
--
Summary of my perl5 (revision 5 version 12 subversion 2) configuration:
Platform:
osname=MSWin32, osvers=5.1, archname=MSWin32-x86-multi-thread
uname=''
config_args='undef'
hint=recommended, useposix=true, d_sigaction=undef
useithreads=define, usemultiplicity=define
useperlio=define, d_sfio=undef, uselargefiles=define, usesocks=undef
use64bitint=undef, use64bitall=undef, uselongdouble=undef
usemymalloc=n, bincompat5005=undef
Compiler:
cc='gcc', ccflags =' -s -O2 -DWIN32 -DHAVE_DES_FCRYPT -DPERL_IMPLICIT_CONTEXT -DPERL_IMPLICIT_SYS -fno-strict-aliasing -mms-bitfields -DPERL_MSVCRT_READFIX',
optimize='-s -O2',
cppflags='-DWIN32'
ccversion='', gccversion='3.4.5', gccosandvers=''
intsize=4, longsize=4, ptrsize=4, doublesize=8, byteorder=1234
d_longlong=undef, longlongsize=8, d_longdbl=define, longdblsize=12
ivtype='long', ivsize=4, nvtype='double', nvsize=8, Off_t='long long', lseeksize=8
alignbytes=8, prototype=define
Linker and Libraries:
ld='g++', ldflags ='-s -L"c:\home\stro\perl\perl5122\lib\CORE" -L"C:\MinGW\lib"'
libpth=C:\MinGW\lib
libs=-lmoldname -lkernel32 -luser32 -lgdi32 -lwinspool -lcomdlg32 -ladvapi32 -lshell32 -lole32 -loleaut32 -lnetapi32 -luuid -lws2_32 -lmpr -lwinmm -lversion -lodbc32 -lodbccp32 -lcomctl32
perllibs=-lmoldname -lkernel32 -luser32 -lgdi32 -lwinspool -lcomdlg32 -ladvapi32 -lshell32 -lole32 -loleaut32 -lnetapi32 -luuid -lws2_32 -lmpr -lwinmm -lversion -lodbc32 -lodbccp32 -lcomctl32
libc=, so=dll, useshrplib=true, libperl=libperl512.a
gnulibc_version=''
Dynamic Linking:
dlsrc=dl_win32.xs, dlext=dll, d_dlsymun=undef, ccdlflags=' '
cccdlflags=' ', lddlflags='-mdll -s -L"c:\home\stro\perl\perl5122\lib\CORE" -L"C:\MinGW\lib"'
Characteristics of this binary (from libperl):
Compile-time options: MULTIPLICITY PERL_DONT_CREATE_GVSV
PERL_IMPLICIT_CONTEXT PERL_IMPLICIT_SYS
PERL_MALLOC_WRAP PL_OP_SLAB_ALLOC USE_ITHREADS
USE_LARGE_FILES USE_PERLIO USE_PERL_ATOF
Built under MSWin32
Compiled at Sep 10 2010 14:47:41
%ENV:
PERL5_CPANPLUS_IS_RUNNING="3964"
PERL5_CPAN_IS_RUNNING="3964"
PERL5_CPAN_IS_RUNNING_IN_RECURSION="4116,3964"
PERL_CR_SMOKER_CURRENT="CGI-Application-Plugin-Authentication-0.19"
PERL_EXTUTILS_AUTOINSTALL="--defaultdeps"
PERL_MM_USE_DEFAULT="1"
@INC:
C:/home/stro/perl/perl5122/site/lib
C:/home/stro/perl/perl5122/lib
.