Test-Block v0.13 Perl 5 v5.26.0 darwin-2level

Status
Fail
From
Slaven Rezić (SREZIC)
Dist
Test-Block v0.13
Platform
Perl 5 v5.26.0 darwin-2level
Date
2017-11-20 11:06:00
ID
caed959a-cde2-11e7-8c2c-d6b6ed2a717d
This distribution has been tested as part of the CPAN Testers
project, supporting the Perl programming language.  See
http://wiki.cpantesters.org/ for more information or email
questions to cpan-testers-discuss@perl.org


--
Dear Adrian Howard,

This is a computer-generated report for Test-Block-0.13
on perl 5.26.0, created by CPAN-Reporter-1.2018.

Thank you for uploading your work to CPAN.  However, there was a problem
testing your distribution.

If you think this report is invalid, please consult the CPAN Testers Wiki
for suggestions on how to avoid getting FAIL reports for missing library
or binary dependencies, unsupported operating systems, and so on:

http://wiki.cpantesters.org/wiki/CPANAuthorNotes

Sections of this report:

    * Tester comments
    * Program output
    * Prerequisites
    * Environment and other context

------------------------------
TESTER COMMENTS
------------------------------

Additional comments from tester:

none provided

------------------------------
PROGRAM OUTPUT
------------------------------

Output from './Build test':

t/all_in_block.t ... ok
t/bad_args.t ....... ok

#   Failed test 'too few tests'
#   at t/block.t line 22.
# STDERR is:
# > #   Failed test 'block 2 expected 2 test(s) and ran 1'
# > #   at t/block.t line 20.
# not:
# > /#\s+Failed\ test.*?\n?.*?at\ t\/block\.t line 19.*\n?/
# > 
# as expected

#   Failed test 'too many tests'
#   at t/block.t line 34.
# STDERR is:
# > #   Failed test 'block 3 expected 1 test(s) and ran 2'
# > #   at t/block.t line 32.
# not:
# > /#\s+Failed\ test.*?\n?.*?at\ t\/block\.t line 30.*\n?/
# > 
# as expected

#   Failed test 'named block'
#   at t/block.t line 65.
# STDERR is:
# > #   Failed test 'block 'foo' expected 2 test(s) and ran 1'
# > #   at t/block.t line 63.
# not:
# > /#\s+Failed\ test.*?\n?.*?at\ t\/block\.t line 62.*\n?/
# > 
# as expected
t/block.t .......... 
Failed 3/6 subtests 
t/class_methods.t .. ok
t/import.t ......... ok

#   Failed test '$Test::Block::Plan'
#   at t/variable.t line 23.
# STDERR is:
# > #   Failed test 'block 'inner' expected 1 test(s) and ran 0'
# > #   at /opt/perl-5.26.0/lib/5.26.0/Tie/Scalar.pm line 157.
# not:
# > /#\s+Failed\ test.*?\n?.*?at\ t\/variable\.t line 17.*\n?/
# > 
# as expected
t/variable.t ....... 
Failed 1/1 subtests 

Test Summary Report
-------------------
t/block.t        (Wstat: 0 Tests: 6 Failed: 3)
  Failed tests:  2-3, 6
t/variable.t     (Wstat: 0 Tests: 1 Failed: 1)
  Failed test:  1
Files=6, Tests=26,  0 wallclock secs ( 0.02 usr  0.02 sys +  0.23 cusr  0.04 csys =  0.31 CPU)
Result: FAIL
Failed 2/6 test programs. 4/26 subtests failed.

------------------------------
PREREQUISITES
------------------------------

Prerequisite modules loaded:

requires:

    Module                Need   Have    
    --------------------- ------ --------
    perl                  v5.6.1 5.026000
    Test::Builder         0.17   1.302073
    Test::Builder::Tester 1.01   1.302073
    Test::Exception       0.15   0.43    
    Test::More            0.47   1.302073

configure_requires:

    Module                Need   Have    
    --------------------- ------ --------
    Module::Build         0.38   0.4224  


------------------------------
ENVIRONMENT AND OTHER CONTEXT
------------------------------

Environment variables:

    LANG = de_DE.UTF-8
    PATH = /Users/eserte/.rbenv/shims:/usr/local/bin:/usr/bin:/bin:/usr/local/sbin:/usr/sbin:/sbin:/Users/eserte/bin/darwin16.0:/Users/eserte/bin/sh:/Users/eserte/bin:/Users/eserte/bin/pistachio-perl/bin:/usr/games:/Users/eserte/devel:/Users/eserte/work/drafts-slaven.rezic/misc:/Users/eserte/src/srezic-misc/scripts
    PERL5LIB = /Users/eserte/.cpan/build/2017112009/Readonly-2.05-2/blib/arch:/Users/eserte/.cpan/build/2017112009/Readonly-2.05-2/blib/lib
    PERL5OPT = 
    PERL5_CPANPLUS_IS_RUNNING = 25653
    PERL5_CPAN_IS_RUNNING = 25653
    PERL5_CPAN_IS_RUNNING_IN_RECURSION = 22137,25653
    PERLDOC = -MPod::Perldoc::ToTextOverstrike
    PERL_BATCH = yes
    PERL_CANARY_STABILITY_NOPROMPT = 1
    PERL_CPAN_REPORTER_CONFIG = /var/tmp/cpansmoker-501/2017112009/cpanreporter_001_config.ini
    PERL_EXTUTILS_AUTOINSTALL = --defaultdeps
    PERL_USE_UNSAFE_INC = 1
    SHELL = /bin/zsh
    TERM = screen
    TMPDIR = /var/tmp/cpansmoker-501/2017112009

Perl special variables (and OS-specific diagnostics, for MSWin32):

    $^X = /opt/perl-5.26.0/bin/perl
    $UID/$EUID = 501 / 501
    $GID = 20 20 701 12 61 79 80 81 98 33 100 204 395 398 399
    $EGID = 20 20 701 12 61 79 80 81 98 33 100 204 395 398 399

Perl module toolchain versions installed:

    Module              Have      
    ------------------- ----------
    CPAN                2.18      
    CPAN::Meta          2.150010  
    Cwd                 3.67      
    ExtUtils::CBuilder  0.280225  
    ExtUtils::Command   7.24      
    ExtUtils::Install   2.04      
    ExtUtils::MakeMaker 7.24      
    ExtUtils::Manifest  1.70      
    ExtUtils::ParseXS   3.34      
    File::Spec          3.67      
    JSON                2.94      
    JSON::PP            2.27400_02
    Module::Build       0.4224    
    Module::Signature   0.81      
    Parse::CPAN::Meta   2.150010  
    Test::Harness       3.38      
    Test::More          1.302073  
    YAML                1.23      
    YAML::Syck          1.30      
    version             0.9917    


--

Summary of my perl5 (revision 5 version 26 subversion 0) configuration:
   
  Platform:
    osname=darwin
    osvers=15.6.0
    archname=darwin-2level
    uname='darwin macbook.herceg.de 15.6.0 darwin kernel version 15.6.0: thu jun 23 18:25:34 pdt 2016; root:xnu-3248.60.10~1release_x86_64 x86_64 '
    config_args='-ds -e -Dprefix=/opt/perl-5.26.0 -Dcf_email=srezic@cpan.org'
    hint=recommended
    useposix=true
    d_sigaction=define
    useithreads=undef
    usemultiplicity=undef
    use64bitint=define
    use64bitall=define
    uselongdouble=undef
    usemymalloc=n
    default_inc_excludes_dot=define
    bincompat5005=undef
  Compiler:
    cc='cc'
    ccflags ='-fno-common -DPERL_DARWIN -mmacosx-version-min=10.11 -fno-strict-aliasing -pipe -fstack-protector-strong -I/usr/local/include -DPERL_USE_SAFE_PUTENV'
    optimize='-O3'
    cppflags='-fno-common -DPERL_DARWIN -mmacosx-version-min=10.11 -fno-strict-aliasing -pipe -fstack-protector-strong -I/usr/local/include'
    ccversion=''
    gccversion='4.2.1 Compatible Apple LLVM 8.0.0 (clang-800.0.42.1)'
    gccosandvers=''
    intsize=4
    longsize=8
    ptrsize=8
    doublesize=8
    byteorder=12345678
    doublekind=3
    d_longlong=define
    longlongsize=8
    d_longdbl=define
    longdblsize=16
    longdblkind=3
    ivtype='long'
    ivsize=8
    nvtype='double'
    nvsize=8
    Off_t='off_t'
    lseeksize=8
    alignbytes=8
    prototype=define
  Linker and Libraries:
    ld='cc'
    ldflags =' -mmacosx-version-min=10.11 -fstack-protector-strong -L/usr/local/lib'
    libpth=/usr/local/lib /Library/Developer/CommandLineTools/usr/bin/../lib/clang/8.0.0/lib /Library/Developer/CommandLineTools/usr/lib /usr/lib
    libs=-lpthread -ldbm -ldb -ldl -lm -lutil -lc
    perllibs=-lpthread -ldl -lm -lutil -lc
    libc=
    so=dylib
    useshrplib=false
    libperl=libperl.a
    gnulibc_version=''
  Dynamic Linking:
    dlsrc=dl_dlopen.xs
    dlext=bundle
    d_dlsymun=undef
    ccdlflags=' '
    cccdlflags=' '
    lddlflags=' -mmacosx-version-min=10.11 -bundle -undefined dynamic_lookup -L/usr/local/lib -fstack-protector-strong'


Characteristics of this binary (from libperl): 
  Compile-time options:
    HAS_TIMES
    PERLIO_LAYERS
    PERL_COPY_ON_WRITE
    PERL_DONT_CREATE_GVSV
    PERL_MALLOC_WRAP
    PERL_OP_PARENT
    PERL_PRESERVE_IVUV
    PERL_USE_SAFE_PUTENV
    USE_64_BIT_ALL
    USE_64_BIT_INT
    USE_LARGE_FILES
    USE_LOCALE
    USE_LOCALE_COLLATE
    USE_LOCALE_CTYPE
    USE_LOCALE_NUMERIC
    USE_LOCALE_TIME
    USE_PERLIO
    USE_PERL_ATOF
  Built under darwin
  Compiled at Jun  3 2017 23:16:37
  %ENV:
    PERL5LIB="/Users/eserte/.cpan/build/2017112009/Readonly-2.05-2/blib/arch:/Users/eserte/.cpan/build/2017112009/Readonly-2.05-2/blib/lib"
    PERL5OPT=""
    PERL5_CPANPLUS_IS_RUNNING="25653"
    PERL5_CPAN_IS_RUNNING="25653"
    PERL5_CPAN_IS_RUNNING_IN_RECURSION="22137,25653"
    PERLDOC="-MPod::Perldoc::ToTextOverstrike"
    PERL_BATCH="yes"
    PERL_CANARY_STABILITY_NOPROMPT="1"
    PERL_CPAN_REPORTER_CONFIG="/var/tmp/cpansmoker-501/2017112009/cpanreporter_001_config.ini"
    PERL_EXTUTILS_AUTOINSTALL="--defaultdeps"
    PERL_USE_UNSAFE_INC="1"
  @INC:
    /Users/eserte/.cpan/build/2017112009/Readonly-2.05-2/blib/arch
    /Users/eserte/.cpan/build/2017112009/Readonly-2.05-2/blib/lib
    /opt/perl-5.26.0/lib/site_perl/5.26.0/darwin-2level
    /opt/perl-5.26.0/lib/site_perl/5.26.0
    /opt/perl-5.26.0/lib/5.26.0/darwin-2level
    /opt/perl-5.26.0/lib/5.26.0
    .