Dancer-Plugin-Interchange6 v0.121 Perl 5 v5.26.1 OpenBSD.amd64-openbsd

Status
Fail
From
Alceu Rodrigues de Freitas Junior
Dist
Dancer-Plugin-Interchange6 v0.121
Platform
Perl 5 v5.26.1 OpenBSD.amd64-openbsd
Date
2017-11-23 14:30:03
ID
cb1968c6-d05a-11e7-8e67-f2e2b895ab4d
This distribution has been tested as part of the CPAN Testers
project, supporting the Perl programming language.  See
http://wiki.cpantesters.org/ for more information or email
questions to cpan-testers-discuss@perl.org


--
Dear Stefan Hornburg (Racke),

This is a computer-generated report for Dancer-Plugin-Interchange6-0.121
on perl 5.26.1, created by CPAN-Reporter-1.2018.

Thank you for uploading your work to CPAN.  However, there was a problem
testing your distribution.

If you think this report is invalid, please consult the CPAN Testers Wiki
for suggestions on how to avoid getting FAIL reports for missing library
or binary dependencies, unsupported operating systems, and so on:

http://wiki.cpantesters.org/wiki/CPANAuthorNotes

Sections of this report:

    * Tester comments
    * Program output
    * Prerequisites
    * Environment and other context

------------------------------
TESTER COMMENTS
------------------------------

Additional comments from tester:

this report is from an automated smoke testing program
and was not reviewed by a human for accuracy

------------------------------
PROGRAM OUTPUT
------------------------------

Output from '/usr/bin/make test':

PERL_DL_NONLAZY=1 "/home/foo/perl5/perlbrew/perls/perl-5.26.1/bin/perl" "-MExtUtils::Command::MM" "-MTest::Harness" "-e" "undef *Test::Harness::Switches; test_harness(0, 'blib/lib', 'blib/arch')" t/00-load.t t/disabled_cart_and_checkout.t t/dpci6_bop.t t/manifest.t t/pod-coverage.t t/pod.t t/test_mysql.t t/test_postgresql.t t/test_sqlite.t
# Testing Dancer::Plugin::Interchange6 0.121, Perl 5.026001, /home/foo/perl5/perlbrew/perls/perl-5.26.1/bin/perl
t/00-load.t ..................... ok
t/disabled_cart_and_checkout.t .. skipped: Author tests not required for installation
t/dpci6_bop.t ................... ok
t/manifest.t .................... skipped: Author tests not required for installation
t/pod-coverage.t ................ skipped: Author tests not required for installation
t/pod.t ......................... skipped: Author tests not required for installation
# with Test::Cart Test::DSL Test::Hooks Test::Routes Test::Shop
    # using: DBD::mysql 4.043 Test::mysqld 0.21 mysql_clientversion 100030
    # db: character_set=utf8 collation=utf8_unicode_ci version=10.0.30-MariaDB version_comment=OpenBSD port: mariadb-server-10.0.30v1 version_malloc_library=system 10.0.30-MariaDB
        # Role::Deploy

        #   Failed test 'at least 250 countries'
        #   at t/lib/Role/Deploy.pm line 80.
        #     '249'
        #         >=
        #     '250'

        #   Failed test 'at least 317 zones'
        #   at t/lib/Role/Deploy.pm line 87.
        #     '316'
        #         >=
        #     '317'
        # Looks like you failed 2 tests of 9.

    #   Failed test 'deploy tests'
    #   at /home/foo/perl5/perlbrew/perls/perl-5.26.1/lib/site_perl/5.26.1/Test/Roo.pm line 39.
        # Test::DSL
        # Test::Hooks
        # Test::Routes
        # Test::Shop
    # Looks like you failed 1 test of 30.

#   Failed test 'testing with main'
#   at /home/foo/perl5/perlbrew/perls/perl-5.26.1/lib/site_perl/5.26.1/Test/Roo/Class.pm line 89.
# Looks like you failed 1 test of 1.
t/test_mysql.t .................. 
Dubious, test returned 1 (wstat 256, 0x100)
Failed 1/1 subtests 
# with Test::Cart Test::DSL Test::Hooks Test::Routes Test::Shop
t/test_postgresql.t ............. skipped: DBD::Pg >= 3.0.0 required to run these tests
# with Test::Cart Test::DSL Test::Hooks Test::Routes Test::Shop
    # using: DBD::SQLite 1.54
    # db: SQLite library version: 3.13.0
        # Role::Deploy

        #   Failed test 'at least 250 countries'
        #   at t/lib/Role/Deploy.pm line 80.
        #     '249'
        #         >=
        #     '250'

        #   Failed test 'at least 317 zones'
        #   at t/lib/Role/Deploy.pm line 87.
        #     '316'
        #         >=
        #     '317'
        # Looks like you failed 2 tests of 9.

    #   Failed test 'deploy tests'
    #   at /home/foo/perl5/perlbrew/perls/perl-5.26.1/lib/site_perl/5.26.1/Test/Roo.pm line 39.
        # Test::DSL
        # Test::Hooks
        # Test::Routes
        # Test::Shop
    # Looks like you failed 1 test of 30.

#   Failed test 'testing with main'
#   at /home/foo/perl5/perlbrew/perls/perl-5.26.1/lib/site_perl/5.26.1/Test/Roo/Class.pm line 89.
# Looks like you failed 1 test of 1.
t/test_sqlite.t ................. 
Dubious, test returned 1 (wstat 256, 0x100)
Failed 1/1 subtests 

Test Summary Report
-------------------
t/test_mysql.t                (Wstat: 256 Tests: 1 Failed: 1)
  Failed test:  1
  Non-zero exit status: 1
t/test_sqlite.t               (Wstat: 256 Tests: 1 Failed: 1)
  Failed test:  1
  Non-zero exit status: 1
Files=9, Tests=21, 108 wallclock secs ( 0.10 usr  0.31 sys + 72.45 cusr 11.07 csys = 83.93 CPU)
Result: FAIL
Failed 2/9 test programs. 2/21 subtests failed.
*** Error 1 in /mnt/cpan_build_dir/foo/Dancer-Plugin-Interchange6-0.121-0 (Makefile:923 'test_dynamic')

------------------------------
PREREQUISITES
------------------------------

Prerequisite modules loaded:

requires:

    Module                                           Need     Have    
    ------------------------------------------------ -------- --------
    Business::OnlinePayment                          3.02     3.04    
    Dancer                                           1.3098   1.3202  
    Dancer::Plugin::Auth::Extensible                 0        1.00    
    Dancer::Plugin::Auth::Extensible::Provider::DBIC 0        0.1.3   
    Dancer::Plugin::DBIC                             0        0.2104  
    Dancer::Session::DBIC                            0.004    0.006   
    Interchange6                                     0.120    0.120   
    Interchange6::Schema                             0.110    0.133   
    Module::Runtime                                  0        0.016   
    MooseX::CoverableModifiers                       0        0.30    
    namespace::clean                                 0        0.27    
    Net::HTTPS::Any                                  0.11     0.12    
    perl                                             5.010000 5.026001
    YAML                                             0        1.24    

build_requires:

    Module                                           Need     Have    
    ------------------------------------------------ -------- --------
    DBICx::TestDatabase                              0        0.05    
    Test::Database                                   0        1.113   
    Test::Deep                                       0        1.127   
    Test::Exception                                  0        0.43    
    Test::More                                       0        1.302113
    Test::Roo                                        1.004    1.004   
    Test::WWW::Mechanize::PSGI                       0.35     0.37    

configure_requires:

    Module                                           Need     Have    
    ------------------------------------------------ -------- --------
    ExtUtils::MakeMaker                              0        7.31_04 


------------------------------
ENVIRONMENT AND OTHER CONTEXT
------------------------------

Environment variables:

    AUTOMATED_TESTING = 1
    PATH = /home/foo/perl5/perlbrew/bin:/home/foo/perl5/perlbrew/perls/perl-5.26.1/bin:/home/foo/bin:/sbin:/usr/sbin:/bin:/usr/bin:/usr/X11R6/bin:/usr/local/sbin:/usr/local/bin
    PERL5LIB = 
    PERL5OPT = 
    PERL5_CPANPLUS_IS_RUNNING = 11868
    PERL5_CPAN_IS_RUNNING = 11868
    PERL5_CPAN_IS_RUNNING_IN_RECURSION = 91430,11868
    PERLBREW_BASHRC_VERSION = 0.80
    PERLBREW_HOME = /home/foo/.perlbrew
    PERLBREW_MANPATH = /home/foo/perl5/perlbrew/perls/perl-5.26.1/man
    PERLBREW_PATH = /home/foo/perl5/perlbrew/bin:/home/foo/perl5/perlbrew/perls/perl-5.26.1/bin
    PERLBREW_PERL = perl-5.26.1
    PERLBREW_ROOT = /home/foo/perl5/perlbrew
    PERLBREW_VERSION = 0.80
    PERL_CR_SMOKER_CURRENT = Dancer-Plugin-Interchange6-0.121
    PERL_EXTUTILS_AUTOINSTALL = --defaultdeps
    PERL_MM_USE_DEFAULT = 1
    SHELL = /usr/local/bin/bash
    TERM = xterm

Perl special variables (and OS-specific diagnostics, for MSWin32):

    $^X = /home/foo/perl5/perlbrew/perls/perl-5.26.1/bin/perl
    $UID/$EUID = 1001 / 1001
    $GID = 999 999 1001
    $EGID = 999 999 1001

Perl module toolchain versions installed:

    Module              Have    
    ------------------- --------
    CPAN                2.16    
    CPAN::Meta          2.150010
    Cwd                 3.67    
    ExtUtils::CBuilder  0.280226
    ExtUtils::Command   7.31_04 
    ExtUtils::Install   2.14    
    ExtUtils::MakeMaker 7.31_04 
    ExtUtils::Manifest  1.70    
    ExtUtils::ParseXS   3.35    
    File::Spec          3.67    
    JSON                2.97000 
    JSON::PP            2.97000 
    Module::Build       0.4224  
    Module::Signature   0.81    
    Parse::CPAN::Meta   2.150010
    Test::Harness       3.39    
    Test::More          1.302113
    YAML                1.24    
    YAML::Syck          1.30    
    version             0.9918  


--

Summary of my perl5 (revision 5 version 26 subversion 1) configuration:
   
  Platform:
    osname=openbsd
    osvers=6.1
    archname=OpenBSD.amd64-openbsd
    uname='openbsd cpansmoker.my.domain 6.1 generic.mp#20 amd64 '
    config_args='-de -Dprefix=/home/foo/perl5/perlbrew/perls/perl-5.26.1 -Aeval:scriptdir=/home/foo/perl5/perlbrew/perls/perl-5.26.1/bin'
    hint=recommended
    useposix=true
    d_sigaction=define
    useithreads=undef
    usemultiplicity=undef
    use64bitint=define
    use64bitall=define
    uselongdouble=undef
    usemymalloc=n
    default_inc_excludes_dot=define
    bincompat5005=undef
  Compiler:
    cc='cc'
    ccflags ='-fno-strict-aliasing -pipe -fstack-protector-strong -I/usr/local/include -D_FORTIFY_SOURCE=2'
    optimize='-O2'
    cppflags='-fno-strict-aliasing -pipe -fstack-protector-strong -I/usr/local/include'
    ccversion=''
    gccversion='4.2.1 20070719 '
    gccosandvers='openbsd6.1'
    intsize=4
    longsize=8
    ptrsize=8
    doublesize=8
    byteorder=12345678
    doublekind=3
    d_longlong=define
    longlongsize=8
    d_longdbl=define
    longdblsize=16
    longdblkind=3
    ivtype='long'
    ivsize=8
    nvtype='double'
    nvsize=8
    Off_t='off_t'
    lseeksize=8
    alignbytes=8
    prototype=define
  Linker and Libraries:
    ld='cc'
    ldflags ='-Wl,-E  -fstack-protector-strong -L/usr/local/lib'
    libpth=/usr/lib /usr/local/lib
    libs=-lpthread -lm -lutil -lc
    perllibs=-lpthread -lm -lutil -lc
    libc=/usr/lib/libc.so.89.3
    so=so
    useshrplib=false
    libperl=libperl.a
    gnulibc_version=''
  Dynamic Linking:
    dlsrc=dl_dlopen.xs
    dlext=so
    d_dlsymun=undef
    ccdlflags=' '
    cccdlflags='-DPIC -fPIC '
    lddlflags='-shared -fPIC  -L/usr/local/lib -fstack-protector-strong'


Characteristics of this binary (from libperl): 
  Compile-time options:
    HAS_TIMES
    PERLIO_LAYERS
    PERL_COPY_ON_WRITE
    PERL_DONT_CREATE_GVSV
    PERL_MALLOC_WRAP
    PERL_OP_PARENT
    PERL_PRESERVE_IVUV
    USE_64_BIT_ALL
    USE_64_BIT_INT
    USE_LARGE_FILES
    USE_LOCALE
    USE_LOCALE_COLLATE
    USE_LOCALE_CTYPE
    USE_LOCALE_NUMERIC
    USE_LOCALE_TIME
    USE_PERLIO
    USE_PERL_ATOF
  Locally applied patches:
    Devel::PatchPerl 1.48
  Built under openbsd
  Compiled at Nov 10 2017 20:02:38
  %ENV:
    PERL5LIB=""
    PERL5OPT=""
    PERL5_CPANPLUS_IS_RUNNING="11868"
    PERL5_CPAN_IS_RUNNING="11868"
    PERL5_CPAN_IS_RUNNING_IN_RECURSION="91430,11868"
    PERLBREW_BASHRC_VERSION="0.80"
    PERLBREW_HOME="/home/foo/.perlbrew"
    PERLBREW_MANPATH="/home/foo/perl5/perlbrew/perls/perl-5.26.1/man"
    PERLBREW_PATH="/home/foo/perl5/perlbrew/bin:/home/foo/perl5/perlbrew/perls/perl-5.26.1/bin"
    PERLBREW_PERL="perl-5.26.1"
    PERLBREW_ROOT="/home/foo/perl5/perlbrew"
    PERLBREW_VERSION="0.80"
    PERL_CR_SMOKER_CURRENT="Dancer-Plugin-Interchange6-0.121"
    PERL_EXTUTILS_AUTOINSTALL="--defaultdeps"
    PERL_MM_USE_DEFAULT="1"
  @INC:
    /home/foo/perl5/perlbrew/perls/perl-5.26.1/lib/site_perl/5.26.1/OpenBSD.amd64-openbsd
    /home/foo/perl5/perlbrew/perls/perl-5.26.1/lib/site_perl/5.26.1
    /home/foo/perl5/perlbrew/perls/perl-5.26.1/lib/5.26.1/OpenBSD.amd64-openbsd
    /home/foo/perl5/perlbrew/perls/perl-5.26.1/lib/5.26.1