Report for Dist-Zilla-Plugin-Chrome-ExtraPrompt-0.015

Back
From: metabase:user:320bfe00-2aae-11df-837a-5e0a49663a4f
Subject: FAIL Dist-Zilla-Plugin-Chrome-ExtraPrompt-0.015 v5.20.3 GNU/Linux
Date: 2017-06-10T00:00:20Z

This distribution has been tested as part of the CPAN Testers
project, supporting the Perl programming language.  See
http://wiki.cpantesters.org/ for more information or email
questions to cpan-testers-discuss@perl.org


--
Dear Karen Etheridge,

This is a computer-generated report for Dist-Zilla-Plugin-Chrome-ExtraPrompt-0.015
on perl 5.20.3, created by CPAN-Reporter-1.2018.

Thank you for uploading your work to CPAN.  However, there was a problem
testing your distribution.

If you think this report is invalid, please consult the CPAN Testers Wiki
for suggestions on how to avoid getting FAIL reports for missing library
or binary dependencies, unsupported operating systems, and so on:

http://wiki.cpantesters.org/wiki/CPANAuthorNotes

Sections of this report:

    * Tester comments
    * Program output
    * Prerequisites
    * Environment and other context

------------------------------
TESTER COMMENTS
------------------------------

Additional comments from tester:

this report is from an automated smoke testing program
and was not reviewed by a human for accuracy

------------------------------
PROGRAM OUTPUT
------------------------------

Output from './Build test':

# 
# Versions for all modules listed in MYMETA.json (including optional ones):
# 
# === Configure Requires ===
# 
#     Module               Want  Have
#     ------------------- ----- -----
#     Module::Build::Tiny 0.034 0.039
# 
# === Test Requires ===
# 
#     Module                                     Want      Have
#     ----------------------------------------- ----- ---------
#     Dist::Zilla::Chrome::Test                   any     6.009
#     Dist::Zilla::MVP::Assembler::GlobalConfig   any     6.009
#     Dist::Zilla::MVP::Reader::Finder            any     6.009
#     Dist::Zilla::MVP::Section                   any     6.009
#     Dist::Zilla::Role::BeforeBuild              any     6.009
#     File::Spec                                  any      3.62
#     Module::Metadata                            any  1.000033
#     Path::Tiny                                  any     0.104
#     Test::DZil                                  any     6.009
#     Test::Deep                                  any 1.126_001
#     Test::Fatal                                 any     0.014
#     Test::More                                 0.88  1.302085
#     Test::Warnings                            0.009     0.026
#     if                                          any    0.0603
#     lib                                         any      0.63
# 
# === Test Recommends ===
# 
#     Module         Want     Have
#     ---------- -------- --------
#     CPAN::Meta 2.120900 2.150010
# 
# === Runtime Requires ===
# 
#     Module                    Want    Have
#     ------------------------- ---- -------
#     Dist::Zilla::Role::Plugin  any   6.009
#     File::Spec                 any    3.62
#     IPC::Open3                 any    1.16
#     Moose                      any  2.2005
#     Moose::Role                any  2.2005
#     POSIX                      any 1.38_03
#     namespace::autoclean       any    0.28
#     strict                     any    1.08
#     warnings                   any    1.23
# 
# === Other Modules ===
# 
#     Module        Have
#     ------------- ----
#     JSON::PP      2.93
#     Pod::Coverage 0.23
#     Sub::Name     0.21
#     YAML          1.23
#     autodie       2.29
# 
t/00-report-prereqs.t .. ok
t/01-basic.t ........... ok
t/02-no-distini.t ...... ok
t/03-repeat-prompt.t ... ok
t/04-error.t ........... ok

#   Failed test 'the command was aborted before it ran to completion'
#   at t/05-kill.t line 69.
#     '4'
#         <
#     '4'
# got log messages: [
#   '[DZ] beginning to build DZT-Sample',
#   '[DZ] writing DZT-Sample in /tmp/loop_over_bdir-13861-NSVA6b/Dist-Zilla-Plugin-Chrome-ExtraPrompt-0.015-0/tmp/UBOX8v4qnP/build'
# ]
# Looks like you failed 1 test of 1.
t/05-kill.t ............ 
Dubious, test returned 1 (wstat 256, 0x100)
Failed 1/1 subtests 
t/zzz-check-breaks.t ... ok

Test Summary Report
-------------------
t/05-kill.t          (Wstat: 256 Tests: 1 Failed: 1)
  Failed test:  1
  Non-zero exit status: 1
Files=7, Tests=11, 28 wallclock secs ( 0.03 usr  0.07 sys +  7.36 cusr  0.90 csys =  8.36 CPU)
Result: FAIL

------------------------------
PREREQUISITES
------------------------------

Prerequisite modules loaded:

requires:

    Module                                    Need  Have     
    ----------------------------------------- ----- ---------
    Dist::Zilla::Role::Plugin                 0     6.009    
    File::Spec                                0     3.62     
    IPC::Open3                                0     1.16     
    Moose                                     0     2.2005   
    Moose::Role                               0     2.2005   
    namespace::autoclean                      0     0.28     
    perl                                      5.006 5.020003 
    POSIX                                     0     1.38_03  
    strict                                    0     1.08     
    warnings                                  0     1.23     

build_requires:

    Module                                    Need  Have     
    ----------------------------------------- ----- ---------
    Dist::Zilla::Chrome::Test                 0     6.009    
    Dist::Zilla::MVP::Assembler::GlobalConfig 0     6.009    
    Dist::Zilla::MVP::Reader::Finder          0     6.009    
    Dist::Zilla::MVP::Section                 0     6.009    
    Dist::Zilla::Role::BeforeBuild            0     6.009    
    File::Spec                                0     3.62     
    if                                        0     0.0603   
    lib                                       0     0.63     
    Module::Metadata                          0     1.000033 
    Path::Tiny                                0     0.104    
    perl                                      5.006 5.020003 
    Test::Deep                                0     1.126_001
    Test::DZil                                0     6.009    
    Test::Fatal                               0     0.014    
    Test::More                                0.88  1.302085 
    Test::Warnings                            0.009 0.026    

configure_requires:

    Module                                    Need  Have     
    ----------------------------------------- ----- ---------
    Module::Build::Tiny                       0.034 0.039    
    perl                                      5.006 5.020003 


------------------------------
ENVIRONMENT AND OTHER CONTEXT
------------------------------

Environment variables:

    AUTOMATED_TESTING = 1
    LANG = en_US.UTF-8
    PATH = /home/sand/bin:/usr/local/bin:/usr/bin:/bin:/usr/games:/usr/local/perl/bin:/usr/X11/bin:/sbin:/usr/sbin
    PERL5LIB = 
    PERL5OPT = 
    PERL5_CPANPLUS_IS_RUNNING = 13878
    PERL5_CPAN_IS_RUNNING = 13878
    PERL_CANARY_STABILITY_NOPROMPT = 1
    PERL_MM_USE_DEFAULT = 1
    PERL_USE_UNSAFE_INC = 1
    SHELL = /usr/bin/zsh
    TERM = screen

Perl special variables (and OS-specific diagnostics, for MSWin32):

    $^X = /home/sand/src/perl/repoperls/installed-perls/host/k93msid/v5.20.3/f11c/bin/perl
    $UID/$EUID = 1005 / 1005
    $GID = 1005 1005
    $EGID = 1005 1005

Perl module toolchain versions installed:

    Module              Have    
    ------------------- --------
    CPAN                2.18    
    CPAN::Meta          2.150010
    Cwd                 3.62    
    ExtUtils::CBuilder  0.280224
    ExtUtils::Command   7.24    
    ExtUtils::Install   2.14    
    ExtUtils::MakeMaker 7.24    
    ExtUtils::Manifest  1.70    
    ExtUtils::ParseXS   3.30    
    File::Spec          3.62    
    JSON                2.92    
    JSON::PP            2.93    
    Module::Build       0.4224  
    Module::Signature   0.81    
    Parse::CPAN::Meta   2.150010
    Test::Harness       3.39    
    Test::More          1.302085
    YAML                1.23    
    YAML::Syck          1.30    
    version             0.9918  


--

Summary of my perl5 (revision 5 version 20 subversion 3) configuration:
  Derived from: b67331aafd6eff33e3fd904c45e811f69cbfb0b2
  Platform:
    osname=linux, osvers=4.9.0-2-amd64, archname=x86_64-linux-thread-multi
    uname='linux k93msid 4.9.0-2-amd64 #1 smp debian 4.9.18-1 (2017-03-30) x86_64 gnulinux '
    config_args='-Dprefix=/home/sand/src/perl/repoperls/installed-perls/host/k93msid/v5.20.3/f11c -Dmyhostname=k93msid -Dinstallusrbinperl=n -Uversiononly -Dusedevel -des -Ui_db -Dlibswanted=cl pthread socket inet nsl gdbm dbm malloc dl ld sun m crypt sec util c cposix posix ucb BSD gdbm_compat -Duseithreads -Uuselongdouble -DDEBUGGING=-g'
    hint=recommended, useposix=true, d_sigaction=define
    useithreads=define, usemultiplicity=define
    use64bitint=define, use64bitall=define, uselongdouble=undef
    usemymalloc=n, bincompat5005=undef
  Compiler:
    cc='cc', ccflags ='-D_REENTRANT -D_GNU_SOURCE -fwrapv -fno-strict-aliasing -pipe -fstack-protector -I/usr/local/include -D_LARGEFILE_SOURCE -D_FILE_OFFSET_BITS=64',
    optimize='-O2 -g',
    cppflags='-D_REENTRANT -D_GNU_SOURCE -fwrapv -fno-strict-aliasing -pipe -fstack-protector -I/usr/local/include'
    ccversion='', gccversion='6.3.0 20170406', gccosandvers=''
    intsize=4, longsize=8, ptrsize=8, doublesize=8, byteorder=12345678
    d_longlong=define, longlongsize=8, d_longdbl=define, longdblsize=16
    ivtype='long', ivsize=8, nvtype='double', nvsize=8, Off_t='off_t', lseeksize=8
    alignbytes=8, prototype=define
  Linker and Libraries:
    ld='cc', ldflags =' -fstack-protector -L/usr/local/lib'
    libpth=/usr/local/lib /usr/lib/gcc/x86_64-linux-gnu/6/include-fixed /usr/include/x86_64-linux-gnu /usr/lib /lib/x86_64-linux-gnu /lib/../lib /usr/lib/x86_64-linux-gnu /usr/lib/../lib /lib
    libs=-lpthread -lnsl -ldl -lm -lcrypt -lutil -lc
    perllibs=-lpthread -lnsl -ldl -lm -lcrypt -lutil -lc
    libc=libc-2.24.so, so=so, useshrplib=false, libperl=libperl.a
    gnulibc_version='2.24'
  Dynamic Linking:
    dlsrc=dl_dlopen.xs, dlext=so, d_dlsymun=undef, ccdlflags='-Wl,-E'
    cccdlflags='-fPIC', lddlflags='-shared -O2 -g -L/usr/local/lib -fstack-protector'


Characteristics of this binary (from libperl): 
  Compile-time options: HAS_TIMES MULTIPLICITY PERLIO_LAYERS
                        PERL_DONT_CREATE_GVSV
                        PERL_HASH_FUNC_ONE_AT_A_TIME_HARD
                        PERL_IMPLICIT_CONTEXT PERL_MALLOC_WRAP
                        PERL_NEW_COPY_ON_WRITE PERL_PRESERVE_IVUV
                        PERL_USE_DEVEL USE_64_BIT_ALL USE_64_BIT_INT
                        USE_ITHREADS USE_LARGE_FILES USE_LOCALE
                        USE_LOCALE_COLLATE USE_LOCALE_CTYPE
                        USE_LOCALE_NUMERIC USE_PERLIO USE_PERL_ATOF
                        USE_REENTRANT_API
  Locally applied patches:
	uncommitted-changes
  Built under linux
  Compiled at Apr 14 2017 06:22:42
  %ENV:
    PERL5LIB=""
    PERL5OPT=""
    PERL5_CPANPLUS_IS_RUNNING="13878"
    PERL5_CPAN_IS_RUNNING="13878"
    PERL_CANARY_STABILITY_NOPROMPT="1"
    PERL_MM_USE_DEFAULT="1"
    PERL_USE_UNSAFE_INC="1"
  @INC:
    /home/sand/src/perl/repoperls/installed-perls/host/k93msid/v5.20.3/f11c/lib/site_perl/5.20.3/x86_64-linux-thread-multi
    /home/sand/src/perl/repoperls/installed-perls/host/k93msid/v5.20.3/f11c/lib/site_perl/5.20.3
    /home/sand/src/perl/repoperls/installed-perls/host/k93msid/v5.20.3/f11c/lib/5.20.3/x86_64-linux-thread-multi
    /home/sand/src/perl/repoperls/installed-perls/host/k93msid/v5.20.3/f11c/lib/5.20.3
    .