Report for Web-AssetLib-0.042

Back
From: metabase:user:320bfe00-2aae-11df-837a-5e0a49663a4f
Subject: NA Web-AssetLib-0.042 v5.10.0 GNU/Linux
Date: 2017-03-29T02:31:20Z

This distribution has been tested as part of the CPAN Testers
project, supporting the Perl programming language.  See
http://wiki.cpantesters.org/ for more information or email
questions to cpan-testers-discuss@perl.org


--
Dear Ryan Lang,

This is a computer-generated report for Web-AssetLib-0.042
on perl 5.10.0, created by CPAN-Reporter-1.2018.

Thank you for uploading your work to CPAN.  While attempting to build or test
this distribution, the distribution signaled that support is not available
either for this operating system or this version of Perl.  Nevertheless, any
diagnostic output produced is provided below for reference.  If this is not
what you expect, you may wish to consult the CPAN Testers Wiki:

http://wiki.cpantesters.org/wiki/CPANAuthorNotes

Sections of this report:

    * Tester comments
    * Program output
    * Prerequisites
    * Environment and other context

------------------------------
TESTER COMMENTS
------------------------------

Additional comments from tester:

this report is from an automated smoke testing program
and was not reviewed by a human for accuracy

------------------------------
PROGRAM OUTPUT
------------------------------

Output from './Build test':

# Compilation of Web::AssetLib failed: Can't locate Method/Signatures.pm in @INC (@INC contains: /tmp/loop_over_bdir-30788-anHPgx/Web-AssetLib-0.042-0/blib/arch /tmp/loop_over_bdir-30788-anHPgx/Web-AssetLib-0.042-0/blib/lib /home/sand/src/perl/repoperls/installed-perls/host/k93msid/perl-5.10.0/89ad/lib/5.10.0/x86_64-linux /home/sand/src/perl/repoperls/installed-perls/host/k93msid/perl-5.10.0/89ad/lib/5.10.0 /home/sand/src/perl/repoperls/installed-perls/host/k93msid/perl-5.10.0/89ad/lib/site_perl/5.10.0/x86_64-linux /home/sand/src/perl/repoperls/installed-perls/host/k93msid/perl-5.10.0/89ad/lib/site_perl/5.10.0 .) at /tmp/loop_over_bdir-30788-anHPgx/Web-AssetLib-0.042-0/blib/lib/Web/AssetLib.pm line 4.
# BEGIN failed--compilation aborted at /tmp/loop_over_bdir-30788-anHPgx/Web-AssetLib-0.042-0/blib/lib/Web/AssetLib.pm line 4.
# Compilation failed in require at /home/sand/src/perl/repoperls/installed-perls/host/k93msid/perl-5.10.0/89ad/lib/site_perl/5.10.0/Test/Compile/Internal.pm line 197.

#   Failed test 'blib/lib/Web/AssetLib.pm compiles'
#   at t/00_compile.t line 6.
# Compilation of Web::AssetLib::InputEngine failed: Can't locate Method/Signatures.pm in @INC (@INC contains: /tmp/loop_over_bdir-30788-anHPgx/Web-AssetLib-0.042-0/blib/arch /tmp/loop_over_bdir-30788-anHPgx/Web-AssetLib-0.042-0/blib/lib /home/sand/src/perl/repoperls/installed-perls/host/k93msid/perl-5.10.0/89ad/lib/5.10.0/x86_64-linux /home/sand/src/perl/repoperls/installed-perls/host/k93msid/perl-5.10.0/89ad/lib/5.10.0 /home/sand/src/perl/repoperls/installed-perls/host/k93msid/perl-5.10.0/89ad/lib/site_perl/5.10.0/x86_64-linux /home/sand/src/perl/repoperls/installed-perls/host/k93msid/perl-5.10.0/89ad/lib/site_perl/5.10.0 .) at /tmp/loop_over_bdir-30788-anHPgx/Web-AssetLib-0.042-0/blib/lib/Web/AssetLib/InputEngine.pm line 3.
# BEGIN failed--compilation aborted at /tmp/loop_over_bdir-30788-anHPgx/Web-AssetLib-0.042-0/blib/lib/Web/AssetLib/InputEngine.pm line 3.
# Compilation failed in require at /home/sand/src/perl/repoperls/installed-perls/host/k93msid/perl-5.10.0/89ad/lib/site_perl/5.10.0/Test/Compile/Internal.pm line 197.

#   Failed test 'blib/lib/Web/AssetLib/InputEngine.pm compiles'
#   at t/00_compile.t line 6.
# Compilation of Web::AssetLib::OutputEngine failed: Can't locate Method/Signatures.pm in @INC (@INC contains: /tmp/loop_over_bdir-30788-anHPgx/Web-AssetLib-0.042-0/blib/arch /tmp/loop_over_bdir-30788-anHPgx/Web-AssetLib-0.042-0/blib/lib /home/sand/src/perl/repoperls/installed-perls/host/k93msid/perl-5.10.0/89ad/lib/5.10.0/x86_64-linux /home/sand/src/perl/repoperls/installed-perls/host/k93msid/perl-5.10.0/89ad/lib/5.10.0 /home/sand/src/perl/repoperls/installed-perls/host/k93msid/perl-5.10.0/89ad/lib/site_perl/5.10.0/x86_64-linux /home/sand/src/perl/repoperls/installed-perls/host/k93msid/perl-5.10.0/89ad/lib/site_perl/5.10.0 .) at /tmp/loop_over_bdir-30788-anHPgx/Web-AssetLib-0.042-0/blib/lib/Web/AssetLib/OutputEngine.pm line 3.
# BEGIN failed--compilation aborted at /tmp/loop_over_bdir-30788-anHPgx/Web-AssetLib-0.042-0/blib/lib/Web/AssetLib/OutputEngine.pm line 3.
# Compilation failed in require at /home/sand/src/perl/repoperls/installed-perls/host/k93msid/perl-5.10.0/89ad/lib/site_perl/5.10.0/Test/Compile/Internal.pm line 197.

#   Failed test 'blib/lib/Web/AssetLib/OutputEngine.pm compiles'
#   at t/00_compile.t line 6.
# Compilation of Web::AssetLib::Asset failed: Can't locate Method/Signatures.pm in @INC (@INC contains: /tmp/loop_over_bdir-30788-anHPgx/Web-AssetLib-0.042-0/blib/arch /tmp/loop_over_bdir-30788-anHPgx/Web-AssetLib-0.042-0/blib/lib /home/sand/src/perl/repoperls/installed-perls/host/k93msid/perl-5.10.0/89ad/lib/5.10.0/x86_64-linux /home/sand/src/perl/repoperls/installed-perls/host/k93msid/perl-5.10.0/89ad/lib/5.10.0 /home/sand/src/perl/repoperls/installed-perls/host/k93msid/perl-5.10.0/89ad/lib/site_perl/5.10.0/x86_64-linux /home/sand/src/perl/repoperls/installed-perls/host/k93msid/perl-5.10.0/89ad/lib/site_perl/5.10.0 .) at /tmp/loop_over_bdir-30788-anHPgx/Web-AssetLib-0.042-0/blib/lib/Web/AssetLib/Asset.pm line 3.
# BEGIN failed--compilation aborted at /tmp/loop_over_bdir-30788-anHPgx/Web-AssetLib-0.042-0/blib/lib/Web/AssetLib/Asset.pm line 3.
# Compilation failed in require at /home/sand/src/perl/repoperls/installed-perls/host/k93msid/perl-5.10.0/89ad/lib/site_perl/5.10.0/Test/Compile/Internal.pm line 197.

#   Failed test 'blib/lib/Web/AssetLib/Asset.pm compiles'
#   at t/00_compile.t line 6.
# Compilation of Web::AssetLib::Bundle failed: Can't locate Method/Signatures.pm in @INC (@INC contains: /tmp/loop_over_bdir-30788-anHPgx/Web-AssetLib-0.042-0/blib/arch /tmp/loop_over_bdir-30788-anHPgx/Web-AssetLib-0.042-0/blib/lib /home/sand/src/perl/repoperls/installed-perls/host/k93msid/perl-5.10.0/89ad/lib/5.10.0/x86_64-linux /home/sand/src/perl/repoperls/installed-perls/host/k93msid/perl-5.10.0/89ad/lib/5.10.0 /home/sand/src/perl/repoperls/installed-perls/host/k93msid/perl-5.10.0/89ad/lib/site_perl/5.10.0/x86_64-linux /home/sand/src/perl/repoperls/installed-perls/host/k93msid/perl-5.10.0/89ad/lib/site_perl/5.10.0 .) at /tmp/loop_over_bdir-30788-anHPgx/Web-AssetLib-0.042-0/blib/lib/Web/AssetLib/Bundle.pm line 3.
# BEGIN failed--compilation aborted at /tmp/loop_over_bdir-30788-anHPgx/Web-AssetLib-0.042-0/blib/lib/Web/AssetLib/Bundle.pm line 3.
# Compilation failed in require at /home/sand/src/perl/repoperls/installed-perls/host/k93msid/perl-5.10.0/89ad/lib/site_perl/5.10.0/Test/Compile/Internal.pm line 197.

#   Failed test 'blib/lib/Web/AssetLib/Bundle.pm compiles'
#   at t/00_compile.t line 6.
# Compilation of Web::AssetLib::Library failed: Can't locate Method/Signatures.pm in @INC (@INC contains: /tmp/loop_over_bdir-30788-anHPgx/Web-AssetLib-0.042-0/blib/arch /tmp/loop_over_bdir-30788-anHPgx/Web-AssetLib-0.042-0/blib/lib /home/sand/src/perl/repoperls/installed-perls/host/k93msid/perl-5.10.0/89ad/lib/5.10.0/x86_64-linux /home/sand/src/perl/repoperls/installed-perls/host/k93msid/perl-5.10.0/89ad/lib/5.10.0 /home/sand/src/perl/repoperls/installed-perls/host/k93msid/perl-5.10.0/89ad/lib/site_perl/5.10.0/x86_64-linux /home/sand/src/perl/repoperls/installed-perls/host/k93msid/perl-5.10.0/89ad/lib/site_perl/5.10.0 .) at /tmp/loop_over_bdir-30788-anHPgx/Web-AssetLib-0.042-0/blib/lib/Web/AssetLib/Library.pm line 3.
# BEGIN failed--compilation aborted at /tmp/loop_over_bdir-30788-anHPgx/Web-AssetLib-0.042-0/blib/lib/Web/AssetLib/Library.pm line 3.
# Compilation failed in require at /home/sand/src/perl/repoperls/installed-perls/host/k93msid/perl-5.10.0/89ad/lib/site_perl/5.10.0/Test/Compile/Internal.pm line 197.

#   Failed test 'blib/lib/Web/AssetLib/Library.pm compiles'
#   at t/00_compile.t line 6.
v-string in use/require non-portable at /tmp/loop_over_bdir-30788-anHPgx/Web-AssetLib-0.042-0/blib/lib/Web/AssetLib/Role/Logger.pm line 7.
# Compilation of Web::AssetLib::MinifierEngine failed: Perl v5.14.0 required--this is only v5.10.0, stopped at /tmp/loop_over_bdir-30788-anHPgx/Web-AssetLib-0.042-0/blib/lib/Web/AssetLib/Role/Logger.pm line 7.
# BEGIN failed--compilation aborted at /tmp/loop_over_bdir-30788-anHPgx/Web-AssetLib-0.042-0/blib/lib/Web/AssetLib/Role/Logger.pm line 7.
# Compilation failed in require at /home/sand/src/perl/repoperls/installed-perls/host/k93msid/perl-5.10.0/89ad/lib/site_perl/5.10.0/Module/Runtime.pm line 317.
# Compilation failed in require at /home/sand/src/perl/repoperls/installed-perls/host/k93msid/perl-5.10.0/89ad/lib/site_perl/5.10.0/Test/Compile/Internal.pm line 197.

#   Failed test 'blib/lib/Web/AssetLib/MinifierEngine.pm compiles'
#   at t/00_compile.t line 6.
# Compilation of Web::AssetLib::Util failed: Can't locate Method/Signatures.pm in @INC (@INC contains: /tmp/loop_over_bdir-30788-anHPgx/Web-AssetLib-0.042-0/blib/arch /tmp/loop_over_bdir-30788-anHPgx/Web-AssetLib-0.042-0/blib/lib /home/sand/src/perl/repoperls/installed-perls/host/k93msid/perl-5.10.0/89ad/lib/5.10.0/x86_64-linux /home/sand/src/perl/repoperls/installed-perls/host/k93msid/perl-5.10.0/89ad/lib/5.10.0 /home/sand/src/perl/repoperls/installed-perls/host/k93msid/perl-5.10.0/89ad/lib/site_perl/5.10.0/x86_64-linux /home/sand/src/perl/repoperls/installed-perls/host/k93msid/perl-5.10.0/89ad/lib/site_perl/5.10.0 .) at /tmp/loop_over_bdir-30788-anHPgx/Web-AssetLib-0.042-0/blib/lib/Web/AssetLib/Util.pm line 3.
# BEGIN failed--compilation aborted at /tmp/loop_over_bdir-30788-anHPgx/Web-AssetLib-0.042-0/blib/lib/Web/AssetLib/Util.pm line 3.
# Compilation failed in require at /home/sand/src/perl/repoperls/installed-perls/host/k93msid/perl-5.10.0/89ad/lib/site_perl/5.10.0/Test/Compile/Internal.pm line 197.

#   Failed test 'blib/lib/Web/AssetLib/Util.pm compiles'
#   at t/00_compile.t line 6.
# Compilation of Test::Web::AssetLib::TestLibrary failed: Can't locate Method/Signatures.pm in @INC (@INC contains: /tmp/loop_over_bdir-30788-anHPgx/Web-AssetLib-0.042-0/blib/arch /tmp/loop_over_bdir-30788-anHPgx/Web-AssetLib-0.042-0/blib/lib /home/sand/src/perl/repoperls/installed-perls/host/k93msid/perl-5.10.0/89ad/lib/5.10.0/x86_64-linux /home/sand/src/perl/repoperls/installed-perls/host/k93msid/perl-5.10.0/89ad/lib/5.10.0 /home/sand/src/perl/repoperls/installed-perls/host/k93msid/perl-5.10.0/89ad/lib/site_perl/5.10.0/x86_64-linux /home/sand/src/perl/repoperls/installed-perls/host/k93msid/perl-5.10.0/89ad/lib/site_perl/5.10.0 .) at /tmp/loop_over_bdir-30788-anHPgx/Web-AssetLib-0.042-0/blib/lib/Test/Web/AssetLib/TestLibrary.pm line 3.
# BEGIN failed--compilation aborted at /tmp/loop_over_bdir-30788-anHPgx/Web-AssetLib-0.042-0/blib/lib/Test/Web/AssetLib/TestLibrary.pm line 3.
# Compilation failed in require at /home/sand/src/perl/repoperls/installed-perls/host/k93msid/perl-5.10.0/89ad/lib/site_perl/5.10.0/Test/Compile/Internal.pm line 197.

#   Failed test 'blib/lib/Test/Web/AssetLib/TestLibrary.pm compiles'
#   at t/00_compile.t line 6.
v-string in use/require non-portable at /tmp/loop_over_bdir-30788-anHPgx/Web-AssetLib-0.042-0/blib/lib/Test/Web/AssetLib/TestRole.pm line 10.
# Compilation of Test::Web::AssetLib::TestRole failed: Perl v5.14.0 required--this is only v5.10.0, stopped at /tmp/loop_over_bdir-30788-anHPgx/Web-AssetLib-0.042-0/blib/lib/Test/Web/AssetLib/TestRole.pm line 10.
# BEGIN failed--compilation aborted at /tmp/loop_over_bdir-30788-anHPgx/Web-AssetLib-0.042-0/blib/lib/Test/Web/AssetLib/TestRole.pm line 10.
# Compilation failed in require at /home/sand/src/perl/repoperls/installed-perls/host/k93msid/perl-5.10.0/89ad/lib/site_perl/5.10.0/Test/Compile/Internal.pm line 197.

#   Failed test 'blib/lib/Test/Web/AssetLib/TestRole.pm compiles'
#   at t/00_compile.t line 6.
# Compilation of Web::AssetLib::MinifierEngine::Standard failed: Can't locate Method/Signatures.pm in @INC (@INC contains: /tmp/loop_over_bdir-30788-anHPgx/Web-AssetLib-0.042-0/blib/arch /tmp/loop_over_bdir-30788-anHPgx/Web-AssetLib-0.042-0/blib/lib /home/sand/src/perl/repoperls/installed-perls/host/k93msid/perl-5.10.0/89ad/lib/5.10.0/x86_64-linux /home/sand/src/perl/repoperls/installed-perls/host/k93msid/perl-5.10.0/89ad/lib/5.10.0 /home/sand/src/perl/repoperls/installed-perls/host/k93msid/perl-5.10.0/89ad/lib/site_perl/5.10.0/x86_64-linux /home/sand/src/perl/repoperls/installed-perls/host/k93msid/perl-5.10.0/89ad/lib/site_perl/5.10.0 .) at /tmp/loop_over_bdir-30788-anHPgx/Web-AssetLib-0.042-0/blib/lib/Web/AssetLib/MinifierEngine/Standard.pm line 3.
# BEGIN failed--compilation aborted at /tmp/loop_over_bdir-30788-anHPgx/Web-AssetLib-0.042-0/blib/lib/Web/AssetLib/MinifierEngine/Standard.pm line 3.
# Compilation failed in require at /home/sand/src/perl/repoperls/installed-perls/host/k93msid/perl-5.10.0/89ad/lib/site_perl/5.10.0/Test/Compile/Internal.pm line 197.

#   Failed test 'blib/lib/Web/AssetLib/MinifierEngine/Standard.pm compiles'
#   at t/00_compile.t line 6.
# Compilation of Web::AssetLib::InputEngine::LocalFile failed: Can't locate Method/Signatures.pm in @INC (@INC contains: /tmp/loop_over_bdir-30788-anHPgx/Web-AssetLib-0.042-0/blib/arch /tmp/loop_over_bdir-30788-anHPgx/Web-AssetLib-0.042-0/blib/lib /home/sand/src/perl/repoperls/installed-perls/host/k93msid/perl-5.10.0/89ad/lib/5.10.0/x86_64-linux /home/sand/src/perl/repoperls/installed-perls/host/k93msid/perl-5.10.0/89ad/lib/5.10.0 /home/sand/src/perl/repoperls/installed-perls/host/k93msid/perl-5.10.0/89ad/lib/site_perl/5.10.0/x86_64-linux /home/sand/src/perl/repoperls/installed-perls/host/k93msid/perl-5.10.0/89ad/lib/site_perl/5.10.0 .) at /tmp/loop_over_bdir-30788-anHPgx/Web-AssetLib-0.042-0/blib/lib/Web/AssetLib/InputEngine/LocalFile.pm line 3.
# BEGIN failed--compilation aborted at /tmp/loop_over_bdir-30788-anHPgx/Web-AssetLib-0.042-0/blib/lib/Web/AssetLib/InputEngine/LocalFile.pm line 3.
# Compilation failed in require at /home/sand/src/perl/repoperls/installed-perls/host/k93msid/perl-5.10.0/89ad/lib/site_perl/5.10.0/Test/Compile/Internal.pm line 197.

#   Failed test 'blib/lib/Web/AssetLib/InputEngine/LocalFile.pm compiles'
#   at t/00_compile.t line 6.
# Compilation of Web::AssetLib::InputEngine::RemoteFile failed: Can't locate Method/Signatures.pm in @INC (@INC contains: /tmp/loop_over_bdir-30788-anHPgx/Web-AssetLib-0.042-0/blib/arch /tmp/loop_over_bdir-30788-anHPgx/Web-AssetLib-0.042-0/blib/lib /home/sand/src/perl/repoperls/installed-perls/host/k93msid/perl-5.10.0/89ad/lib/5.10.0/x86_64-linux /home/sand/src/perl/repoperls/installed-perls/host/k93msid/perl-5.10.0/89ad/lib/5.10.0 /home/sand/src/perl/repoperls/installed-perls/host/k93msid/perl-5.10.0/89ad/lib/site_perl/5.10.0/x86_64-linux /home/sand/src/perl/repoperls/installed-perls/host/k93msid/perl-5.10.0/89ad/lib/site_perl/5.10.0 .) at /tmp/loop_over_bdir-30788-anHPgx/Web-AssetLib-0.042-0/blib/lib/Web/AssetLib/InputEngine/RemoteFile.pm line 3.
# BEGIN failed--compilation aborted at /tmp/loop_over_bdir-30788-anHPgx/Web-AssetLib-0.042-0/blib/lib/Web/AssetLib/InputEngine/RemoteFile.pm line 3.
# Compilation failed in require at /home/sand/src/perl/repoperls/installed-perls/host/k93msid/perl-5.10.0/89ad/lib/site_perl/5.10.0/Test/Compile/Internal.pm line 197.

#   Failed test 'blib/lib/Web/AssetLib/InputEngine/RemoteFile.pm compiles'
#   at t/00_compile.t line 6.
# Compilation of Web::AssetLib::InputEngine::Content failed: Can't locate Method/Signatures.pm in @INC (@INC contains: /tmp/loop_over_bdir-30788-anHPgx/Web-AssetLib-0.042-0/blib/arch /tmp/loop_over_bdir-30788-anHPgx/Web-AssetLib-0.042-0/blib/lib /home/sand/src/perl/repoperls/installed-perls/host/k93msid/perl-5.10.0/89ad/lib/5.10.0/x86_64-linux /home/sand/src/perl/repoperls/installed-perls/host/k93msid/perl-5.10.0/89ad/lib/5.10.0 /home/sand/src/perl/repoperls/installed-perls/host/k93msid/perl-5.10.0/89ad/lib/site_perl/5.10.0/x86_64-linux /home/sand/src/perl/repoperls/installed-perls/host/k93msid/perl-5.10.0/89ad/lib/site_perl/5.10.0 .) at /tmp/loop_over_bdir-30788-anHPgx/Web-AssetLib-0.042-0/blib/lib/Web/AssetLib/InputEngine/Content.pm line 3.
# BEGIN failed--compilation aborted at /tmp/loop_over_bdir-30788-anHPgx/Web-AssetLib-0.042-0/blib/lib/Web/AssetLib/InputEngine/Content.pm line 3.
# Compilation failed in require at /home/sand/src/perl/repoperls/installed-perls/host/k93msid/perl-5.10.0/89ad/lib/site_perl/5.10.0/Test/Compile/Internal.pm line 197.

#   Failed test 'blib/lib/Web/AssetLib/InputEngine/Content.pm compiles'
#   at t/00_compile.t line 6.
# Compilation of Web::AssetLib::OutputEngine::LocalFile failed: Can't locate Method/Signatures.pm in @INC (@INC contains: /tmp/loop_over_bdir-30788-anHPgx/Web-AssetLib-0.042-0/blib/arch /tmp/loop_over_bdir-30788-anHPgx/Web-AssetLib-0.042-0/blib/lib /home/sand/src/perl/repoperls/installed-perls/host/k93msid/perl-5.10.0/89ad/lib/5.10.0/x86_64-linux /home/sand/src/perl/repoperls/installed-perls/host/k93msid/perl-5.10.0/89ad/lib/5.10.0 /home/sand/src/perl/repoperls/installed-perls/host/k93msid/perl-5.10.0/89ad/lib/site_perl/5.10.0/x86_64-linux /home/sand/src/perl/repoperls/installed-perls/host/k93msid/perl-5.10.0/89ad/lib/site_perl/5.10.0 .) at /tmp/loop_over_bdir-30788-anHPgx/Web-AssetLib-0.042-0/blib/lib/Web/AssetLib/OutputEngine/LocalFile.pm line 3.
# BEGIN failed--compilation aborted at /tmp/loop_over_bdir-30788-anHPgx/Web-AssetLib-0.042-0/blib/lib/Web/AssetLib/OutputEngine/LocalFile.pm line 3.
# Compilation failed in require at /home/sand/src/perl/repoperls/installed-perls/host/k93msid/perl-5.10.0/89ad/lib/site_perl/5.10.0/Test/Compile/Internal.pm line 197.

#   Failed test 'blib/lib/Web/AssetLib/OutputEngine/LocalFile.pm compiles'
#   at t/00_compile.t line 6.
# Compilation of Web::AssetLib::OutputEngine::String failed: Can't locate Method/Signatures.pm in @INC (@INC contains: /tmp/loop_over_bdir-30788-anHPgx/Web-AssetLib-0.042-0/blib/arch /tmp/loop_over_bdir-30788-anHPgx/Web-AssetLib-0.042-0/blib/lib /home/sand/src/perl/repoperls/installed-perls/host/k93msid/perl-5.10.0/89ad/lib/5.10.0/x86_64-linux /home/sand/src/perl/repoperls/installed-perls/host/k93msid/perl-5.10.0/89ad/lib/5.10.0 /home/sand/src/perl/repoperls/installed-perls/host/k93msid/perl-5.10.0/89ad/lib/site_perl/5.10.0/x86_64-linux /home/sand/src/perl/repoperls/installed-perls/host/k93msid/perl-5.10.0/89ad/lib/site_perl/5.10.0 .) at /tmp/loop_over_bdir-30788-anHPgx/Web-AssetLib-0.042-0/blib/lib/Web/AssetLib/OutputEngine/String.pm line 3.
# BEGIN failed--compilation aborted at /tmp/loop_over_bdir-30788-anHPgx/Web-AssetLib-0.042-0/blib/lib/Web/AssetLib/OutputEngine/String.pm line 3.
# Compilation failed in require at /home/sand/src/perl/repoperls/installed-perls/host/k93msid/perl-5.10.0/89ad/lib/site_perl/5.10.0/Test/Compile/Internal.pm line 197.

#   Failed test 'blib/lib/Web/AssetLib/OutputEngine/String.pm compiles'
#   at t/00_compile.t line 6.
v-string in use/require non-portable at /tmp/loop_over_bdir-30788-anHPgx/Web-AssetLib-0.042-0/blib/lib/Web/AssetLib/Role/Logger.pm line 7.
# Compilation of Web::AssetLib::Role::Logger failed: Perl v5.14.0 required--this is only v5.10.0, stopped at /tmp/loop_over_bdir-30788-anHPgx/Web-AssetLib-0.042-0/blib/lib/Web/AssetLib/Role/Logger.pm line 7.
# BEGIN failed--compilation aborted at /tmp/loop_over_bdir-30788-anHPgx/Web-AssetLib-0.042-0/blib/lib/Web/AssetLib/Role/Logger.pm line 7.
# Compilation failed in require at /home/sand/src/perl/repoperls/installed-perls/host/k93msid/perl-5.10.0/89ad/lib/site_perl/5.10.0/Test/Compile/Internal.pm line 197.

#   Failed test 'blib/lib/Web/AssetLib/Role/Logger.pm compiles'
#   at t/00_compile.t line 6.
# Looks like you failed 17 tests of 20.
t/00_compile.t ................. 
Dubious, test returned 17 (wstat 4352, 0x1100)
Failed 17/20 subtests 
Can't locate Method/Signatures.pm in @INC (@INC contains: /tmp/loop_over_bdir-30788-anHPgx/Web-AssetLib-0.042-0/t/lib /tmp/loop_over_bdir-30788-anHPgx/Web-AssetLib-0.042-0/blib/arch /tmp/loop_over_bdir-30788-anHPgx/Web-AssetLib-0.042-0/blib/lib /home/sand/src/perl/repoperls/installed-perls/host/k93msid/perl-5.10.0/89ad/lib/5.10.0/x86_64-linux /home/sand/src/perl/repoperls/installed-perls/host/k93msid/perl-5.10.0/89ad/lib/5.10.0 /home/sand/src/perl/repoperls/installed-perls/host/k93msid/perl-5.10.0/89ad/lib/site_perl/5.10.0/x86_64-linux /home/sand/src/perl/repoperls/installed-perls/host/k93msid/perl-5.10.0/89ad/lib/site_perl/5.10.0 .) at /tmp/loop_over_bdir-30788-anHPgx/Web-AssetLib-0.042-0/blib/lib/Web/AssetLib/Bundle.pm line 3.
BEGIN failed--compilation aborted at /tmp/loop_over_bdir-30788-anHPgx/Web-AssetLib-0.042-0/blib/lib/Web/AssetLib/Bundle.pm line 3.
Compilation failed in require at t/20-Library.t line 16.
BEGIN failed--compilation aborted at t/20-Library.t line 16.
t/20-Library.t ................. skipped: (no reason given)
Can't locate Method/Signatures.pm in @INC (@INC contains: /tmp/loop_over_bdir-30788-anHPgx/Web-AssetLib-0.042-0/t/lib /tmp/loop_over_bdir-30788-anHPgx/Web-AssetLib-0.042-0/blib/arch /tmp/loop_over_bdir-30788-anHPgx/Web-AssetLib-0.042-0/blib/lib /home/sand/src/perl/repoperls/installed-perls/host/k93msid/perl-5.10.0/89ad/lib/5.10.0/x86_64-linux /home/sand/src/perl/repoperls/installed-perls/host/k93msid/perl-5.10.0/89ad/lib/5.10.0 /home/sand/src/perl/repoperls/installed-perls/host/k93msid/perl-5.10.0/89ad/lib/site_perl/5.10.0/x86_64-linux /home/sand/src/perl/repoperls/installed-perls/host/k93msid/perl-5.10.0/89ad/lib/site_perl/5.10.0 .) at /tmp/loop_over_bdir-30788-anHPgx/Web-AssetLib-0.042-0/blib/lib/Web/AssetLib/Bundle.pm line 3.
BEGIN failed--compilation aborted at /tmp/loop_over_bdir-30788-anHPgx/Web-AssetLib-0.042-0/blib/lib/Web/AssetLib/Bundle.pm line 3.
Compilation failed in require at t/25-InputEngine-RemoteFile.t line 16.
BEGIN failed--compilation aborted at t/25-InputEngine-RemoteFile.t line 16.
t/25-InputEngine-RemoteFile.t .. skipped: (no reason given)
Can't locate Method/Signatures.pm in @INC (@INC contains: /tmp/loop_over_bdir-30788-anHPgx/Web-AssetLib-0.042-0/t/lib /tmp/loop_over_bdir-30788-anHPgx/Web-AssetLib-0.042-0/blib/arch /tmp/loop_over_bdir-30788-anHPgx/Web-AssetLib-0.042-0/blib/lib /home/sand/src/perl/repoperls/installed-perls/host/k93msid/perl-5.10.0/89ad/lib/5.10.0/x86_64-linux /home/sand/src/perl/repoperls/installed-perls/host/k93msid/perl-5.10.0/89ad/lib/5.10.0 /home/sand/src/perl/repoperls/installed-perls/host/k93msid/perl-5.10.0/89ad/lib/site_perl/5.10.0/x86_64-linux /home/sand/src/perl/repoperls/installed-perls/host/k93msid/perl-5.10.0/89ad/lib/site_perl/5.10.0 .) at /tmp/loop_over_bdir-30788-anHPgx/Web-AssetLib-0.042-0/blib/lib/Web/AssetLib/Bundle.pm line 3.
BEGIN failed--compilation aborted at /tmp/loop_over_bdir-30788-anHPgx/Web-AssetLib-0.042-0/blib/lib/Web/AssetLib/Bundle.pm line 3.
Compilation failed in require at t/30-OutputEngine-LocalFile.t line 16.
BEGIN failed--compilation aborted at t/30-OutputEngine-LocalFile.t line 16.
t/30-OutputEngine-LocalFile.t .. skipped: (no reason given)
Can't locate Method/Signatures.pm in @INC (@INC contains: /tmp/loop_over_bdir-30788-anHPgx/Web-AssetLib-0.042-0/t/lib /tmp/loop_over_bdir-30788-anHPgx/Web-AssetLib-0.042-0/blib/arch /tmp/loop_over_bdir-30788-anHPgx/Web-AssetLib-0.042-0/blib/lib /home/sand/src/perl/repoperls/installed-perls/host/k93msid/perl-5.10.0/89ad/lib/5.10.0/x86_64-linux /home/sand/src/perl/repoperls/installed-perls/host/k93msid/perl-5.10.0/89ad/lib/5.10.0 /home/sand/src/perl/repoperls/installed-perls/host/k93msid/perl-5.10.0/89ad/lib/site_perl/5.10.0/x86_64-linux /home/sand/src/perl/repoperls/installed-perls/host/k93msid/perl-5.10.0/89ad/lib/site_perl/5.10.0 .) at /tmp/loop_over_bdir-30788-anHPgx/Web-AssetLib-0.042-0/blib/lib/Web/AssetLib/Bundle.pm line 3.
BEGIN failed--compilation aborted at /tmp/loop_over_bdir-30788-anHPgx/Web-AssetLib-0.042-0/blib/lib/Web/AssetLib/Bundle.pm line 3.
Compilation failed in require at t/30-OutputEngine-String.t line 16.
BEGIN failed--compilation aborted at t/30-OutputEngine-String.t line 16.
t/30-OutputEngine-String.t ..... skipped: (no reason given)

Test Summary Report
-------------------
t/00_compile.t               (Wstat: 4352 Tests: 20 Failed: 17)
  Failed tests:  1-5, 7-12, 15-20
  Non-zero exit status: 17
t/20-Library.t               (Wstat: 512 Tests: 0 Failed: 0)
  Non-zero exit status: 2
t/25-InputEngine-RemoteFile.t (Wstat: 512 Tests: 0 Failed: 0)
  Non-zero exit status: 2
t/30-OutputEngine-LocalFile.t (Wstat: 512 Tests: 0 Failed: 0)
  Non-zero exit status: 2
t/30-OutputEngine-String.t   (Wstat: 512 Tests: 0 Failed: 0)
  Non-zero exit status: 2
Files=5, Tests=20,  4 wallclock secs ( 0.02 usr  0.04 sys +  1.58 cusr  0.28 csys =  1.92 CPU)
Result: FAIL

------------------------------
PREREQUISITES
------------------------------

Prerequisite modules loaded:

requires:

    Module                   Need  Have    
    ------------------------ ----- --------
    Data::Dump               0     1.23    
  ! HTML::Element            0     n/a     
    HTTP::Request            0     6.11    
    Log::Log4perl            0     1.49    
    LWP::UserAgent           0     6.24    
  ! Method::Signatures       0     n/a     
    Moo                      0     2.003001
    Moose                    0     2.2004  
    MooseX::Aliases          0     0.11    
    MooseX::Log::Log4perl    0     0.47    
    Path::Tiny               0     0.104   
    Types::Standard          0     1.000006

build_requires:

    Module                   Need  Have    
    ------------------------ ----- --------
    CSS::Minifier::XS        0     0.09    
    JavaScript::Minifier::XS 0     0.11    
    LWP::Protocol::https     0     6.07    
    Test::Compile            0     v1.3.0  
    Test::More               0.98  1.302078
    Test::Most               0     0.35    

configure_requires:

    Module                   Need  Have    
    ------------------------ ----- --------
    Module::Build::Tiny      0.035 0.039   


------------------------------
ENVIRONMENT AND OTHER CONTEXT
------------------------------

Environment variables:

    AUTOMATED_TESTING = 1
    LANG = en_US.UTF-8
    PATH = /home/sand/bin:/usr/local/bin:/usr/bin:/bin:/usr/games:/usr/local/perl/bin:/usr/X11/bin:/sbin:/usr/sbin
    PERL5LIB = 
    PERL5OPT = 
    PERL5_CPANPLUS_IS_RUNNING = 30795
    PERL5_CPAN_IS_RUNNING = 30795
    PERL_CANARY_STABILITY_NOPROMPT = 1
    PERL_MM_USE_DEFAULT = 1
    PERL_USE_UNSAFE_INC = 1
    SHELL = /usr/bin/zsh
    TERM = screen

Perl special variables (and OS-specific diagnostics, for MSWin32):

    $^X = /home/sand/src/perl/repoperls/installed-perls/host/k93msid/perl-5.10.0/89ad/bin/perl
    $UID/$EUID = 1005 / 1005
    $GID = 1005 1005
    $EGID = 1005 1005

Perl module toolchain versions installed:

    Module              Have    
    ------------------- --------
    CPAN                2.17    
    CPAN::Meta          2.150010
    Cwd                 3.62    
    ExtUtils::CBuilder  0.280224
    ExtUtils::Command   7.24    
    ExtUtils::Install   1.54    
    ExtUtils::MakeMaker 7.24    
    ExtUtils::Manifest  1.70    
    ExtUtils::ParseXS   3.30    
    File::Spec          3.62    
    JSON                2.90    
    JSON::PP            2.27400 
    Module::Build       0.42_21 
    Module::Signature   0.81    
    Parse::CPAN::Meta   2.150010
    Test::Harness       3.38    
    Test::More          1.302078
    YAML                1.23    
    YAML::Syck          1.29    
    version             0.9917  


--

Summary of my perl5 (revision 5 version 10 subversion 0) configuration:
  Platform:
    osname=linux, osvers=4.9.0-2-amd64, archname=x86_64-linux
    uname='linux k93msid 4.9.0-2-amd64 #1 smp debian 4.9.13-1 (2017-02-27) x86_64 gnulinux '
    config_args='-Dprefix=/home/sand/src/perl/repoperls/installed-perls/host/k93msid/perl-5.10.0/89ad -Dmyhostname=k93msid -Dinstallusrbinperl=n -Uversiononly -Dusedevel -des -Ui_db -Dlibswanted=cl pthread socket inet nsl gdbm dbm malloc dl ld sun m crypt sec util c cposix posix ucb BSD gdbm_compat -Uuseithreads -Uuselongdouble -DDEBUGGING=-g'
    hint=recommended, useposix=true, d_sigaction=define
    useithreads=undef, usemultiplicity=undef
    useperlio=define, d_sfio=undef, uselargefiles=define, usesocks=undef
    use64bitint=define, use64bitall=define, uselongdouble=undef
    usemymalloc=n, bincompat5005=undef
  Compiler:
    cc='cc', ccflags ='-fno-strict-aliasing -pipe -I/usr/local/include -D_LARGEFILE_SOURCE -D_FILE_OFFSET_BITS=64',
    optimize='-O2 -g',
    cppflags='-fno-strict-aliasing -pipe -I/usr/local/include'
    ccversion='', gccversion='6.3.0 20170316', gccosandvers=''
    intsize=4, longsize=8, ptrsize=8, doublesize=8, byteorder=12345678
    d_longlong=define, longlongsize=8, d_longdbl=define, longdblsize=16
    ivtype='long', ivsize=8, nvtype='double', nvsize=8, Off_t='off_t', lseeksize=8
    alignbytes=8, prototype=define
  Linker and Libraries:
    ld='cc', ldflags =' -L/usr/local/lib'
    libpth=/usr/local/lib /lib/x86_64-linux-gnu /lib/../lib /usr/lib/x86_64-linux-gnu /usr/lib/../lib /lib /usr/lib
    libs=-lpthread -lnsl -ldl -lm -lcrypt -lutil -lc
    perllibs=-lpthread -lnsl -ldl -lm -lcrypt -lutil -lc
    libc=libc-2.24.so, so=so, useshrplib=false, libperl=libperl.a
    gnulibc_version='2.24'
  Dynamic Linking:
    dlsrc=dl_dlopen.xs, dlext=so, d_dlsymun=undef, ccdlflags='-Wl,-E'
    cccdlflags='-fPIC', lddlflags='-shared -O2 -g -L/usr/local/lib'


Characteristics of this binary (from libperl): 
  Compile-time options: PERL_DONT_CREATE_GVSV PERL_MALLOC_WRAP USE_64_BIT_ALL
                        USE_64_BIT_INT USE_LARGE_FILES USE_PERLIO
  Built under linux
  Compiled at Mar 19 2017 22:05:12
  %ENV:
    PERL5LIB=""
    PERL5OPT=""
    PERL5_CPANPLUS_IS_RUNNING="30795"
    PERL5_CPAN_IS_RUNNING="30795"
    PERL_CANARY_STABILITY_NOPROMPT="1"
    PERL_MM_USE_DEFAULT="1"
    PERL_USE_UNSAFE_INC="1"
  @INC:
    /home/sand/src/perl/repoperls/installed-perls/host/k93msid/perl-5.10.0/89ad/lib/5.10.0/x86_64-linux
    /home/sand/src/perl/repoperls/installed-perls/host/k93msid/perl-5.10.0/89ad/lib/5.10.0
    /home/sand/src/perl/repoperls/installed-perls/host/k93msid/perl-5.10.0/89ad/lib/site_perl/5.10.0/x86_64-linux
    /home/sand/src/perl/repoperls/installed-perls/host/k93msid/perl-5.10.0/89ad/lib/site_perl/5.10.0
    .