Report for Sys-PageCache-0.04

Back
From: metabase:user:322078bc-2aae-11df-837a-5e0a49663a4f
Subject: FAIL Sys-PageCache-0.04 v5.8.9 FreeBSD
Date: 2017-06-24T12:01:03Z

This distribution has been tested as part of the CPAN Testers
project, supporting the Perl programming language.  See
http://wiki.cpantesters.org/ for more information or email
questions to cpan-testers-discuss@perl.org


--

Dear HIROSE,

This is a computer-generated error report created automatically by
CPANPLUS, version 0.9168. Testers personal comments may appear
at the end of this report.


Thank you for uploading your work to CPAN.  However, it appears that
there were some problems testing your distribution.

TEST RESULTS:

Below is the error stack from stage 'make test':

"/usr/home/cpan/pit/thr/perl-5.8.9/bin/perl" -MExtUtils::Command::MM -e 'cp_nonempty' -- PageCache.bs blib/arch/auto/Sys/PageCache/PageCache.bs 644
PERL_DL_NONLAZY=1 "/usr/home/cpan/pit/thr/perl-5.8.9/bin/perl" "-MExtUtils::Command::MM" "-MTest::Harness" "-e" "undef *Test::Harness::Switches; test_harness(0, 'blib/lib', 'blib/arch')" t/*.t
t/00_compile.t .......... ok
# page_size: 4096
t/09_page_size.t ........ ok
# page_size: 4096
# tempfile: /tmp/EXp0mGu0ST
t/10_fincore.t .......... ok
# page_size: 4096
# tempfile: /tmp/yLzSfnRJKI

#   Failed test 'cached pages (0)'
#   at t/11_fadvise.t line 38.
#          got: '9'
#     expected: '0'
# Looks like you failed 1 test of 11.
t/11_fadvise.t .......... 
Dubious, test returned 1 (wstat 256, 0x100)
Failed 1/11 subtests 
# page_size: 4096
# tempfile: /tmp/V_yEgz1hUE
t/15_too-long-length.t .. ok
# page_size: 4096
# tempfile: /tmp/u4V9ckMofW

#   Failed test 'cached pages (0)'
#   at t/20_fincore-more.t line 23.
#          got: '9'
#     expected: '0'

#   Failed test 'cached pages 9 < 8 + 1'
#   at t/20_fincore-more.t line 32.
# offset: 40960

#   Failed test 'cached pages 9 < 8 + 1'
#   at t/20_fincore-more.t line 44.
# Looks like you failed 3 tests of 8.
t/20_fincore-more.t ..... 
Dubious, test returned 3 (wstat 768, 0x300)
Failed 3/8 subtests 
# page_size: 4096
# tempfile: /tmp/5btKF929b6

    #   Failed test 'cached pages 9 == 0'
    #   at t/21_fadvice-more.t line 46.
    # Looks like you failed 1 test of 5.

#   Failed test '1.0'
#   at t/21_fadvice-more.t line 47.

    #   Failed test 'cached pages 9 < 8+1'
    #   at t/21_fadvice-more.t line 61.
    # Looks like you failed 1 test of 6.

#   Failed test '0.6'
#   at t/21_fadvice-more.t line 62.
# Looks like you failed 2 tests of 10.
t/21_fadvice-more.t ..... 
Dubious, test returned 2 (wstat 512, 0x200)
Failed 2/10 subtests 

Test Summary Report
-------------------
t/11_fadvise.t        (Wstat: 256 Tests: 11 Failed: 1)
  Failed test:  11
  Non-zero exit status: 1
t/20_fincore-more.t   (Wstat: 768 Tests: 8 Failed: 3)
  Failed tests:  2, 4, 8
  Non-zero exit status: 3
t/21_fadvice-more.t   (Wstat: 512 Tests: 10 Failed: 2)
  Failed tests:  5, 10
  Non-zero exit status: 2
Files=7, Tests=38,  2 wallclock secs ( 0.07 usr  0.04 sys +  0.84 cusr  0.49 csys =  1.45 CPU)
Result: FAIL
Failed 3/7 test programs. 6/38 subtests failed.
*** Error code 2

Stop.
make: stopped in /usr/home/cpan/pit/thr/conf/perl-5.8.9/.cpanplus/5.8.9/build/x3eVGMF2gk/Sys-PageCache-0.04


PREREQUISITES:

Here is a list of prerequisites you specified and versions we
managed to load:

	  Module Name                        Have     Want
	  File::Temp                       0.2304        0
	  Pod::Usage                         1.69     1.36
	  Test::More                     1.302085        0
	  Test::Output                      1.031        0

Perl module toolchain versions installed:
	Module Name                        Have
	CPANPLUS                         0.9168
	CPANPLUS::Dist::Build              0.88
	Cwd                                3.62
	ExtUtils::CBuilder             0.280224
	ExtUtils::Command                  7.28
	ExtUtils::Install                  2.14
	ExtUtils::MakeMaker                7.28
	ExtUtils::Manifest                 1.70
	ExtUtils::ParseXS                  3.30
	File::Spec                         3.62
	Module::Build                    0.4224
	Pod::Parser                        1.35
	Pod::Simple                        3.35
	Test2                          1.302085
	Test::Harness                      3.39
	Test::More                     1.302085
	version                          0.9918

******************************** NOTE ********************************
The comments above are created mechanically, possibly without manual
checking by the sender.  As there are many people performing automatic
tests on each upload to CPAN, it is likely that you will receive
identical messages about the same problem.

If you believe that the message is mistaken, please reply to the first
one with correction and/or additional informations, and do not take
it personally.  We appreciate your patience. :)
**********************************************************************

Additional comments:


This report was machine-generated by CPANPLUS::Dist::YACSmoke 1.02.
Powered by minismokebox version 0.68

------------------------------
ENVIRONMENT AND OTHER CONTEXT
------------------------------

Environment variables:

    AUTOMATED_TESTING = 1
    NONINTERACTIVE_TESTING = 1
    PATH = /usr/home/cpan/pit/thr/conf/perl-5.8.9/.cpanplus/5.8.9/build/x3eVGMF2gk/Sys-PageCache-0.04/blib/script:/usr/home/cpan/pit/thr/conf/perl-5.8.9/.cpanplus/5.8.9/build/2AsDqAt6NY/Pod-Usage-1.69/blib/script:/sbin:/bin:/usr/sbin:/usr/bin:/usr/local/sbin:/usr/local/bin:/home/cpan/bin
    PERL5LIB = :/usr/home/cpan/pit/thr/conf/perl-5.8.9/.cpanplus/5.8.9/build/2AsDqAt6NY/Pod-Usage-1.69/blib/lib:/usr/home/cpan/pit/thr/conf/perl-5.8.9/.cpanplus/5.8.9/build/2AsDqAt6NY/Pod-Usage-1.69/blib/arch:/usr/home/cpan/pit/thr/conf/perl-5.8.9/.cpanplus/5.8.9/build/fX1gbiuAUk/Capture-Tiny-0.46/blib/lib:/usr/home/cpan/pit/thr/conf/perl-5.8.9/.cpanplus/5.8.9/build/fX1gbiuAUk/Capture-Tiny-0.46/blib/arch:/usr/home/cpan/pit/thr/conf/perl-5.8.9/.cpanplus/5.8.9/build/of3zV5ZY1p/Test-Output-1.031/blib/lib:/usr/home/cpan/pit/thr/conf/perl-5.8.9/.cpanplus/5.8.9/build/of3zV5ZY1p/Test-Output-1.031/blib/arch:/usr/home/cpan/pit/thr/conf/perl-5.8.9/.cpanplus/5.8.9/build/x3eVGMF2gk/Sys-PageCache-0.04/blib/lib:/usr/home/cpan/pit/thr/conf/perl-5.8.9/.cpanplus/5.8.9/build/x3eVGMF2gk/Sys-PageCache-0.04/blib/arch
    PERL5_CPANPLUS_IS_RUNNING = 74476
    PERL5_CPANPLUS_IS_VERSION = 0.9168
    PERL5_MINISMOKEBOX = 0.68
    PERL5_YACSMOKE_BASE = /usr/home/cpan/pit/thr/conf/perl-5.8.9
    PERL_EXTUTILS_AUTOINSTALL = --defaultdeps
    PERL_MM_USE_DEFAULT = 1
    SHELL = /usr/local/bin/bash
    TERM = screen

Perl special variables (and OS-specific diagnostics, for MSWin32):

    Perl: $^X = /usr/home/cpan/pit/thr/perl-5.8.9/bin/perl
    UID:  $<  = 1002
    EUID: $>  = 1002
    GID:  $(  = 1002 1002
    EGID: $)  = 1002 1002


-------------------------------


--

Summary of my perl5 (revision 5 version 8 subversion 9) configuration:
  Platform:
    osname=freebsd, osvers=11.0-release-p1, archname=amd64-freebsd-thread-multi
    uname='freebsd fforc 11.0-release-p1 freebsd 11.0-release-p1 #0 r306420: thu sep 29 01:43:23 utc 2016 root@releng2.nyi.freebsd.org:usrobjusrsrcsysgeneric amd64 '
    config_args='-des -Dprefix=/usr/home/cpan/pit/thr/perl-5.8.9 -Dusethreads'
    hint=recommended, useposix=true, d_sigaction=define
    usethreads=define use5005threads=undef useithreads=define usemultiplicity=define
    useperlio=define d_sfio=undef uselargefiles=define usesocks=undef
    use64bitint=define use64bitall=define uselongdouble=undef
    usemymalloc=n, bincompat5005=undef
  Compiler:
    cc='cc', ccflags ='-DHAS_FPSETMASK -DHAS_FLOATINGPOINT_H -fno-strict-aliasing -pipe -I/usr/local/include',
    optimize='-O',
    cppflags='-DHAS_FPSETMASK -DHAS_FLOATINGPOINT_H -fno-strict-aliasing -pipe -I/usr/local/include'
    ccversion='', gccversion='4.2.1 Compatible FreeBSD Clang 3.8.0 (tags/RELEASE_380/final 262564)', gccosandvers=''
    intsize=4, longsize=8, ptrsize=8, doublesize=8, byteorder=12345678
    d_longlong=define, longlongsize=8, d_longdbl=define, longdblsize=16
    ivtype='long', ivsize=8, nvtype='double', nvsize=8, Off_t='off_t', lseeksize=8
    alignbytes=8, prototype=define
  Linker and Libraries:
    ld='cc', ldflags ='-pthread -Wl,-E  -L/usr/local/lib'
    libpth=/usr/lib /usr/local/lib
    libs=-lgdbm -lm -lcrypt -lutil
    perllibs=-lm -lcrypt -lutil
    libc=, so=so, useshrplib=false, libperl=libperl.a
    gnulibc_version=''
  Dynamic Linking:
    dlsrc=dl_dlopen.xs, dlext=so, d_dlsymun=undef, ccdlflags=' '
    cccdlflags='-DPIC -fPIC', lddlflags='-shared  -L/usr/local/lib'


Characteristics of this binary (from libperl): 
  Compile-time options: MULTIPLICITY PERL_IMPLICIT_CONTEXT PERL_MALLOC_WRAP
                        USE_64_BIT_ALL USE_64_BIT_INT USE_FAST_STDIO
                        USE_ITHREADS USE_LARGE_FILES USE_PERLIO
                        USE_REENTRANT_API
  Locally applied patches:
	Devel::PatchPerl 1.48
  Built under freebsd
  Compiled at Mar 15 2017 21:50:09
  %ENV:
    PERL5LIB=":/usr/home/cpan/pit/thr/conf/perl-5.8.9/.cpanplus/5.8.9/build/2AsDqAt6NY/Pod-Usage-1.69/blib/lib:/usr/home/cpan/pit/thr/conf/perl-5.8.9/.cpanplus/5.8.9/build/2AsDqAt6NY/Pod-Usage-1.69/blib/arch:/usr/home/cpan/pit/thr/conf/perl-5.8.9/.cpanplus/5.8.9/build/fX1gbiuAUk/Capture-Tiny-0.46/blib/lib:/usr/home/cpan/pit/thr/conf/perl-5.8.9/.cpanplus/5.8.9/build/fX1gbiuAUk/Capture-Tiny-0.46/blib/arch:/usr/home/cpan/pit/thr/conf/perl-5.8.9/.cpanplus/5.8.9/build/of3zV5ZY1p/Test-Output-1.031/blib/lib:/usr/home/cpan/pit/thr/conf/perl-5.8.9/.cpanplus/5.8.9/build/of3zV5ZY1p/Test-Output-1.031/blib/arch:/usr/home/cpan/pit/thr/conf/perl-5.8.9/.cpanplus/5.8.9/build/x3eVGMF2gk/Sys-PageCache-0.04/blib/lib:/usr/home/cpan/pit/thr/conf/perl-5.8.9/.cpanplus/5.8.9/build/x3eVGMF2gk/Sys-PageCache-0.04/blib/arch"
    PERL5_CPANPLUS_IS_RUNNING="74476"
    PERL5_CPANPLUS_IS_VERSION="0.9168"
    PERL5_MINISMOKEBOX="0.68"
    PERL5_YACSMOKE_BASE="/usr/home/cpan/pit/thr/conf/perl-5.8.9"
    PERL_EXTUTILS_AUTOINSTALL="--defaultdeps"
    PERL_MM_USE_DEFAULT="1"
  @INC:
    /usr/home/cpan/pit/thr/conf/perl-5.8.9/.cpanplus/5.8.9/build/2AsDqAt6NY/Pod-Usage-1.69/blib/lib
    /usr/home/cpan/pit/thr/conf/perl-5.8.9/.cpanplus/5.8.9/build/2AsDqAt6NY/Pod-Usage-1.69/blib/arch
    /usr/home/cpan/pit/thr/conf/perl-5.8.9/.cpanplus/5.8.9/build/fX1gbiuAUk/Capture-Tiny-0.46/blib/lib
    /usr/home/cpan/pit/thr/conf/perl-5.8.9/.cpanplus/5.8.9/build/fX1gbiuAUk/Capture-Tiny-0.46/blib/arch
    /usr/home/cpan/pit/thr/conf/perl-5.8.9/.cpanplus/5.8.9/build/of3zV5ZY1p/Test-Output-1.031/blib/lib
    /usr/home/cpan/pit/thr/conf/perl-5.8.9/.cpanplus/5.8.9/build/of3zV5ZY1p/Test-Output-1.031/blib/arch
    /usr/home/cpan/pit/thr/conf/perl-5.8.9/.cpanplus/5.8.9/build/x3eVGMF2gk/Sys-PageCache-0.04/blib/lib
    /usr/home/cpan/pit/thr/conf/perl-5.8.9/.cpanplus/5.8.9/build/x3eVGMF2gk/Sys-PageCache-0.04/blib/arch
    /usr/home/cpan/pit/thr/perl-5.8.9/lib/5.8.9/amd64-freebsd-thread-multi
    /usr/home/cpan/pit/thr/perl-5.8.9/lib/5.8.9
    /usr/home/cpan/pit/thr/perl-5.8.9/lib/site_perl/5.8.9/amd64-freebsd-thread-multi
    /usr/home/cpan/pit/thr/perl-5.8.9/lib/site_perl/5.8.9
    .