Back
From: metabase:user:31d414ea-2aae-11df-837a-5e0a49663a4f
Subject: FAIL Scalar-Classify-0.01 v5.8.9 GNU/Linux
Date: 2016-10-25T10:00:02Z
This distribution has been tested as part of the CPAN Testers
project, supporting the Perl programming language. See
http://wiki.cpantesters.org/ for more information or email
questions to cpan-testers-discuss@perl.org
--
Dear Joseph Brenner,
This is a computer-generated report for Scalar-Classify-0.01
on perl 5.8.9, created by CPAN-Reporter-1.2018.
Thank you for uploading your work to CPAN. However, there was a problem
testing your distribution.
If you think this report is invalid, please consult the CPAN Testers Wiki
for suggestions on how to avoid getting FAIL reports for missing library
or binary dependencies, unsupported operating systems, and so on:
http://wiki.cpantesters.org/wiki/CPANAuthorNotes
Sections of this report:
* Tester comments
* Program output
* Prerequisites
* Environment and other context
------------------------------
TESTER COMMENTS
------------------------------
Additional comments from tester:
this report is from an automated smoke testing program
and was not reviewed by a human for accuracy
------------------------------
PROGRAM OUTPUT
------------------------------
Output from './Build test':
Can't locate List/MoreUtils.pm in @INC (@INC contains: /home/david/cpantesting/perl-5.8.9/.cpan/build/Scalar-Classify-0.01-0/blib/arch /home/david/cpantesting/perl-5.8.9/.cpan/build/Scalar-Classify-0.01-0/blib/lib /home/david/cpantesting/perl-5.8.9/lib/5.8.9/x86_64-linux-thread-multi /home/david/cpantesting/perl-5.8.9/lib/5.8.9 /home/david/cpantesting/perl-5.8.9/lib/site_perl/5.8.9/x86_64-linux-thread-multi /home/david/cpantesting/perl-5.8.9/lib/site_perl/5.8.9 .) at t/01-Scalar-Classify-classify.t line 16.
BEGIN failed--compilation aborted at t/01-Scalar-Classify-classify.t line 16.
t/01-Scalar-Classify-classify.t ....................
Dubious, test returned 2 (wstat 512, 0x200)
No subtests run
Can't locate List/MoreUtils.pm in @INC (@INC contains: /home/david/cpantesting/perl-5.8.9/.cpan/build/Scalar-Classify-0.01-0/blib/arch /home/david/cpantesting/perl-5.8.9/.cpan/build/Scalar-Classify-0.01-0/blib/lib /home/david/cpantesting/perl-5.8.9/lib/5.8.9/x86_64-linux-thread-multi /home/david/cpantesting/perl-5.8.9/lib/5.8.9 /home/david/cpantesting/perl-5.8.9/lib/site_perl/5.8.9/x86_64-linux-thread-multi /home/david/cpantesting/perl-5.8.9/lib/site_perl/5.8.9 .) at t/02-Scalar-Classify-classify_pair.t line 15.
BEGIN failed--compilation aborted at t/02-Scalar-Classify-classify_pair.t line 15.
t/02-Scalar-Classify-classify_pair.t ...............
Dubious, test returned 2 (wstat 512, 0x200)
No subtests run
Can't locate List/MoreUtils.pm in @INC (@INC contains: /home/david/cpantesting/perl-5.8.9/.cpan/build/Scalar-Classify-0.01-0/blib/arch /home/david/cpantesting/perl-5.8.9/.cpan/build/Scalar-Classify-0.01-0/blib/lib /home/david/cpantesting/perl-5.8.9/lib/5.8.9/x86_64-linux-thread-multi /home/david/cpantesting/perl-5.8.9/lib/5.8.9 /home/david/cpantesting/perl-5.8.9/lib/site_perl/5.8.9/x86_64-linux-thread-multi /home/david/cpantesting/perl-5.8.9/lib/site_perl/5.8.9 .) at t/03-Scalar-Classify-classify_pair-mismatch.t line 15.
BEGIN failed--compilation aborted at t/03-Scalar-Classify-classify_pair-mismatch.t line 15.
t/03-Scalar-Classify-classify_pair-mismatch.t ......
Dubious, test returned 2 (wstat 512, 0x200)
No subtests run
Can't locate List/MoreUtils.pm in @INC (@INC contains: /home/david/cpantesting/perl-5.8.9/.cpan/build/Scalar-Classify-0.01-0/blib/arch /home/david/cpantesting/perl-5.8.9/.cpan/build/Scalar-Classify-0.01-0/blib/lib /home/david/cpantesting/perl-5.8.9/lib/5.8.9/x86_64-linux-thread-multi /home/david/cpantesting/perl-5.8.9/lib/5.8.9 /home/david/cpantesting/perl-5.8.9/lib/site_perl/5.8.9/x86_64-linux-thread-multi /home/david/cpantesting/perl-5.8.9/lib/site_perl/5.8.9 .) at t/04-Scalar-Classify-classify_pair-also_qualify.t line 15.
BEGIN failed--compilation aborted at t/04-Scalar-Classify-classify_pair-also_qualify.t line 15.
t/04-Scalar-Classify-classify_pair-also_qualify.t ..
Dubious, test returned 2 (wstat 512, 0x200)
No subtests run
t/author-pod-syntax.t .............................. skipped: these tests are for testing by the author
Test Summary Report
-------------------
t/01-Scalar-Classify-classify.t (Wstat: 512 Tests: 0 Failed: 0)
Non-zero exit status: 2
Parse errors: No plan found in TAP output
t/02-Scalar-Classify-classify_pair.t (Wstat: 512 Tests: 0 Failed: 0)
Non-zero exit status: 2
Parse errors: No plan found in TAP output
t/03-Scalar-Classify-classify_pair-mismatch.t (Wstat: 512 Tests: 0 Failed: 0)
Non-zero exit status: 2
Parse errors: No plan found in TAP output
t/04-Scalar-Classify-classify_pair-also_qualify.t (Wstat: 512 Tests: 0 Failed: 0)
Non-zero exit status: 2
Parse errors: No plan found in TAP output
Files=5, Tests=0, 0 wallclock secs ( 0.02 usr 0.02 sys + 0.05 cusr 0.01 csys = 0.10 CPU)
Result: FAIL
------------------------------
PREREQUISITES
------------------------------
Prerequisite modules loaded:
requires:
Module Need Have
------------------- -------- --------
perl 5.008005 5.008009
build_requires:
Module Need Have
------------------- -------- --------
Test::More 0.96 1.302059
configure_requires:
Module Need Have
------------------- -------- --------
Module::Build::Tiny 0.034 0.039
------------------------------
ENVIRONMENT AND OTHER CONTEXT
------------------------------
Environment variables:
AUTOMATED_TESTING = 1
NONINTERACTIVE_TESTING = 1
PATH = /usr/local/bin:/usr/bin:/bin:/usr/local/games:/usr/games
PERL = 5.8.9
PERL5LIB =
PERL5OPT =
PERL5_CPANPLUS_IS_RUNNING = 9815
PERL5_CPAN_IS_RUNNING = 9815
PERLVER = 5.8.9
PERL_INLINE_DIRECTORY = /home/david/.Inline-5.8.9
PERL_MM_USE_DEFAULT = 1
SHELL = /bin/bash
TERM = screen
Perl special variables (and OS-specific diagnostics, for MSWin32):
$^X = /home/david/cpantesting/perl-5.8.9/bin/perl
$UID/$EUID = 1000 / 1000
$GID = 1000 1000
$EGID = 1000 1000
Perl module toolchain versions installed:
Module Have
------------------- --------
CPAN 2.14
CPAN::Meta 2.143240
Cwd 3.62
ExtUtils::CBuilder 0.280224
ExtUtils::Command 7.24
ExtUtils::Install 1.54
ExtUtils::MakeMaker 7.24
ExtUtils::Manifest 1.70
ExtUtils::ParseXS 3.30
File::Spec 3.62
JSON 2.90
JSON::PP 2.27400
Module::Build 0.4220
Module::Signature n/a
Parse::CPAN::Meta 1.4414
Test::Harness 3.36
Test::More 1.302059
YAML 1.18
YAML::Syck n/a
version 0.9917
--
Summary of my perl5 (revision 5 version 8 subversion 9) configuration:
Platform:
osname=linux, osvers=3.16.0-4-amd64, archname=x86_64-linux-thread-multi
uname='linux pigsty.barnyard.co.uk 3.16.0-4-amd64 #1 smp debian 3.16.36-1+deb8u1 (2016-09-03) x86_64 gnulinux '
config_args='-de -Duse64bitall -Dusethreads -Dprefix=/home/david/cpantesting/perl-5.8.9'
hint=recommended, useposix=true, d_sigaction=define
usethreads=define use5005threads=undef useithreads=define usemultiplicity=define
useperlio=define d_sfio=undef uselargefiles=define usesocks=undef
use64bitint=define use64bitall=define uselongdouble=undef
usemymalloc=n, bincompat5005=undef
Compiler:
cc='cc', ccflags ='-D_REENTRANT -D_GNU_SOURCE -fno-strict-aliasing -pipe -I/usr/local/include -D_LARGEFILE_SOURCE -D_FILE_OFFSET_BITS=64',
optimize='-O2',
cppflags='-D_REENTRANT -D_GNU_SOURCE -fno-strict-aliasing -pipe -I/usr/local/include'
ccversion='', gccversion='4.9.2', gccosandvers=''
intsize=4, longsize=8, ptrsize=8, doublesize=8, byteorder=12345678
d_longlong=define, longlongsize=8, d_longdbl=define, longdblsize=16
ivtype='long', ivsize=8, nvtype='double', nvsize=8, Off_t='off_t', lseeksize=8
alignbytes=8, prototype=define
Linker and Libraries:
ld='cc', ldflags =' -L/usr/local/lib'
libpth=/usr/local/lib /lib/x86_64-linux-gnu /lib/../lib /usr/lib/x86_64-linux-gnu /usr/lib/../lib /lib /usr/lib
libs=-lnsl -ldb -ldl -lm -lcrypt -lutil -lpthread -lc
perllibs=-lnsl -ldl -lm -lcrypt -lutil -lpthread -lc
libc=libc-2.19.so, so=so, useshrplib=false, libperl=libperl.a
gnulibc_version='2.19'
Dynamic Linking:
dlsrc=dl_dlopen.xs, dlext=so, d_dlsymun=undef, ccdlflags='-Wl,-E'
cccdlflags='-fPIC', lddlflags='-shared -O2 -L/usr/local/lib'
Characteristics of this binary (from libperl):
Compile-time options: MULTIPLICITY PERL_IMPLICIT_CONTEXT PERL_MALLOC_WRAP
USE_64_BIT_ALL USE_64_BIT_INT USE_FAST_STDIO
USE_ITHREADS USE_LARGE_FILES USE_PERLIO
USE_REENTRANT_API
Locally applied patches:
Devel::PatchPerl 1.44
Built under linux
Compiled at Oct 12 2016 14:10:05
%ENV:
PERL="5.8.9"
PERL5LIB=""
PERL5OPT=""
PERL5_CPANPLUS_IS_RUNNING="9815"
PERL5_CPAN_IS_RUNNING="9815"
PERLVER="5.8.9"
PERL_INLINE_DIRECTORY="/home/david/.Inline-5.8.9"
PERL_MM_USE_DEFAULT="1"
@INC:
/home/david/cpantesting/perl-5.8.9/lib/5.8.9/x86_64-linux-thread-multi
/home/david/cpantesting/perl-5.8.9/lib/5.8.9
/home/david/cpantesting/perl-5.8.9/lib/site_perl/5.8.9/x86_64-linux-thread-multi
/home/david/cpantesting/perl-5.8.9/lib/site_perl/5.8.9
.