Back
From: metabase:user:31d414ea-2aae-11df-837a-5e0a49663a4f
Subject: FAIL Data-CircularList-0.01 v5.14.4 GNU/Linux
Date: 2015-01-26T12:56:51Z
This distribution has been tested as part of the CPAN Testers
project, supporting the Perl programming language. See
http://wiki.cpantesters.org/ for more information or email
questions to cpan-testers-discuss@perl.org
--
Dear Takahiro Shinchi,
This is a computer-generated report for Data-CircularList-0.01
on perl 5.14.4, created by CPAN-Reporter-1.2009.
Thank you for uploading your work to CPAN. However, there was a problem
testing your distribution.
If you think this report is invalid, please consult the CPAN Testers Wiki
for suggestions on how to avoid getting FAIL reports for missing library
or binary dependencies, unsupported operating systems, and so on:
http://wiki.cpantesters.org/wiki/CPANAuthorNotes
Sections of this report:
* Tester comments
* Program output
* Prerequisites
* Environment and other context
------------------------------
TESTER COMMENTS
------------------------------
Additional comments from tester:
this report is from an automated smoke testing program
and was not reviewed by a human for accuracy
------------------------------
PROGRAM OUTPUT
------------------------------
Output from './Build test':
# Testing Data::CircularList 0.01, Perl 5.014004, /home/david/cpantesting/perl-5.14.4/bin/perl
t/00-load.t ....... ok
t/01-new.t ........ ok
t/02-etercase.t ... ok
t/03-limcase.t .... ok
t/boilerplate.t ... ok
t/manifest.t ...... skipped: Author tests not required for installation
# Failed test 'Pod coverage on Data::CircularList'
# at /home/david/cpantesting/perl-5.14.4/lib/site_perl/5.14.4/Test/Pod/Coverage.pm line 133.
# Coverage for Data::CircularList is 75.0%, with 1 naked subroutine:
# DEBUG
# Failed test 'Pod coverage on Data::CircularList::Iterator'
# at /home/david/cpantesting/perl-5.14.4/lib/site_perl/5.14.4/Test/Pod/Coverage.pm line 133.
# Coverage for Data::CircularList::Iterator is 75.0%, with 1 naked subroutine:
# DEBUG
# Looks like you failed 2 tests of 3.
t/pod-coverage.t ..
Dubious, test returned 2 (wstat 512, 0x200)
Failed 2/3 subtests
t/pod.t ........... ok
Test Summary Report
-------------------
t/pod-coverage.t (Wstat: 512 Tests: 3 Failed: 2)
Failed tests: 1, 3
Non-zero exit status: 2
Files=8, Tests=17, 3 wallclock secs ( 0.04 usr 0.04 sys + 0.19 cusr 0.06 csys = 0.33 CPU)
Result: FAIL
Failed 1/8 test programs. 2/17 subtests failed.
------------------------------
PREREQUISITES
------------------------------
Prerequisite modules loaded:
requires:
Module Need Have
------------------- ---- --------
Carp 1.26 1.3301
Class::Accessor 0.34 0.34
Scalar::Util 1.23 1.41
build_requires:
Module Need Have
------------------- ---- --------
Test::More 0 1.001014
configure_requires:
Module Need Have
------------------- ---- --------
ExtUtils::MakeMaker 0 7.04
------------------------------
ENVIRONMENT AND OTHER CONTEXT
------------------------------
Environment variables:
AUTOMATED_TESTING = 1
PATH = /usr/local/bin:/usr/bin:/bin:/usr/games
PERL = 5.14.4
PERL5LIB =
PERL5OPT =
PERL5_CPANPLUS_IS_RUNNING = 19184
PERL5_CPAN_IS_RUNNING = 19184
PERLVER = 5.14.4
PERL_INLINE_DIRECTORY = /home/david/.Inline-5.14.4
PERL_MM_USE_DEFAULT = 1
SHELL = /bin/bash
TERM = screen
Perl special variables (and OS-specific diagnostics, for MSWin32):
$^X = /home/david/cpantesting/perl-5.14.4/bin/perl
$UID/$EUID = 1000 / 1000
$GID = 1000 1000
$EGID = 1000 1000
Perl module toolchain versions installed:
Module Have
------------------- ---------
CPAN 1.9600_01
CPAN::Meta 2.143240
Cwd 3.47
ExtUtils::CBuilder 0.280203
ExtUtils::Command 1.17
ExtUtils::Install 1.56
ExtUtils::MakeMaker 7.04
ExtUtils::Manifest 1.70
ExtUtils::ParseXS 3.24
File::Spec 3.47
JSON 2.53
JSON::PP 2.27203
Module::Build 0.4211
Module::Signature n/a
Parse::CPAN::Meta 1.4414
Test::Harness 3.35
Test::More 1.001014
YAML n/a
YAML::Syck 1.29
version 0.9912
--
Summary of my perl5 (revision 5 version 14 subversion 4) configuration:
Platform:
osname=linux, osvers=3.2.0-4-amd64, archname=x86_64-linux-thread-multi
uname='linux pigsty.barnyard.co.uk 3.2.0-4-amd64 #1 smp debian 3.2.35-2 x86_64 gnulinux '
config_args='-de -Dprefix=/home/david/cpantesting/perl-5.14.4 -Dusethreads -Duse64bitall'
hint=recommended, useposix=true, d_sigaction=define
useithreads=define, usemultiplicity=define
useperlio=define, d_sfio=undef, uselargefiles=define, usesocks=undef
use64bitint=define, use64bitall=define, uselongdouble=undef
usemymalloc=n, bincompat5005=undef
Compiler:
cc='cc', ccflags ='-D_REENTRANT -D_GNU_SOURCE -fno-strict-aliasing -pipe -fstack-protector -I/usr/local/include -D_LARGEFILE_SOURCE -D_FILE_OFFSET_BITS=64',
optimize='-O2',
cppflags='-D_REENTRANT -D_GNU_SOURCE -fno-strict-aliasing -pipe -fstack-protector -I/usr/local/include'
ccversion='', gccversion='4.1.2 20061115 (prerelease) (Debian 4.1.1-21)', gccosandvers=''
intsize=4, longsize=8, ptrsize=8, doublesize=8, byteorder=12345678
d_longlong=define, longlongsize=8, d_longdbl=define, longdblsize=16
ivtype='long', ivsize=8, nvtype='double', nvsize=8, Off_t='off_t', lseeksize=8
alignbytes=8, prototype=define
Linker and Libraries:
ld='cc', ldflags =' -fstack-protector -L/usr/local/lib'
libpth=/usr/local/lib /lib /usr/lib /lib64 /usr/lib64
libs=-lnsl -lgdbm -ldb -ldl -lm -lcrypt -lutil -lpthread -lc -lgdbm_compat
perllibs=-lnsl -ldl -lm -lcrypt -lutil -lpthread -lc
libc=/lib/libc-2.3.6.so, so=so, useshrplib=false, libperl=libperl.a
gnulibc_version='2.3.6'
Dynamic Linking:
dlsrc=dl_dlopen.xs, dlext=so, d_dlsymun=undef, ccdlflags='-Wl,-E'
cccdlflags='-fPIC', lddlflags='-shared -O2 -L/usr/local/lib -fstack-protector'
Characteristics of this binary (from libperl):
Compile-time options: MULTIPLICITY PERL_DONT_CREATE_GVSV
PERL_IMPLICIT_CONTEXT PERL_MALLOC_WRAP
PERL_PRESERVE_IVUV USE_64_BIT_ALL USE_64_BIT_INT
USE_ITHREADS USE_LARGE_FILES USE_PERLIO USE_PERL_ATOF
USE_REENTRANT_API
Built under linux
Compiled at Mar 22 2013 21:25:13
%ENV:
PERL="5.14.4"
PERL5LIB=""
PERL5OPT=""
PERL5_CPANPLUS_IS_RUNNING="19184"
PERL5_CPAN_IS_RUNNING="19184"
PERLVER="5.14.4"
PERL_INLINE_DIRECTORY="/home/david/.Inline-5.14.4"
PERL_MM_USE_DEFAULT="1"
@INC:
/home/david/cpantesting/perl-5.14.4/lib/site_perl/5.14.4/x86_64-linux-thread-multi
/home/david/cpantesting/perl-5.14.4/lib/site_perl/5.14.4
/home/david/cpantesting/perl-5.14.4/lib/5.14.4/x86_64-linux-thread-multi
/home/david/cpantesting/perl-5.14.4/lib/5.14.4
.