Git-LowLevel v0.2 Perl 5 v5.28.0 RC2 amd64-freebsd

Status
Fail
From
Slaven Rezić (SREZIC)
Dist
Git-LowLevel v0.2
Platform
Perl 5 v5.28.0 RC2 amd64-freebsd
Date
2018-09-10 21:02:15
ID
cbf45090-b53c-11e8-a91e-cfde5b5db00f
This distribution has been tested as part of the CPAN Testers
project, supporting the Perl programming language.  See
http://wiki.cpantesters.org/ for more information or email
questions to cpan-testers-discuss@perl.org


--
Dear Dominik Meyer,

This is a computer-generated report for Git-LowLevel-0.2
on perl 5.28.0, created by CPAN-Reporter-1.2018.

Thank you for uploading your work to CPAN.  However, there was a problem
testing your distribution.

If you think this report is invalid, please consult the CPAN Testers Wiki
for suggestions on how to avoid getting FAIL reports for missing library
or binary dependencies, unsupported operating systems, and so on:

http://wiki.cpantesters.org/wiki/CPANAuthorNotes

Sections of this report:

    * Tester comments
    * Program output
    * Prerequisites
    * Environment and other context

------------------------------
TESTER COMMENTS
------------------------------

Additional comments from tester:

none provided

------------------------------
PROGRAM OUTPUT
------------------------------

Output from '/usr/bin/make test':

PERL_DL_NONLAZY=1 "/usr/perl5.28.0-RC2p/bin/perl5.28.0" "-MExtUtils::Command::MM" "-MTest::Harness" "-e" "undef *Test::Harness::Switches; test_harness(0, 'blib/lib', 'blib/arch')" t/*.t
t/01_base.t ....... ok
fatal: input format error: -e 100644 blob 90bfcb510602aa11ae53a42dcec18ea39fbd8cec	test
usage: git commit-tree [(-p <sha1>)...] [-S[<keyid>]] [-m <message>] [-F <file>] <sha1>
Verwendung: git update-ref [<Optionen>] -d <Referenzname> [<alter-Wert>]
      oder: git update-ref [<Optionen>]    <Referenzname> <neuer-Wert> [<alter-Wert>]
      oder: git update-ref [<Optionen>] --stdin [-z]

    -m <Grund>            Grund für die Aktualisierung
    -d                    diese Referenz löschen
    --no-deref            <Referenzname> aktualisieren, nicht den Verweis
    -z                    Standard-Eingabe hat durch NUL-Zeichen abgeschlossene Argumente
    --stdin               Aktualisierungen von der Standard-Eingabe lesen
    --create-reflog       Reflog erstellen


#   Failed test 'creating/commiting worked'
#   at t/02_blob.t line 42.

#   Failed test 'tree ist not empty after creating blob'
#   at t/02_blob.t line 45.
# Looks like you failed 2 tests of 12.
t/02_blob.t ....... 
Dubious, test returned 2 (wstat 512, 0x200)
Failed 2/12 subtests 
fatal: input format error: -e 100644 blob 90bfcb510602aa11ae53a42dcec18ea39fbd8cec	test
fatal: input format error: -e 040000 tree 	tree
usage: git commit-tree [(-p <sha1>)...] [-S[<keyid>]] [-m <message>] [-F <file>] <sha1>
Verwendung: git update-ref [<Optionen>] -d <Referenzname> [<alter-Wert>]
      oder: git update-ref [<Optionen>]    <Referenzname> <neuer-Wert> [<alter-Wert>]
      oder: git update-ref [<Optionen>] --stdin [-z]

    -m <Grund>            Grund für die Aktualisierung
    -d                    diese Referenz löschen
    --no-deref            <Referenzname> aktualisieren, nicht den Verweis
    -z                    Standard-Eingabe hat durch NUL-Zeichen abgeschlossene Argumente
    --stdin               Aktualisierungen von der Standard-Eingabe lesen
    --create-reflog       Reflog erstellen


#   Failed test 'creating/commiting worked'
#   at t/03_tree.t line 48.

#   Failed test 'tree ist not empty after creating tree'
#   at t/03_tree.t line 51.
# Looks like you failed 2 tests of 16.
t/03_tree.t ....... 
Dubious, test returned 2 (wstat 512, 0x200)
Failed 2/16 subtests 
fatal: input format error: -e 100644 blob 1de85fcd6c216f59595b1b3b80d62d42ae47d426	nEgO6Uk5IE0wkBNApl9xY5zqMVkC7DIpzmTl0yWZAVZRKXQSOaOHx2QIJKDpnMUeIdDm99CNjh9a1aq8PFYvZ6l7rOvaLNjKFXyifYdXp4
usage: git commit-tree [(-p <sha1>)...] [-S[<keyid>]] [-m <message>] [-F <file>] <sha1>
Verwendung: git update-ref [<Optionen>] -d <Referenzname> [<alter-Wert>]
      oder: git update-ref [<Optionen>]    <Referenzname> <neuer-Wert> [<alter-Wert>]
      oder: git update-ref [<Optionen>] --stdin [-z]

    -m <Grund>            Grund für die Aktualisierung
    -d                    diese Referenz löschen
    --no-deref            <Referenzname> aktualisieren, nicht den Verweis
    -z                    Standard-Eingabe hat durch NUL-Zeichen abgeschlossene Argumente
    --stdin               Aktualisierungen von der Standard-Eingabe lesen
    --create-reflog       Reflog erstellen


#   Failed test 'find blob nEgO6Uk5IE0wkBNApl9xY5zqMVkC7DIpzmTl0yWZAVZRKXQSOaOHx2QIJKDpnMUeIdDm99CNjh9a1aq8PFYvZ6l7rOvaLNjKFXyifYdXp4'
#   at t/04_extensive.t line 61.

#   Failed test 'checking for Git::LowLevel::Blob object'
#   at t/04_extensive.t line 62.
Can't call method "content" on an undefined value at t/04_extensive.t line 63.
# Tests were run but no plan was declared and done_testing() was not seen.
# Looks like your test exited with 128 just after 7.
t/04_extensive.t .. 
Dubious, test returned 128 (wstat 32768, 0x8000)
Failed 2/7 subtests 

Test Summary Report
-------------------
t/02_blob.t     (Wstat: 512 Tests: 12 Failed: 2)
  Failed tests:  9-10
  Non-zero exit status: 2
t/03_tree.t     (Wstat: 512 Tests: 16 Failed: 2)
  Failed tests:  10-11
  Non-zero exit status: 2
t/04_extensive.t (Wstat: 32768 Tests: 7 Failed: 2)
  Failed tests:  6-7
  Non-zero exit status: 128
  Parse errors: No plan found in TAP output
Files=4, Tests=43,  2 wallclock secs ( 0.00 usr  0.05 sys +  0.38 cusr  1.08 csys =  1.51 CPU)
Result: FAIL
Failed 3/4 test programs. 6/43 subtests failed.
*** Error code 128

Stop.
make: stopped in /home/cpansand/.cpan/build/2018091022/Git-LowLevel-0.2-22

------------------------------
PREREQUISITES
------------------------------

Prerequisite modules loaded:

requires:

    Module              Need Have    
    ------------------- ---- --------
    File::Basename      0    2.85    
    Moose               0    2.2011  
    MooseX::Privacy     0    0.05    
    strict              0    1.11    
    warnings            0    1.42    

build_requires:

    Module              Need Have    
    ------------------- ---- --------
    ExtUtils::MakeMaker 0    7.34    
    File::Temp          0    0.2306  
    String::Random      0    0.30    
    Test::Exception     0    0.43    
    Test::More          0    1.302138

configure_requires:

    Module              Need Have    
    ------------------- ---- --------
    ExtUtils::MakeMaker 0    7.34    


------------------------------
ENVIRONMENT AND OTHER CONTEXT
------------------------------

Environment variables:

    LC_ALL = de_DE.ISO8859-1
    PATH = /usr/local/bin:/usr/bin:/bin:/usr/local/sbin:/usr/sbin:/sbin:/home/cpansand/bin/freebsd10.3:/home/cpansand/bin/sh:/home/cpansand/bin:/usr/games:/home/cpansand/devel:/home/eserte/src/srezic-misc/scripts
    PERL5LIB = /home/cpansand/.cpan/build/2018091022/MooseX-Privacy-0.05-1/blib/arch:/home/cpansand/.cpan/build/2018091022/MooseX-Privacy-0.05-1/blib/lib
    PERL5OPT = 
    PERL5_CPANPLUS_IS_RUNNING = 54772
    PERL5_CPAN_IS_RUNNING = 54772
    PERL5_CPAN_IS_RUNNING_IN_RECURSION = 48683,54772
    PERLDOC = -MPod::Perldoc::ToTextOverstrike
    PERL_BATCH = yes
    PERL_CANARY_STABILITY_NOPROMPT = 1
    PERL_CPAN_REPORTER_CONFIG = /var/tmp/cpansmoker-1023/2018091022/cpanreporter_000_config.ini
    PERL_EXTUTILS_AUTOINSTALL = --defaultdeps
    PERL_USE_UNSAFE_INC = 1
    SHELL = /usr/local/bin/zsh
    TERM = screen
    TMPDIR = /var/tmp/cpansmoker-1023/2018091022

Perl special variables (and OS-specific diagnostics, for MSWin32):

    $^X = /usr/perl5.28.0-RC2p/bin/perl5.28.0
    $UID/$EUID = 1023 / 1023
    $GID = 1023 1023
    $EGID = 1023 1023

Perl module toolchain versions installed:

    Module              Have    
    ------------------- --------
    CPAN                2.20    
    CPAN::Meta          2.150010
    Cwd                 3.74    
    ExtUtils::CBuilder  0.280230
    ExtUtils::Command   7.34    
    ExtUtils::Install   2.14    
    ExtUtils::MakeMaker 7.34    
    ExtUtils::Manifest  1.70    
    ExtUtils::ParseXS   3.39    
    File::Spec          3.74    
    JSON                2.97001 
    JSON::PP            2.97001 
    Module::Build       0.4224  
    Module::Signature   0.83    
    Parse::CPAN::Meta   2.150010
    Test::Harness       3.42    
    Test::More          1.302138
    YAML                1.26    
    YAML::Syck          1.30    
    version             0.9923  


--

Summary of my perl5 (revision 5 version 28 subversion 0) configuration:
   
  Platform:
    osname=freebsd
    osvers=10.3-release-p24
    archname=amd64-freebsd
    uname='freebsd cvrsnica-freebsd-101.herceg.de 10.3-release-p24 freebsd 10.3-release-p24 #0: wed nov 15 04:57:40 utc 2017 root@amd64-builder.daemonology.net:usrobjusrsrcsysgeneric amd64 '
    config_args='-ds -e -Dprefix=/usr/perl5.28.0-RC2p -Dcf_email=srezic@cpan.org -Doptimize=-O2 -pipe'
    hint=recommended
    useposix=true
    d_sigaction=define
    useithreads=undef
    usemultiplicity=undef
    use64bitint=define
    use64bitall=define
    uselongdouble=undef
    usemymalloc=n
    default_inc_excludes_dot=define
    bincompat5005=undef
  Compiler:
    cc='cc'
    ccflags ='-DHAS_FPSETMASK -DHAS_FLOATINGPOINT_H -fno-strict-aliasing -pipe -fstack-protector -I/usr/local/include -D_FORTIFY_SOURCE=2'
    optimize='-O2 -pipe'
    cppflags='-DHAS_FPSETMASK -DHAS_FLOATINGPOINT_H -fno-strict-aliasing -pipe -fstack-protector -I/usr/local/include'
    ccversion=''
    gccversion='4.2.1 Compatible FreeBSD Clang 3.4.1 (tags/RELEASE_34/dot1-final 208032)'
    gccosandvers=''
    intsize=4
    longsize=8
    ptrsize=8
    doublesize=8
    byteorder=12345678
    doublekind=3
    d_longlong=define
    longlongsize=8
    d_longdbl=define
    longdblsize=16
    longdblkind=3
    ivtype='long'
    ivsize=8
    nvtype='double'
    nvsize=8
    Off_t='off_t'
    lseeksize=8
    alignbytes=8
    prototype=define
  Linker and Libraries:
    ld='cc'
    ldflags ='-pthread -Wl,-E  -fstack-protector -L/usr/local/lib'
    libpth=/usr/lib /usr/local/lib /usr/include/clang/3.4.1 /usr/lib
    libs=-lpthread -lgdbm -lm -lcrypt -lutil -lc -lelf
    perllibs=-lpthread -lm -lcrypt -lutil -lc -lelf
    libc=
    so=so
    useshrplib=false
    libperl=libperl.a
    gnulibc_version=''
  Dynamic Linking:
    dlsrc=dl_dlopen.xs
    dlext=so
    d_dlsymun=undef
    ccdlflags=' '
    cccdlflags='-DPIC -fPIC'
    lddlflags='-shared  -L/usr/local/lib -fstack-protector'


Characteristics of this binary (from libperl): 
  Compile-time options:
    HAS_TIMES
    PERLIO_LAYERS
    PERL_COPY_ON_WRITE
    PERL_DONT_CREATE_GVSV
    PERL_MALLOC_WRAP
    PERL_OP_PARENT
    PERL_PRESERVE_IVUV
    USE_64_BIT_ALL
    USE_64_BIT_INT
    USE_LARGE_FILES
    USE_LOCALE
    USE_LOCALE_COLLATE
    USE_LOCALE_CTYPE
    USE_LOCALE_NUMERIC
    USE_LOCALE_TIME
    USE_PERLIO
    USE_PERL_ATOF
  Locally applied patches:
    RC2
  Built under freebsd
  Compiled at Jun  6 2018 23:53:25
  %ENV:
    PERL5LIB="/home/cpansand/.cpan/build/2018091022/MooseX-Privacy-0.05-1/blib/arch:/home/cpansand/.cpan/build/2018091022/MooseX-Privacy-0.05-1/blib/lib"
    PERL5OPT=""
    PERL5_CPANPLUS_IS_RUNNING="54772"
    PERL5_CPAN_IS_RUNNING="54772"
    PERL5_CPAN_IS_RUNNING_IN_RECURSION="48683,54772"
    PERLDOC="-MPod::Perldoc::ToTextOverstrike"
    PERL_BATCH="yes"
    PERL_CANARY_STABILITY_NOPROMPT="1"
    PERL_CPAN_REPORTER_CONFIG="/var/tmp/cpansmoker-1023/2018091022/cpanreporter_000_config.ini"
    PERL_EXTUTILS_AUTOINSTALL="--defaultdeps"
    PERL_USE_UNSAFE_INC="1"
  @INC:
    /home/cpansand/.cpan/build/2018091022/MooseX-Privacy-0.05-1/blib/arch
    /home/cpansand/.cpan/build/2018091022/MooseX-Privacy-0.05-1/blib/lib
    /usr/perl5.28.0-RC2p/lib/site_perl/5.28.0/amd64-freebsd
    /usr/perl5.28.0-RC2p/lib/site_perl/5.28.0
    /usr/perl5.28.0-RC2p/lib/5.28.0/amd64-freebsd
    /usr/perl5.28.0-RC2p/lib/5.28.0
    .