ETL-Yertl v0.044 Perl 5 v5.30.3 sparc64-openbsd

Status
Fail
From
Dist
ETL-Yertl v0.044
Platform
Perl 5 v5.30.3 sparc64-openbsd
Date
2021-01-25 17:57:32
ID
cc006bea-5f36-11eb-9a03-bba186068de9
This distribution has been tested as part of the CPAN Testers
project, supporting the Perl programming language.  See
http://wiki.cpantesters.org/ for more information or email
questions to cpan-testers-discuss@perl.org


--
Dear Doug Bell,

This is a computer-generated report for ETL-Yertl-0.044
on perl 5.30.3, created by CPAN-Reporter-1.2018.

Thank you for uploading your work to CPAN.  However, there was a problem
testing your distribution.

If you think this report is invalid, please consult the CPAN Testers Wiki
for suggestions on how to avoid getting FAIL reports for missing library
or binary dependencies, unsupported operating systems, and so on:

http://wiki.cpantesters.org/wiki/CPANAuthorNotes

Sections of this report:

    * Tester comments
    * Program output
    * Prerequisites
    * Environment and other context

------------------------------
TESTER COMMENTS
------------------------------

Additional comments from tester:

this report is from an automated smoke testing program
and was not reviewed by a human for accuracy

------------------------------
PROGRAM OUTPUT
------------------------------

Output from '/usr/bin/make test':

PERL_DL_NONLAZY=1 "/usr/bin/perl" "-MExtUtils::Command::MM" "-MTest::Harness" "-e" "undef *Test::Harness::Switches; test_harness(0, 'blib/lib', 'blib/arch')" t/*.t t/adapter/*.t t/bin/*.t t/command/ygrok/*.t t/command/ygrok/pattern/*.t t/command/yq/*.t t/format/*.t t/integration/*.t
t/00-compile.t ........................... ok
# 
# Versions for all modules listed in MYMETA.json (including optional ones):
# 
# === Configure Requires ===
# 
#     Module              Want Have
#     ------------------- ---- ----
#     ExtUtils::MakeMaker  any 7.58
# 
# === Build Requires ===
# 
#     Module              Want Have
#     ------------------- ---- ----
#     ExtUtils::MakeMaker  any 7.58
# 
# === Test Requires ===
# 
#     Module                  Want     Have
#     ------------------- -------- --------
#     Capture::Tiny            any     0.48
#     Dir::Self                any     0.11
#     ExtUtils::MakeMaker      any     7.58
#     File::Spec               any     3.78
#     Future                   any     0.47
#     IO::Handle               any     1.45
#     IPC::Open3               any     1.20
#     JSON::PP                 any     4.06
#     Mock::MonkeyPatch        any     1.02
#     Test::Deep               any    1.130
#     Test::Differences        any     0.67
#     Test::Exception          any     0.43
#     Test::Lib                any    0.002
#     Test::More          1.001005 1.302183
# 
# === Test Recommends ===
# 
#     Module         Want     Have
#     ---------- -------- --------
#     CPAN::Meta 2.120900 2.150010
# 
# === Runtime Requires ===
# 
#     Module                    Want       Have
#     ------------------- ---------- ----------
#     File::HomeDir              any      1.006
#     File::Spec                 any       3.78
#     Getopt::Long              2.36       2.52
#     Hash::Merge::Simple        any      0.051
#     IO::Async                 0.77       0.78
#     IO::Interactive            any      1.022
#     Import::Base             0.010      1.004
#     JSON::MaybeXS              any   1.004003
#     List::Util                 any       1.55
#     Module::Runtime            any      0.016
#     Net::Async::HTTP           any       0.47
#     Path::Tiny               0.072      0.116
#     Pod::Usage::Return         any      0.003
#     Regexp::Common      2013031301 2017060201
#     SQL::Abstract              any   2.000001
#     Time::Local                any       1.30
#     Time::Piece                any     1.3401
#     URI                        any       5.06
#     YAML::Tiny                 any       1.73
#     boolean                    any       0.46
# 
# === Runtime Recommends ===
# 
#     Module       Want    Have
#     ------------ ---- -------
#     DBD::SQLite   any 1.67_02
#     DBI           any   1.643
#     JSON::PP      any    4.06
#     JSON::XS      any    4.03
#     Text::CSV     any    2.00
#     Text::CSV_XS  any    1.45
#     YAML::Syck    any    1.34
#     YAML::XS      any    0.82
# 
t/00-report-prereqs.t .................... ok
t/adapter/graphite.t ..................... ok
t/adapter/influxdb.t ..................... ok
t/bin/yfrom.t ............................ ok
t/bin/ygrok.t ............................ ok
t/bin/yq.t ............................... ok

                #   Failed test at t/bin/ysql.t line 516.
                # Comparing $data as a Bag
                # Missing: 1 reference
                # Looks like you failed 1 test of 3.

            #   Failed test '--where'
            #   at t/bin/ysql.t line 524.
            # Looks like you failed 1 test of 5.

        #   Failed test '--select'
        #   at t/bin/ysql.t line 575.

                #   Failed test at t/bin/ysql.t line 600.
                # Comparing $data as a Bag
                # Missing: 1 reference
                # Extra: 1 reference
                # Looks like you failed 1 test of 3.

            #   Failed test '--where'
            #   at t/bin/ysql.t line 605.
            # Looks like you failed 1 test of 4.

        #   Failed test '--count'
        #   at t/bin/ysql.t line 606.

                #   Failed test at t/bin/ysql.t line 667.
                # Comparing $data as a Bag
                # Extra: 1 reference
                # Looks like you failed 1 test of 4.

            #   Failed test '--where'
            #   at t/bin/ysql.t line 672.
            # Looks like you failed 1 test of 5.

        #   Failed test '--delete'
        #   at t/bin/ysql.t line 674.
        # Looks like you failed 3 tests of 4.

    #   Failed test 'sql helper options'
    #   at t/bin/ysql.t line 675.
    # Looks like you failed 1 test of 6.

#   Failed test 'query'
#   at t/bin/ysql.t line 928.
# Looks like you failed 1 test of 4.
t/bin/ysql.t ............................. 
Dubious, test returned 1 (wstat 256, 0x100)
Failed 1/4 subtests 
t/bin/yto.t .............................. ok
t/bin/yts.t .............................. ok
t/command/ygrok/edit_patterns.t .......... ok
t/command/ygrok/pattern/http_combined.t .. ok
t/command/ygrok/pattern/http_common.t .... ok
t/command/ygrok/pattern/linux_proc.t ..... ok
t/command/ygrok/pattern/ls-l.t ........... ok
t/command/ygrok/pattern/ps-u.t ........... ok
t/command/ygrok/pattern/ps-x.t ........... ok
t/command/ygrok/pattern/ps.t ............. ok
t/command/ygrok/pattern/syslog.t ......... ok
t/command/yq/combinator.t ................ ok
t/command/yq/comparison.t ................ ok
t/command/yq/conditional.t ............... ok
t/command/yq/filter.t .................... ok
t/command/yq/functions.t ................. ok
t/command/yq/regression.t ................ ok
t/command/yq/values.t .................... ok
t/format.t ............................... ok
t/format/csv.t ........................... ok
Prototype mismatch: sub main::decode_json ($) vs none at /usr/libdata/perl5/Exporter.pm line 66.
 at (eval 30) line 1.
t/format/json.t .......................... ok
t/format/yaml.t .......................... ok
t/format_stream.t ........................ ok
t/helpers.t .............................. ok
t/input_series.t ......................... ok
t/integration/parse_apache_log.t ......... ok
t/transform.t ............................ ok

Test Summary Report
-------------------
t/bin/ysql.t                           (Wstat: 256 Tests: 4 Failed: 1)
  Failed test:  4
  Non-zero exit status: 1
Files=35, Tests=124, 59 wallclock secs ( 1.07 usr  0.66 sys + 47.81 cusr  8.98 csys = 58.52 CPU)
Result: FAIL
Failed 1/35 test programs. 1/124 subtests failed.
*** Error 255 in /home/smoker/.cpan/build/ETL-Yertl-0.044-0 (Makefile:1049 'test_dynamic')

------------------------------
PREREQUISITES
------------------------------

Prerequisite modules loaded:

requires:

    Module              Need       Have      
    ------------------- ---------- ----------
    boolean             0          0.46      
    File::HomeDir       0          1.006     
    File::Spec          0          3.78      
    Getopt::Long        2.36       2.52      
    Hash::Merge::Simple 0          0.051     
    Import::Base        0.010      1.004     
    IO::Async           0.77       0.78      
    IO::Interactive     0          1.022     
    JSON::MaybeXS       0          1.004003  
    List::Util          0          1.55      
    Module::Runtime     0          0.016     
    Net::Async::HTTP    0          0.47      
    Path::Tiny          0.072      0.116     
    perl                5.010      5.030003  
    Pod::Usage::Return  0          0.003     
    Regexp::Common      2013031301 2017060201
    SQL::Abstract       0          2.000001  
    Time::Local         0          1.30      
    Time::Piece         0          1.3401    
    URI                 0          5.06      
    YAML::Tiny          0          1.73      

build_requires:

    Module              Need       Have      
    ------------------- ---------- ----------
    Capture::Tiny       0          0.48      
    Dir::Self           0          0.11      
    ExtUtils::MakeMaker 0          7.58      
    File::Spec          0          3.78      
    Future              0          0.47      
    IO::Handle          0          1.45      
    IPC::Open3          0          1.20      
    JSON::PP            0          4.06      
    Mock::MonkeyPatch   0          1.02      
    Test::Deep          0          1.130     
    Test::Differences   0          0.67      
    Test::Exception     0          0.43      
    Test::Lib           0          0.002     
    Test::More          1.001005   1.302183  

configure_requires:

    Module              Need       Have      
    ------------------- ---------- ----------
    ExtUtils::MakeMaker 0          7.58      

opt_requires:

    Module              Need       Have      
    ------------------- ---------- ----------
    DBD::SQLite         0          1.67_02   
    DBI                 0          1.643     
    JSON::PP            0          4.06      
    JSON::XS            0          4.03      
    Text::CSV           0          2.00      
    Text::CSV_XS        0          1.45      
    YAML::Syck          0          1.34      
    YAML::XS            0          0.82      

opt_build_requires:

    Module              Need       Have      
    ------------------- ---------- ----------
    CPAN::Meta          2.120900   2.150010  


------------------------------
ENVIRONMENT AND OTHER CONTEXT
------------------------------

Environment variables:

    AUTOMATED_TESTING = 1
    NONINTERACTIVE_TESTING = 1
    PATH = /home/smoker/perl/system/bin:/home/smoker/.plenv/libexec:/home/smoker/.plenv/plugins/perl-build/bin:/home/smoker/.plenv/plugins/plenv-contrib/bin:/home/smoker/.plenv/shims:/home/smoker/.plenv/bin:/home/smoker/bin:/bin:/sbin:/usr/bin:/usr/sbin:/usr/X11R6/bin:/usr/local/bin:/usr/local/sbin:/usr/games
    PERL5LIB = /home/smoker/perl/system/lib/perl5
    PERL5OPT = 
    PERL5_CPANPLUS_IS_RUNNING = 16483
    PERL5_CPAN_IS_RUNNING = 16483
    PERL5_CPAN_IS_RUNNING_IN_RECURSION = 6564,16483
    PERL_CARTON_PATH = /home/afresh1/cpan-smoker-setup/local/system
    PERL_CPAN_REPORTER_CONFIG = /home/smoker/.cpanreporter/config.ini
    PERL_CPAN_REPORTER_DIR = /home/smoker/.cpanreporter/system
    PERL_CR_SMOKER_CURRENT = ETL-Yertl-0.044
    PERL_EXTUTILS_AUTOINSTALL = --defaultdeps
    PERL_LOCAL_LIB_ROOT = /home/smoker/perl/system
    PERL_MB_OPT = --install_base '/home/smoker/perl/system'
    PERL_MM_OPT = INSTALL_BASE=/home/smoker/perl/system
    PERL_MM_USE_DEFAULT = 1
    PERL_USE_UNSAFE_INC = 1
    SHELL = /bin/ksh
    TERM = screen

Perl special variables (and OS-specific diagnostics, for MSWin32):

    $^X = /usr/bin/perl
    $UID/$EUID = 900 / 900
    $GID = 900 900
    $EGID = 900 900

Perl module toolchain versions installed:

    Module              Have    
    ------------------- --------
    CPAN                2.22    
    CPAN::Meta          2.150010
    Cwd                 3.78    
    ExtUtils::CBuilder  0.280235
    ExtUtils::Command   7.58    
    ExtUtils::Install   2.20    
    ExtUtils::MakeMaker 7.58    
    ExtUtils::Manifest  1.73    
    ExtUtils::ParseXS   3.40    
    File::Spec          3.78    
    JSON                4.03    
    JSON::PP            4.06    
    Module::Build       0.4231  
    Module::Signature   0.87    
    Parse::CPAN::Meta   2.150010
    Test::Harness       3.42    
    Test::More          1.302183
    YAML                1.30    
    YAML::Syck          1.34    
    version             0.9928  


--

Summary of my perl5 (revision 5 version 30 subversion 3) configuration:
   
  Platform:
    osname=openbsd
    osvers=6.8
    archname=sparc64-openbsd
    uname='openbsd'
    config_args='-dse -Dopenbsd_distribution=defined -Dmksymlinks'
    hint=recommended
    useposix=true
    d_sigaction=define
    useithreads=undef
    usemultiplicity=undef
    use64bitint=define
    use64bitall=define
    uselongdouble=undef
    usemymalloc=n
    default_inc_excludes_dot=define
    bincompat5005=undef
  Compiler:
    cc='cc'
    ccflags ='-DNO_LOCALE_NUMERIC -DNO_LOCALE_COLLATE -fno-strict-aliasing -fno-delete-null-pointer-checks -pipe -fstack-protector-strong -D_FORTIFY_SOURCE=2 -I/usr/local/include'
    optimize='-O2'
    cppflags='-DBIG_TIME -DNO_LOCALE_NUMERIC -DNO_LOCALE_COLLATE -fno-strict-aliasing -fno-delete-null-pointer-checks -pipe -fstack-protector-strong -I/usr/local/include'
    ccversion=''
    gccversion='4.2.1 20070719 '
    gccosandvers='openbsd6.8'
    intsize=4
    longsize=8
    ptrsize=8
    doublesize=8
    byteorder=87654321
    doublekind=4
    d_longlong=define
    longlongsize=8
    d_longdbl=define
    longdblsize=16
    longdblkind=2
    ivtype='long'
    ivsize=8
    nvtype='double'
    nvsize=8
    Off_t='off_t'
    lseeksize=8
    alignbytes=8
    prototype=define
  Linker and Libraries:
    ld='cc'
    ldflags ='-Wl,-E  -fstack-protector-strong -L/usr/local/lib'
    libpth=/usr/lib /usr/lib
    libs=-lm -lc
    perllibs=-lm -lc
    libc=/usr/lib/libc.so.96.0
    so=so
    useshrplib=true
    libperl=libperl.so.20.0
    gnulibc_version=''
  Dynamic Linking:
    dlsrc=dl_dlopen.xs
    dlext=so
    d_dlsymun=undef
    ccdlflags='-Wl,-R/usr/libdata/perl5/sparc64-openbsd/CORE'
    cccdlflags='-DPIC -fPIC '
    lddlflags='-shared -fPIC  -fstack-protector-strong -L/usr/local/lib'


Characteristics of this binary (from libperl): 
  Compile-time options:
    HAS_TIMES
    PERLIO_LAYERS
    PERL_COPY_ON_WRITE
    PERL_DONT_CREATE_GVSV
    PERL_MALLOC_WRAP
    PERL_OP_PARENT
    PERL_PRESERVE_IVUV
    USE_64_BIT_ALL
    USE_64_BIT_INT
    USE_LARGE_FILES
    USE_LOCALE
    USE_LOCALE_CTYPE
    USE_LOCALE_TIME
    USE_PERLIO
    USE_PERL_ATOF
  Built under openbsd
  %ENV:
    PERL5LIB="/home/smoker/perl/system/lib/perl5"
    PERL5OPT=""
    PERL5_CPANPLUS_IS_RUNNING="16483"
    PERL5_CPAN_IS_RUNNING="16483"
    PERL5_CPAN_IS_RUNNING_IN_RECURSION="6564,16483"
    PERL_CARTON_PATH="/home/afresh1/cpan-smoker-setup/local/system"
    PERL_CPAN_REPORTER_CONFIG="/home/smoker/.cpanreporter/config.ini"
    PERL_CPAN_REPORTER_DIR="/home/smoker/.cpanreporter/system"
    PERL_CR_SMOKER_CURRENT="ETL-Yertl-0.044"
    PERL_EXTUTILS_AUTOINSTALL="--defaultdeps"
    PERL_LOCAL_LIB_ROOT="/home/smoker/perl/system"
    PERL_MB_OPT="--install_base '/home/smoker/perl/system'"
    PERL_MM_OPT="INSTALL_BASE=/home/smoker/perl/system"
    PERL_MM_USE_DEFAULT="1"
    PERL_USE_UNSAFE_INC="1"
  @INC:
    /home/smoker/perl/system/lib/perl5/sparc64-openbsd
    /home/smoker/perl/system/lib/perl5
    /usr/local/libdata/perl5/site_perl/sparc64-openbsd
    /usr/local/libdata/perl5/site_perl
    /usr/libdata/perl5/sparc64-openbsd
    /usr/libdata/perl5
    .