Time-Zone-Olson v0.46 Perl 5 v5.10.1 x86_64-linux

Status
Fail
From
Slaven Rezić
Dist
Time-Zone-Olson v0.46
Platform
Perl 5 v5.10.1 x86_64-linux
Date
2025-07-03 21:36:36
ID
cc09b944-5855-11f0-a5eb-49436e8775ea
This distribution has been tested as part of the CPAN Testers
project, supporting the Perl programming language.  See
http://wiki.cpantesters.org/ for more information or email
questions to cpan-testers-discuss@perl.org


--
Dear David Dick,

This is a computer-generated report for Time-Zone-Olson-0.46
on perl 5.10.1, created by CPAN-Reporter-1.2018.

Thank you for uploading your work to CPAN.  However, there was a problem
testing your distribution.

If you think this report is invalid, please consult the CPAN Testers Wiki
for suggestions on how to avoid getting FAIL reports for missing library
or binary dependencies, unsupported operating systems, and so on:

http://wiki.cpantesters.org/wiki/CPANAuthorNotes

Sections of this report:

    * Tester comments
    * Program output
    * Prerequisites
    * Environment and other context

------------------------------
TESTER COMMENTS
------------------------------

Additional comments from tester:

none provided

------------------------------
PROGRAM OUTPUT
------------------------------

Output from '/usr/bin/make test':

PERL_DL_NONLAZY=1 "/opt/perl-5.10.1/bin/perl" "-MExtUtils::Command::MM" "-MTest::Harness" "-e" "undef *Test::Harness::Switches; test_harness(0, 'blib/lib', 'blib/arch')" t/*.t
# Testing Time::Zone::Olson 0.46, Perl 5.010001, /opt/perl-5.10.1/bin/perl
t/00-load.t ........... ok
t/boilerplate.t ....... ok
t/manifest.t .......... skipped: Author tests not required for installation
t/pod-coverage.t ...... ok
t/pod.t ............... ok
# Checking https://raw.githubusercontent.com/unicode-org/cldr/master/common/supplemental/windowsZones.xml

#   Failed test 'America/Coyhaique can be found in Time::Zone::Olson->win32_mapping()'
#   at t/windows_zones.t line 65.
# Looks like you failed 1 test of 446.
t/windows_zones.t ..... 
Dubious, test returned 1 (wstat 256, 0x100)
Failed 1/446 subtests 
# Olson tz directory is /usr/share/zoneinfo for linux
# Local timezone has been determined to be Europe/Berlin
# Local timezone was determined using /etc/localtime
# lrwxrwxrwx 1 root root 33 Aug 27  2022 /etc/localtime -> /usr/share/zoneinfo/Europe/Berlin
# Comment for 'Australia/Melbourne' is 'Victoria'
# /usr/share/zoneinfo/Europe/Berlin  Sun Mar 30 00:59:59 2025 UT = Sun Mar 30 01:59:59 2025 CET isdst=0 gmtoff=3600
# /usr/share/zoneinfo/Europe/Berlin  Sun Mar 30 01:00:00 2025 UT = Sun Mar 30 03:00:00 2025 CEST isdst=1 gmtoff=7200
# /usr/share/zoneinfo/Europe/Berlin  Sun Oct 26 00:59:59 2025 UT = Sun Oct 26 02:59:59 2025 CEST isdst=1 gmtoff=7200
# /usr/share/zoneinfo/Europe/Berlin  Sun Oct 26 01:00:00 2025 UT = Sun Oct 26 02:00:00 2025 CET isdst=0 gmtoff=3600
# /usr/share/zoneinfo/Europe/Berlin  Sun Mar 29 00:59:59 2026 UT = Sun Mar 29 01:59:59 2026 CET isdst=0 gmtoff=3600
# /usr/share/zoneinfo/Europe/Berlin  Sun Mar 29 01:00:00 2026 UT = Sun Mar 29 03:00:00 2026 CEST isdst=1 gmtoff=7200
# /usr/share/zoneinfo/Europe/Berlin  Sun Oct 25 00:59:59 2026 UT = Sun Oct 25 02:59:59 2026 CEST isdst=1 gmtoff=7200
# /usr/share/zoneinfo/Europe/Berlin  Sun Oct 25 01:00:00 2026 UT = Sun Oct 25 02:00:00 2026 CET isdst=0 gmtoff=3600
# /usr/share/zoneinfo/Europe/Berlin  9223372036854689407 = NULL
# /usr/share/zoneinfo/Europe/Berlin  9223372036854775807 = NULL
# gnu test of early date:1901/03/01 09:59:59 AEST
t/zoneinfo_all.t ...... ok
# Determined timezone is Europe/Berlin
# TZDIR has not been set
# Output of gnu date command:2015/02/28 11:00:00
# Results of unpack:
# Local timezone has been determined to be Europe/Berlin
t/zoneinfo_current.t .. ok
t/zoneinfo_taint.t .... ok
t/zoneinfo_tz_env.t ... ok

Test Summary Report
-------------------
t/windows_zones.t   (Wstat: 256 (exited 1) Tests: 446 Failed: 1)
  Failed test:  91
  Non-zero exit status: 1
Files=10, Tests=3546, 90 wallclock secs ( 0.38 usr  0.06 sys + 86.56 cusr  1.18 csys = 88.18 CPU)
Result: FAIL
Failed 1/10 test programs. 1/3546 subtests failed.
Makefile:903: recipe for target 'test_dynamic' failed
make: *** [test_dynamic] Error 255

------------------------------
PREREQUISITES
------------------------------

Prerequisite modules loaded:

requires:

    Module               Need  Have    
    -------------------- ----- --------
    Carp                 0     1.50    
    Config               0     0       
    Digest::SHA          0     5.47    
    DirHandle            0     1.03    
    Encode               0     3.19    
    English              0     1.04    
    File::Find           0     1.14    
    File::Spec           0     3.75    
    FileHandle           0     2.02    
    perl                 5.006 5.010001
    POSIX                0     1.17    
    strict               0     1.04    
    warnings             0     1.06    

build_requires:

    Module               Need  Have    
    -------------------- ----- --------
    ExtUtils::MakeMaker  0     7.64    
    Fcntl                0     1.06    
    File::Temp           0     0.22    
    HTTP::Request        0     6.37    
    LWP::Protocol::https 6.06  6.10    
    LWP::UserAgent       0     6.67    
    Test::More           0     1.302191
    Time::Local          0     1.30    
    XML::LibXML          0     2.0207  

configure_requires:

    Module               Need  Have    
    -------------------- ----- --------
    ExtUtils::MakeMaker  0     7.64    


------------------------------
ENVIRONMENT AND OTHER CONTEXT
------------------------------

Environment variables:

    LANG = en_US.UTF-8
    LANGUAGE = en_US:en
    PATH = /usr/local/bin:/usr/bin:/bin:/usr/local/sbin:/usr/sbin:/sbin:/home/cpansand/bin/linux-gnu:/home/cpansand/bin/sh:/home/cpansand/bin:/usr/games:/home/cpansand/devel:/home/e/eserte/src/srezic-misc/scripts
    PERL5LIB = 
    PERL5OPT = 
    PERL5_CPANPLUS_IS_RUNNING = 29068
    PERL5_CPAN_IS_RUNNING = 29068
    PERL5_CPAN_IS_RUNNING_IN_RECURSION = 23302,29068
    PERLDOC = -MPod::Perldoc::ToTextOverstrike
    PERL_BATCH = yes
    PERL_CANARY_STABILITY_NOPROMPT = 1
    PERL_CPAN_REPORTER_CONFIG = /var/tmp/cpansmoker-1023/2025070323/cpanreporter_000_config.ini
    PERL_EXTUTILS_AUTOINSTALL = --defaultdeps
    PERL_USE_UNSAFE_INC = 1
    SHELL = /usr/bin/zsh
    TERM = screen
    TMPDIR = /var/tmp/cpansmoker-1023/2025070323

Perl special variables (and OS-specific diagnostics, for MSWin32):

    $^X = /opt/perl-5.10.1/bin/perl
    $UID/$EUID = 1023 / 1023
    $GID = 1023 1023
    $EGID = 1023 1023

Perl module toolchain versions installed:

    Module              Have    
    ------------------- --------
    CPAN                2.34    
    CPAN::Meta          2.143240
    Cwd                 3.75    
    ExtUtils::CBuilder  0.280236
    ExtUtils::Command   7.64    
    ExtUtils::Install   2.06    
    ExtUtils::MakeMaker 7.64    
    ExtUtils::Manifest  1.70    
    ExtUtils::ParseXS   3.44    
    File::Spec          3.75    
    JSON                4.09    
    JSON::PP            4.11    
    Module::Build       0.4231  
    Module::Signature   n/a     
    Parse::CPAN::Meta   1.4414  
    Test::Harness       3.44    
    Test::More          1.302191
    YAML                1.30    
    YAML::Syck          1.34    
    version             0.9929  


--

Summary of my perl5 (revision 5 version 10 subversion 1) configuration:
   
  Platform:
    osname=linux, osvers=4.9.0-18-amd64, archname=x86_64-linux
    uname='linux cabulja 4.9.0-18-amd64 #1 smp debian 4.9.303-1 (2022-03-07) x86_64 gnulinux '
    config_args='-ds -e -Dprefix=/opt/perl-5.10.1 -Dcf_email=srezic@cpan.org'
    hint=recommended, useposix=true, d_sigaction=define
    useithreads=undef, usemultiplicity=undef
    useperlio=define, d_sfio=undef, uselargefiles=define, usesocks=undef
    use64bitint=define, use64bitall=define, uselongdouble=undef
    usemymalloc=n, bincompat5005=undef
  Compiler:
    cc='cc', ccflags ='-fwrapv -fno-strict-aliasing -pipe -fstack-protector -I/usr/local/include -D_LARGEFILE_SOURCE -D_FILE_OFFSET_BITS=64',
    optimize='-O2',
    cppflags='-fwrapv -fno-strict-aliasing -pipe -fstack-protector -I/usr/local/include'
    ccversion='', gccversion='6.3.0 20170516', gccosandvers=''
    intsize=4, longsize=8, ptrsize=8, doublesize=8, byteorder=12345678
    d_longlong=define, longlongsize=8, d_longdbl=define, longdblsize=16
    ivtype='long', ivsize=8, nvtype='double', nvsize=8, Off_t='off_t', lseeksize=8
    alignbytes=8, prototype=define
  Linker and Libraries:
    ld='cc', ldflags =' -fstack-protector -L/usr/local/lib'
    libpth=/usr/local/lib /lib/x86_64-linux-gnu /lib/../lib /usr/lib/x86_64-linux-gnu /usr/lib/../lib /lib /usr/lib
    libs=-lnsl -lgdbm -ldb -ldl -lm -lcrypt -lutil -lc -lgdbm_compat
    perllibs=-lnsl -ldl -lm -lcrypt -lutil -lc
    libc=libc-2.24.so, so=so, useshrplib=false, libperl=libperl.a
    gnulibc_version='2.24'
  Dynamic Linking:
    dlsrc=dl_dlopen.xs, dlext=so, d_dlsymun=undef, ccdlflags='-Wl,-E'
    cccdlflags='-fPIC', lddlflags='-shared -O2 -L/usr/local/lib -fstack-protector'


Characteristics of this binary (from libperl): 
  Compile-time options: PERL_DONT_CREATE_GVSV PERL_MALLOC_WRAP USE_64_BIT_ALL
                        USE_64_BIT_INT USE_LARGE_FILES USE_PERLIO
  Locally applied patches:
	Devel::PatchPerl 2.08
  Built under linux
  Compiled at Aug 16 2022 07:47:24
  %ENV:
    PERL5LIB=""
    PERL5OPT=""
    PERL5_CPANPLUS_IS_RUNNING="29068"
    PERL5_CPAN_IS_RUNNING="29068"
    PERL5_CPAN_IS_RUNNING_IN_RECURSION="23302,29068"
    PERLDOC="-MPod::Perldoc::ToTextOverstrike"
    PERL_BATCH="yes"
    PERL_CANARY_STABILITY_NOPROMPT="1"
    PERL_CPAN_REPORTER_CONFIG="/var/tmp/cpansmoker-1023/2025070323/cpanreporter_000_config.ini"
    PERL_EXTUTILS_AUTOINSTALL="--defaultdeps"
    PERL_USE_UNSAFE_INC="1"
  @INC:
    /opt/perl-5.10.1/lib/5.10.1/x86_64-linux
    /opt/perl-5.10.1/lib/5.10.1
    /opt/perl-5.10.1/lib/site_perl/5.10.1/x86_64-linux
    /opt/perl-5.10.1/lib/site_perl/5.10.1
    .