MooX-Types-CLike v0.92 Perl 5 v5.36.1 RC2 x86_64-linux-thread-multi-ld
- Status
- Fail
- From
- Andreas J. König (ANDK)
- Dist
-
MooX-Types-CLike v0.92
- Platform
- Perl 5 v5.36.1 RC2 x86_64-linux-thread-multi-ld
- Date
- 2023-04-15 21:38:02
- ID
- cc58d820-dbd5-11ed-81d7-35975791020c
This distribution has been tested as part of the CPAN Testers
project, supporting the Perl programming language. See
http://wiki.cpantesters.org/ for more information or email
questions to cpan-testers-discuss@perl.org
--
Dear Brendan Byrd,
This is a computer-generated report for MooX-Types-CLike-0.92
on perl 5.36.1, created by CPAN-Reporter-1.2018.
Thank you for uploading your work to CPAN. However, there was a problem
testing your distribution.
If you think this report is invalid, please consult the CPAN Testers Wiki
for suggestions on how to avoid getting FAIL reports for missing library
or binary dependencies, unsupported operating systems, and so on:
http://wiki.cpantesters.org/wiki/CPANAuthorNotes
Sections of this report:
* Tester comments
* Program output
* Prerequisites
* Environment and other context
------------------------------
TESTER COMMENTS
------------------------------
Additional comments from tester:
this report is from an automated smoke testing program
and was not reviewed by a human for accuracy
------------------------------
PROGRAM OUTPUT
------------------------------
Output from '/usr/bin/make test':
PERL_DL_NONLAZY=1 "/tmp/basesmoker-reloperl-pN8H/bin/perl" "-MExtUtils::Command::MM" "-MTest::Harness" "-e" "undef *Test::Harness::Switches; test_harness(0, 'blib/lib', 'blib/arch')" t/*.t
t/00-check-deps.t ............. ok
t/00-compile.t ................ ok
t/00-load.t ................... ok
#
#
# Generated by Dist::Zilla::Plugin::ReportVersions::Tiny v1.08
# perl: 5.036001 (wanted v5.10.1) on linux from /tmp/basesmoker-reloperl-pN8H/bin/perl
#
# Data::Float => 0.013 (want 0.008)
# Moo => 2.005005 (want 0.009001)
# MooX::Types::MooseLike => 0.29 (want 0.06)
# Pod::Coverage::TrustPod => 0.100006 (want any version)
# Test::CheckDeps => 0.010 (want 0.002)
# Test::Exception => 0.43 (want 0.27)
# Test::Pod => 1.52 (want 1.41)
# Test::Pod::Coverage => 1.10 (want 1.08)
# Test::UseAllModules => 0.17 (want 0.10)
# sanity => 1.03 (want 0.91)
# version => 0.9929 (want 0.9901)
#
# Thanks for using my code. I hope it works for you.
# If not, please try and include this output in the bug report.
# That will help me reproduce the issue and solve your problem.
#
t/000-report-versions-tiny.t .. ok
# Failed test 'ShortFloat: Float accepts NaN'
# at t/types.t line 197.
# died: isa check for "Test_ShortFloat" failed: NaN is not a 16-bit binary floating point number! at t/types.t line 197.
# Test::Exception::lives_ok() called at t/types.t line 197
# main::__ANON__() called at /home/sand/src/perl/repoperls/installed-perls/host/k93jammy/v5.36.1-RC2/322f/lib/site_perl/5.36.1/Test/Builder.pm line 374
# eval {...} called at /home/sand/src/perl/repoperls/installed-perls/host/k93jammy/v5.36.1-RC2/322f/lib/site_perl/5.36.1/Test/Builder.pm line 374
# Test::Builder::subtest() called at /home/sand/src/perl/repoperls/installed-perls/host/k93jammy/v5.36.1-RC2/322f/lib/site_perl/5.36.1/Test/More.pm line 831
# Test::More::subtest() called at t/types.t line 362
# Failed test 'ShortFloat: Float accepts +inf'
# at t/types.t line 198.
# died: isa check for "Test_ShortFloat" failed: Inf is not a 16-bit binary floating point number! at t/types.t line 198.
# Test::Exception::lives_ok() called at t/types.t line 198
# main::__ANON__() called at /home/sand/src/perl/repoperls/installed-perls/host/k93jammy/v5.36.1-RC2/322f/lib/site_perl/5.36.1/Test/Builder.pm line 374
# eval {...} called at /home/sand/src/perl/repoperls/installed-perls/host/k93jammy/v5.36.1-RC2/322f/lib/site_perl/5.36.1/Test/Builder.pm line 374
# Test::Builder::subtest() called at /home/sand/src/perl/repoperls/installed-perls/host/k93jammy/v5.36.1-RC2/322f/lib/site_perl/5.36.1/Test/More.pm line 831
# Test::More::subtest() called at t/types.t line 362
# Failed test 'ShortFloat: Float accepts -inf'
# at t/types.t line 199.
# died: isa check for "Test_ShortFloat" failed: -Inf is not a 16-bit binary floating point number! at t/types.t line 199.
# Test::Exception::lives_ok() called at t/types.t line 199
# main::__ANON__() called at /home/sand/src/perl/repoperls/installed-perls/host/k93jammy/v5.36.1-RC2/322f/lib/site_perl/5.36.1/Test/Builder.pm line 374
# eval {...} called at /home/sand/src/perl/repoperls/installed-perls/host/k93jammy/v5.36.1-RC2/322f/lib/site_perl/5.36.1/Test/Builder.pm line 374
# Test::Builder::subtest() called at /home/sand/src/perl/repoperls/installed-perls/host/k93jammy/v5.36.1-RC2/322f/lib/site_perl/5.36.1/Test/More.pm line 831
# Test::More::subtest() called at t/types.t line 362
# Looks like you failed 3 tests of 17.
# Failed test 'Test_ShortFloat'
# at t/types.t line 362.
# Failed test 'Half: Float accepts NaN'
# at t/types.t line 197.
# died: isa check for "Test_Half" failed: NaN is not a 16-bit binary floating point number! at t/types.t line 197.
# Test::Exception::lives_ok() called at t/types.t line 197
# main::__ANON__() called at /home/sand/src/perl/repoperls/installed-perls/host/k93jammy/v5.36.1-RC2/322f/lib/site_perl/5.36.1/Test/Builder.pm line 374
# eval {...} called at /home/sand/src/perl/repoperls/installed-perls/host/k93jammy/v5.36.1-RC2/322f/lib/site_perl/5.36.1/Test/Builder.pm line 374
# Test::Builder::subtest() called at /home/sand/src/perl/repoperls/installed-perls/host/k93jammy/v5.36.1-RC2/322f/lib/site_perl/5.36.1/Test/More.pm line 831
# Test::More::subtest() called at t/types.t line 362
# Failed test 'Half: Float accepts +inf'
# at t/types.t line 198.
# died: isa check for "Test_Half" failed: Inf is not a 16-bit binary floating point number! at t/types.t line 198.
# Test::Exception::lives_ok() called at t/types.t line 198
# main::__ANON__() called at /home/sand/src/perl/repoperls/installed-perls/host/k93jammy/v5.36.1-RC2/322f/lib/site_perl/5.36.1/Test/Builder.pm line 374
# eval {...} called at /home/sand/src/perl/repoperls/installed-perls/host/k93jammy/v5.36.1-RC2/322f/lib/site_perl/5.36.1/Test/Builder.pm line 374
# Test::Builder::subtest() called at /home/sand/src/perl/repoperls/installed-perls/host/k93jammy/v5.36.1-RC2/322f/lib/site_perl/5.36.1/Test/More.pm line 831
# Test::More::subtest() called at t/types.t line 362
# Failed test 'Half: Float accepts -inf'
# at t/types.t line 199.
# died: isa check for "Test_Half" failed: -Inf is not a 16-bit binary floating point number! at t/types.t line 199.
# Test::Exception::lives_ok() called at t/types.t line 199
# main::__ANON__() called at /home/sand/src/perl/repoperls/installed-perls/host/k93jammy/v5.36.1-RC2/322f/lib/site_perl/5.36.1/Test/Builder.pm line 374
# eval {...} called at /home/sand/src/perl/repoperls/installed-perls/host/k93jammy/v5.36.1-RC2/322f/lib/site_perl/5.36.1/Test/Builder.pm line 374
# Test::Builder::subtest() called at /home/sand/src/perl/repoperls/installed-perls/host/k93jammy/v5.36.1-RC2/322f/lib/site_perl/5.36.1/Test/More.pm line 831
# Test::More::subtest() called at t/types.t line 362
# Looks like you failed 3 tests of 17.
# Failed test 'Test_Half'
# at t/types.t line 362.
# Failed test 'Float16: Float accepts NaN'
# at t/types.t line 197.
# died: isa check for "Test_Float16" failed: 1 at t/types.t line 197.
# Test::Exception::lives_ok() called at t/types.t line 197
# main::__ANON__() called at /home/sand/src/perl/repoperls/installed-perls/host/k93jammy/v5.36.1-RC2/322f/lib/site_perl/5.36.1/Test/Builder.pm line 374
# eval {...} called at /home/sand/src/perl/repoperls/installed-perls/host/k93jammy/v5.36.1-RC2/322f/lib/site_perl/5.36.1/Test/Builder.pm line 374
# Test::Builder::subtest() called at /home/sand/src/perl/repoperls/installed-perls/host/k93jammy/v5.36.1-RC2/322f/lib/site_perl/5.36.1/Test/More.pm line 831
# Test::More::subtest() called at t/types.t line 362
# Failed test 'Float16: Float accepts +inf'
# at t/types.t line 198.
# died: isa check for "Test_Float16" failed: 1 at t/types.t line 198.
# Test::Exception::lives_ok() called at t/types.t line 198
# main::__ANON__() called at /home/sand/src/perl/repoperls/installed-perls/host/k93jammy/v5.36.1-RC2/322f/lib/site_perl/5.36.1/Test/Builder.pm line 374
# eval {...} called at /home/sand/src/perl/repoperls/installed-perls/host/k93jammy/v5.36.1-RC2/322f/lib/site_perl/5.36.1/Test/Builder.pm line 374
# Test::Builder::subtest() called at /home/sand/src/perl/repoperls/installed-perls/host/k93jammy/v5.36.1-RC2/322f/lib/site_perl/5.36.1/Test/More.pm line 831
# Test::More::subtest() called at t/types.t line 362
# Failed test 'Float16: Float accepts -inf'
# at t/types.t line 199.
# died: isa check for "Test_Float16" failed: 1 at t/types.t line 199.
# Test::Exception::lives_ok() called at t/types.t line 199
# main::__ANON__() called at /home/sand/src/perl/repoperls/installed-perls/host/k93jammy/v5.36.1-RC2/322f/lib/site_perl/5.36.1/Test/Builder.pm line 374
# eval {...} called at /home/sand/src/perl/repoperls/installed-perls/host/k93jammy/v5.36.1-RC2/322f/lib/site_perl/5.36.1/Test/Builder.pm line 374
# Test::Builder::subtest() called at /home/sand/src/perl/repoperls/installed-perls/host/k93jammy/v5.36.1-RC2/322f/lib/site_perl/5.36.1/Test/More.pm line 831
# Test::More::subtest() called at t/types.t line 362
# Looks like you failed 3 tests of 17.
# Failed test 'Test_Float16'
# at t/types.t line 362.
# Failed test 'Binary16: Float accepts NaN'
# at t/types.t line 197.
# died: isa check for "Test_Binary16" failed: 1 at t/types.t line 197.
# Test::Exception::lives_ok() called at t/types.t line 197
# main::__ANON__() called at /home/sand/src/perl/repoperls/installed-perls/host/k93jammy/v5.36.1-RC2/322f/lib/site_perl/5.36.1/Test/Builder.pm line 374
# eval {...} called at /home/sand/src/perl/repoperls/installed-perls/host/k93jammy/v5.36.1-RC2/322f/lib/site_perl/5.36.1/Test/Builder.pm line 374
# Test::Builder::subtest() called at /home/sand/src/perl/repoperls/installed-perls/host/k93jammy/v5.36.1-RC2/322f/lib/site_perl/5.36.1/Test/More.pm line 831
# Test::More::subtest() called at t/types.t line 362
# Failed test 'Binary16: Float accepts +inf'
# at t/types.t line 198.
# died: isa check for "Test_Binary16" failed: 1 at t/types.t line 198.
# Test::Exception::lives_ok() called at t/types.t line 198
# main::__ANON__() called at /home/sand/src/perl/repoperls/installed-perls/host/k93jammy/v5.36.1-RC2/322f/lib/site_perl/5.36.1/Test/Builder.pm line 374
# eval {...} called at /home/sand/src/perl/repoperls/installed-perls/host/k93jammy/v5.36.1-RC2/322f/lib/site_perl/5.36.1/Test/Builder.pm line 374
# Test::Builder::subtest() called at /home/sand/src/perl/repoperls/installed-perls/host/k93jammy/v5.36.1-RC2/322f/lib/site_perl/5.36.1/Test/More.pm line 831
# Test::More::subtest() called at t/types.t line 362
# Failed test 'Binary16: Float accepts -inf'
# at t/types.t line 199.
# died: isa check for "Test_Binary16" failed: 1 at t/types.t line 199.
# Test::Exception::lives_ok() called at t/types.t line 199
# main::__ANON__() called at /home/sand/src/perl/repoperls/installed-perls/host/k93jammy/v5.36.1-RC2/322f/lib/site_perl/5.36.1/Test/Builder.pm line 374
# eval {...} called at /home/sand/src/perl/repoperls/installed-perls/host/k93jammy/v5.36.1-RC2/322f/lib/site_perl/5.36.1/Test/Builder.pm line 374
# Test::Builder::subtest() called at /home/sand/src/perl/repoperls/installed-perls/host/k93jammy/v5.36.1-RC2/322f/lib/site_perl/5.36.1/Test/More.pm line 831
# Test::More::subtest() called at t/types.t line 362
# Looks like you failed 3 tests of 17.
# Failed test 'Test_Binary16'
# at t/types.t line 362.
# Failed test 'Single: Float accepts NaN'
# at t/types.t line 197.
# died: isa check for "Test_Single" failed: NaN is not a 32-bit binary floating point number! at t/types.t line 197.
# Test::Exception::lives_ok() called at t/types.t line 197
# main::__ANON__() called at /home/sand/src/perl/repoperls/installed-perls/host/k93jammy/v5.36.1-RC2/322f/lib/site_perl/5.36.1/Test/Builder.pm line 374
# eval {...} called at /home/sand/src/perl/repoperls/installed-perls/host/k93jammy/v5.36.1-RC2/322f/lib/site_perl/5.36.1/Test/Builder.pm line 374
# Test::Builder::subtest() called at /home/sand/src/perl/repoperls/installed-perls/host/k93jammy/v5.36.1-RC2/322f/lib/site_perl/5.36.1/Test/More.pm line 831
# Test::More::subtest() called at t/types.t line 362
# Failed test 'Single: Float accepts +inf'
# at t/types.t line 198.
# died: isa check for "Test_Single" failed: Inf is not a 32-bit binary floating point number! at t/types.t line 198.
# Test::Exception::lives_ok() called at t/types.t line 198
# main::__ANON__() called at /home/sand/src/perl/repoperls/installed-perls/host/k93jammy/v5.36.1-RC2/322f/lib/site_perl/5.36.1/Test/Builder.pm line 374
# eval {...} called at /home/sand/src/perl/repoperls/installed-perls/host/k93jammy/v5.36.1-RC2/322f/lib/site_perl/5.36.1/Test/Builder.pm line 374
# Test::Builder::subtest() called at /home/sand/src/perl/repoperls/installed-perls/host/k93jammy/v5.36.1-RC2/322f/lib/site_perl/5.36.1/Test/More.pm line 831
# Test::More::subtest() called at t/types.t line 362
# Failed test 'Single: Float accepts -inf'
# at t/types.t line 199.
# died: isa check for "Test_Single" failed: -Inf is not a 32-bit binary floating point number! at t/types.t line 199.
# Test::Exception::lives_ok() called at t/types.t line 199
# main::__ANON__() called at /home/sand/src/perl/repoperls/installed-perls/host/k93jammy/v5.36.1-RC2/322f/lib/site_perl/5.36.1/Test/Builder.pm line 374
# eval {...} called at /home/sand/src/perl/repoperls/installed-perls/host/k93jammy/v5.36.1-RC2/322f/lib/site_perl/5.36.1/Test/Builder.pm line 374
# Test::Builder::subtest() called at /home/sand/src/perl/repoperls/installed-perls/host/k93jammy/v5.36.1-RC2/322f/lib/site_perl/5.36.1/Test/More.pm line 831
# Test::More::subtest() called at t/types.t line 362
# Looks like you failed 3 tests of 17.
# Failed test 'Test_Single'
# at t/types.t line 362.
# Failed test 'Real: Float accepts NaN'
# at t/types.t line 197.
# died: isa check for "Test_Real" failed: 1 at t/types.t line 197.
# Test::Exception::lives_ok() called at t/types.t line 197
# main::__ANON__() called at /home/sand/src/perl/repoperls/installed-perls/host/k93jammy/v5.36.1-RC2/322f/lib/site_perl/5.36.1/Test/Builder.pm line 374
# eval {...} called at /home/sand/src/perl/repoperls/installed-perls/host/k93jammy/v5.36.1-RC2/322f/lib/site_perl/5.36.1/Test/Builder.pm line 374
# Test::Builder::subtest() called at /home/sand/src/perl/repoperls/installed-perls/host/k93jammy/v5.36.1-RC2/322f/lib/site_perl/5.36.1/Test/More.pm line 831
# Test::More::subtest() called at t/types.t line 362
# Failed test 'Real: Float accepts +inf'
# at t/types.t line 198.
# died: isa check for "Test_Real" failed: 1 at t/types.t line 198.
# Test::Exception::lives_ok() called at t/types.t line 198
# main::__ANON__() called at /home/sand/src/perl/repoperls/installed-perls/host/k93jammy/v5.36.1-RC2/322f/lib/site_perl/5.36.1/Test/Builder.pm line 374
# eval {...} called at /home/sand/src/perl/repoperls/installed-perls/host/k93jammy/v5.36.1-RC2/322f/lib/site_perl/5.36.1/Test/Builder.pm line 374
# Test::Builder::subtest() called at /home/sand/src/perl/repoperls/installed-perls/host/k93jammy/v5.36.1-RC2/322f/lib/site_perl/5.36.1/Test/More.pm line 831
# Test::More::subtest() called at t/types.t line 362
# Failed test 'Real: Float accepts -inf'
# at t/types.t line 199.
# died: isa check for "Test_Real" failed: 1 at t/types.t line 199.
# Test::Exception::lives_ok() called at t/types.t line 199
# main::__ANON__() called at /home/sand/src/perl/repoperls/installed-perls/host/k93jammy/v5.36.1-RC2/322f/lib/site_perl/5.36.1/Test/Builder.pm line 374
# eval {...} called at /home/sand/src/perl/repoperls/installed-perls/host/k93jammy/v5.36.1-RC2/322f/lib/site_perl/5.36.1/Test/Builder.pm line 374
# Test::Builder::subtest() called at /home/sand/src/perl/repoperls/installed-perls/host/k93jammy/v5.36.1-RC2/322f/lib/site_perl/5.36.1/Test/More.pm line 831
# Test::More::subtest() called at t/types.t line 362
# Looks like you failed 3 tests of 17.
# Failed test 'Test_Real'
# at t/types.t line 362.
# Failed test 'Float: Float accepts NaN'
# at t/types.t line 197.
# died: isa check for "Test_Float" failed: 1 at t/types.t line 197.
# Test::Exception::lives_ok() called at t/types.t line 197
# main::__ANON__() called at /home/sand/src/perl/repoperls/installed-perls/host/k93jammy/v5.36.1-RC2/322f/lib/site_perl/5.36.1/Test/Builder.pm line 374
# eval {...} called at /home/sand/src/perl/repoperls/installed-perls/host/k93jammy/v5.36.1-RC2/322f/lib/site_perl/5.36.1/Test/Builder.pm line 374
# Test::Builder::subtest() called at /home/sand/src/perl/repoperls/installed-perls/host/k93jammy/v5.36.1-RC2/322f/lib/site_perl/5.36.1/Test/More.pm line 831
# Test::More::subtest() called at t/types.t line 362
# Failed test 'Float: Float accepts +inf'
# at t/types.t line 198.
# died: isa check for "Test_Float" failed: 1 at t/types.t line 198.
# Test::Exception::lives_ok() called at t/types.t line 198
# main::__ANON__() called at /home/sand/src/perl/repoperls/installed-perls/host/k93jammy/v5.36.1-RC2/322f/lib/site_perl/5.36.1/Test/Builder.pm line 374
# eval {...} called at /home/sand/src/perl/repoperls/installed-perls/host/k93jammy/v5.36.1-RC2/322f/lib/site_perl/5.36.1/Test/Builder.pm line 374
# Test::Builder::subtest() called at /home/sand/src/perl/repoperls/installed-perls/host/k93jammy/v5.36.1-RC2/322f/lib/site_perl/5.36.1/Test/More.pm line 831
# Test::More::subtest() called at t/types.t line 362
# Failed test 'Float: Float accepts -inf'
# at t/types.t line 199.
# died: isa check for "Test_Float" failed: 1 at t/types.t line 199.
# Test::Exception::lives_ok() called at t/types.t line 199
# main::__ANON__() called at /home/sand/src/perl/repoperls/installed-perls/host/k93jammy/v5.36.1-RC2/322f/lib/site_perl/5.36.1/Test/Builder.pm line 374
# eval {...} called at /home/sand/src/perl/repoperls/installed-perls/host/k93jammy/v5.36.1-RC2/322f/lib/site_perl/5.36.1/Test/Builder.pm line 374
# Test::Builder::subtest() called at /home/sand/src/perl/repoperls/installed-perls/host/k93jammy/v5.36.1-RC2/322f/lib/site_perl/5.36.1/Test/More.pm line 831
# Test::More::subtest() called at t/types.t line 362
# Looks like you failed 3 tests of 17.
# Failed test 'Test_Float'
# at t/types.t line 362.
# Failed test 'Float32: Float accepts NaN'
# at t/types.t line 197.
# died: isa check for "Test_Float32" failed: 1 at t/types.t line 197.
# Test::Exception::lives_ok() called at t/types.t line 197
# main::__ANON__() called at /home/sand/src/perl/repoperls/installed-perls/host/k93jammy/v5.36.1-RC2/322f/lib/site_perl/5.36.1/Test/Builder.pm line 374
# eval {...} called at /home/sand/src/perl/repoperls/installed-perls/host/k93jammy/v5.36.1-RC2/322f/lib/site_perl/5.36.1/Test/Builder.pm line 374
# Test::Builder::subtest() called at /home/sand/src/perl/repoperls/installed-perls/host/k93jammy/v5.36.1-RC2/322f/lib/site_perl/5.36.1/Test/More.pm line 831
# Test::More::subtest() called at t/types.t line 362
# Failed test 'Float32: Float accepts +inf'
# at t/types.t line 198.
# died: isa check for "Test_Float32" failed: 1 at t/types.t line 198.
# Test::Exception::lives_ok() called at t/types.t line 198
# main::__ANON__() called at /home/sand/src/perl/repoperls/installed-perls/host/k93jammy/v5.36.1-RC2/322f/lib/site_perl/5.36.1/Test/Builder.pm line 374
# eval {...} called at /home/sand/src/perl/repoperls/installed-perls/host/k93jammy/v5.36.1-RC2/322f/lib/site_perl/5.36.1/Test/Builder.pm line 374
# Test::Builder::subtest() called at /home/sand/src/perl/repoperls/installed-perls/host/k93jammy/v5.36.1-RC2/322f/lib/site_perl/5.36.1/Test/More.pm line 831
# Test::More::subtest() called at t/types.t line 362
# Failed test 'Float32: Float accepts -inf'
# at t/types.t line 199.
# died: isa check for "Test_Float32" failed: 1 at t/types.t line 199.
# Test::Exception::lives_ok() called at t/types.t line 199
# main::__ANON__() called at /home/sand/src/perl/repoperls/installed-perls/host/k93jammy/v5.36.1-RC2/322f/lib/site_perl/5.36.1/Test/Builder.pm line 374
# eval {...} called at /home/sand/src/perl/repoperls/installed-perls/host/k93jammy/v5.36.1-RC2/322f/lib/site_perl/5.36.1/Test/Builder.pm line 374
# Test::Builder::subtest() called at /home/sand/src/perl/repoperls/installed-perls/host/k93jammy/v5.36.1-RC2/322f/lib/site_perl/5.36.1/Test/More.pm line 831
# Test::More::subtest() called at t/types.t line 362
# Looks like you failed 3 tests of 17.
# Failed test 'Test_Float32'
# at t/types.t line 362.
# Failed test 'Binary32: Float accepts NaN'
# at t/types.t line 197.
# died: isa check for "Test_Binary32" failed: 1 at t/types.t line 197.
# Test::Exception::lives_ok() called at t/types.t line 197
# main::__ANON__() called at /home/sand/src/perl/repoperls/installed-perls/host/k93jammy/v5.36.1-RC2/322f/lib/site_perl/5.36.1/Test/Builder.pm line 374
# eval {...} called at /home/sand/src/perl/repoperls/installed-perls/host/k93jammy/v5.36.1-RC2/322f/lib/site_perl/5.36.1/Test/Builder.pm line 374
# Test::Builder::subtest() called at /home/sand/src/perl/repoperls/installed-perls/host/k93jammy/v5.36.1-RC2/322f/lib/site_perl/5.36.1/Test/More.pm line 831
# Test::More::subtest() called at t/types.t line 362
# Failed test 'Binary32: Float accepts +inf'
# at t/types.t line 198.
# died: isa check for "Test_Binary32" failed: 1 at t/types.t line 198.
# Test::Exception::lives_ok() called at t/types.t line 198
# main::__ANON__() called at /home/sand/src/perl/repoperls/installed-perls/host/k93jammy/v5.36.1-RC2/322f/lib/site_perl/5.36.1/Test/Builder.pm line 374
# eval {...} called at /home/sand/src/perl/repoperls/installed-perls/host/k93jammy/v5.36.1-RC2/322f/lib/site_perl/5.36.1/Test/Builder.pm line 374
# Test::Builder::subtest() called at /home/sand/src/perl/repoperls/installed-perls/host/k93jammy/v5.36.1-RC2/322f/lib/site_perl/5.36.1/Test/More.pm line 831
# Test::More::subtest() called at t/types.t line 362
# Failed test 'Binary32: Float accepts -inf'
# at t/types.t line 199.
# died: isa check for "Test_Binary32" failed: 1 at t/types.t line 199.
# Test::Exception::lives_ok() called at t/types.t line 199
# main::__ANON__() called at /home/sand/src/perl/repoperls/installed-perls/host/k93jammy/v5.36.1-RC2/322f/lib/site_perl/5.36.1/Test/Builder.pm line 374
# eval {...} called at /home/sand/src/perl/repoperls/installed-perls/host/k93jammy/v5.36.1-RC2/322f/lib/site_perl/5.36.1/Test/Builder.pm line 374
# Test::Builder::subtest() called at /home/sand/src/perl/repoperls/installed-perls/host/k93jammy/v5.36.1-RC2/322f/lib/site_perl/5.36.1/Test/More.pm line 831
# Test::More::subtest() called at t/types.t line 362
# Looks like you failed 3 tests of 17.
# Failed test 'Test_Binary32'
# at t/types.t line 362.
# Failed test 'Decimal32: Decimal32 accepts 999999999999999999999999999999999999999999999999999999999999999999999999999999999999999999999999+0 (BigFloat)'
# at t/types.t line 330.
# died: Can't call method "badd" without a package or object reference at /home/sand/src/perl/repoperls/installed-perls/host/k93jammy/v5.36.1-RC2/322f/lib/site_perl/5.36.1/Math/BigFloat.pm line 1787.
# Failed test 'Decimal32: Decimal32 accepts -999999999999999999999999999999999999999999999999999999999999999999999999999999999999999999999999+0 (BigFloat)'
# at t/types.t line 331.
# died: Can't call method "badd" without a package or object reference at /home/sand/src/perl/repoperls/installed-perls/host/k93jammy/v5.36.1-RC2/322f/lib/site_perl/5.36.1/Math/BigFloat.pm line 1787.
# Failed test 'Decimal32: Decimal32 rejects BigInt'
# at t/types.t line 334.
# Looks like you failed 3 tests of 17.
# Failed test 'Test_Decimal32'
# at t/types.t line 362.
# No tests run!
# Failed test 'No tests run for subtest "Test_Decimal64"'
# at t/types.t line 362.
Can't call method "bdiv" without a package or object reference at /home/sand/src/perl/repoperls/installed-perls/host/k93jammy/v5.36.1-RC2/322f/lib/site_perl/5.36.1/Math/BigFloat.pm line 2111.
# Looks like your test exited with 255 just after 84.
t/types.t .....................
Dubious, test returned 255 (wstat 65280, 0xff00)
Failed 19/92 subtests
Test Summary Report
-------------------
t/types.t (Wstat: 65280 (exited 255) Tests: 84 Failed: 11)
Failed tests: 62-70, 83-84
Non-zero exit status: 255
Parse errors: Bad plan. You planned 92 tests but ran 84.
Files=5, Tests=98, 3 wallclock secs ( 0.15 usr 0.04 sys + 2.79 cusr 0.14 csys = 3.12 CPU)
Result: FAIL
Failed 1/5 test programs. 11/98 subtests failed.
make: *** [Makefile:852: test_dynamic] Error 255
------------------------------
PREREQUISITES
------------------------------
Prerequisite modules loaded:
requires:
Module Need Have
---------------------- -------- --------
Data::Float 0.008 0.013
MooX::Types::MooseLike 0.06 0.29
sanity 0.91 1.03
build_requires:
Module Need Have
---------------------- -------- --------
Moo 0.009001 2.005005
Test::CheckDeps 0.002 0.010
Test::Exception 0.27 0.43
Test::UseAllModules 0.10 0.17
------------------------------
ENVIRONMENT AND OTHER CONTEXT
------------------------------
Environment variables:
AUTOMATED_TESTING = 1
LANG = en_US.UTF-8
LC_ADDRESS = de_DE.UTF-8
LC_IDENTIFICATION = de_DE.UTF-8
LC_MEASUREMENT = de_DE.UTF-8
LC_MONETARY = de_DE.UTF-8
LC_NAME = de_DE.UTF-8
LC_NUMERIC = de_DE.UTF-8
LC_PAPER = de_DE.UTF-8
LC_TELEPHONE = de_DE.UTF-8
LC_TIME = de_DE.UTF-8
PATH = /home/sand/bin:/usr/local/bin:/usr/local/sbin:/usr/sbin:/usr/bin:/sbin:/bin:/usr/games:/usr/local/games:/snap/bin:/usr/local/perl/bin:/usr/X11/bin
PERL = /tmp/basesmoker-reloperl-pN8H/bin/perl
PERL5LIB = /tmp/loop_over_bdir-2504-Kj9Y4v/Net-ISP-Balance-1.31-0/blib/arch:/tmp/loop_over_bdir-2504-Kj9Y4v/Net-ISP-Balance-1.31-0/blib/lib:/tmp/loop_over_bdir-2504-Kj9Y4v/CORBA-Python-2.66-0/blib/arch:/tmp/loop_over_bdir-2504-Kj9Y4v/CORBA-Python-2.66-0/blib/lib:/tmp/loop_over_bdir-2504-Kj9Y4v/mmds-1.902-0/blib/arch:/tmp/loop_over_bdir-2504-Kj9Y4v/mmds-1.902-0/blib/lib:/tmp/loop_over_bdir-2504-Kj9Y4v/Devel-Required-0.16-0/blib/arch:/tmp/loop_over_bdir-2504-Kj9Y4v/Devel-Required-0.16-0/blib/lib:/tmp/loop_over_bdir-2504-Kj9Y4v/Net-OpenVPN-DDNS-0.1-0/blib/arch:/tmp/loop_over_bdir-2504-Kj9Y4v/Net-OpenVPN-DDNS-0.1-0/blib/lib:/tmp/loop_over_bdir-2504-Kj9Y4v/Serge-1.4-0/blib/arch:/tmp/loop_over_bdir-2504-Kj9Y4v/Serge-1.4-0/blib/lib:/tmp/loop_over_bdir-2504-Kj9Y4v/RDF-NLP-SPARQLQuery-0.1-0/blib/arch:/tmp/loop_over_bdir-2504-Kj9Y4v/RDF-NLP-SPARQLQuery-0.1-0/blib/lib:/tmp/loop_over_bdir-2504-Kj9Y4v/dta-tokwrap-0.98-0/blib/arch:/tmp/loop_over_bdir-2504-Kj9Y4v/dta-tokwrap-0.98-0/blib/lib:/tmp/loop_over_bdir-2504-Kj9Y4v/Dpkg-1.21.19-0/blib/arch:/tmp/loop_over_bdir-2504-Kj9Y4v/Dpkg-1.21.19-0/blib/lib:/tmp/loop_over_bdir-2504-Kj9Y4v/Captive-Portal-4.10-0/blib/arch:/tmp/loop_over_bdir-2504-Kj9Y4v/Captive-Portal-4.10-0/blib/lib:/tmp/loop_over_bdir-2504-Kj9Y4v/Alien-SNMP-MIBDEV-2.020000-0/blib/arch:/tmp/loop_over_bdir-2504-Kj9Y4v/Alien-SNMP-MIBDEV-2.020000-0/blib/lib
PERL5OPT =
PERL5_CPANPLUS_IS_RUNNING = 2512
PERL5_CPAN_IS_RUNNING = 2512
PERL_CANARY_STABILITY_NOPROMPT = 1
PERL_MM_USE_DEFAULT = 1
PERL_USE_UNSAFE_INC = 1
SHELL = /usr/bin/zsh
TERM = screen
Perl special variables (and OS-specific diagnostics, for MSWin32):
$^X = /tmp/basesmoker-reloperl-pN8H/bin/perl
$UID/$EUID = 1005 / 1005
$GID = 1005 1005
$EGID = 1005 1005
Perl module toolchain versions installed:
Module Have
------------------- --------
CPAN 2.34
CPAN::Meta 2.150010
Cwd 3.84
ExtUtils::CBuilder 0.280236
ExtUtils::Command 7.70
ExtUtils::Install 2.20
ExtUtils::MakeMaker 7.70
ExtUtils::Manifest 1.73
ExtUtils::ParseXS 3.45
File::Spec 3.84
JSON 4.10
JSON::PP 4.16
Module::Build 0.4232
Module::Signature 0.88
Parse::CPAN::Meta 2.150010
Test::Harness 3.44
Test::More 1.302194
YAML 1.30
YAML::Syck 1.34
version 0.9929
--
Summary of my perl5 (revision 5 version 36 subversion 1) configuration:
Commit id: 2e60932a0e378da53c04b82e8983d9cef4dcacba
Platform:
osname=linux
osvers=5.19.0-38-generic
archname=x86_64-linux-thread-multi-ld
uname='linux k93jammy 5.19.0-38-generic #39~22.04.1-ubuntu smp preempt_dynamic fri mar 17 21:16:15 utc 2 x86_64 x86_64 x86_64 gnulinux '
config_args='-Dprefix=/home/sand/src/perl/repoperls/installed-perls/host/k93jammy/v5.36.1-RC2/322f -Dmyhostname=k93jammy -Dinstallusrbinperl=n -Uversiononly -Dusedevel -des -Ui_db -Dlibswanted=cl pthread socket inet nsl gdbm dbm malloc dl ld sun m crypt sec util c cposix posix ucb BSD gdbm_compat -Duseithreads -Duselongdouble -DEBUGGING=-g'
hint=recommended
useposix=true
d_sigaction=define
useithreads=define
usemultiplicity=define
use64bitint=define
use64bitall=define
uselongdouble=define
usemymalloc=n
default_inc_excludes_dot=define
Compiler:
cc='cc'
ccflags ='-D_REENTRANT -D_GNU_SOURCE -fwrapv -fno-strict-aliasing -pipe -fstack-protector-strong -I/usr/local/include -D_LARGEFILE_SOURCE -D_FILE_OFFSET_BITS=64'
optimize='-O2 -g'
cppflags='-D_REENTRANT -D_GNU_SOURCE -fwrapv -fno-strict-aliasing -pipe -fstack-protector-strong -I/usr/local/include'
ccversion=''
gccversion='11.3.0'
gccosandvers=''
intsize=4
longsize=8
ptrsize=8
doublesize=8
byteorder=12345678
doublekind=3
d_longlong=define
longlongsize=8
d_longdbl=define
longdblsize=16
longdblkind=3
ivtype='long'
ivsize=8
nvtype='long double'
nvsize=16
Off_t='off_t'
lseeksize=8
alignbytes=16
prototype=define
Linker and Libraries:
ld='cc'
ldflags =' -fstack-protector-strong -L/usr/local/lib'
libpth=/usr/local/lib /usr/lib/x86_64-linux-gnu /usr/lib /usr/lib64
libs=-lpthread -lnsl -ldl -lm -lcrypt -lutil -lc
perllibs=-lpthread -lnsl -ldl -lm -lcrypt -lutil -lc
libc=/lib/x86_64-linux-gnu/libc.so.6
so=so
useshrplib=false
libperl=libperl.a
gnulibc_version='2.35'
Dynamic Linking:
dlsrc=dl_dlopen.xs
dlext=so
d_dlsymun=undef
ccdlflags='-Wl,-E'
cccdlflags='-fPIC'
lddlflags='-shared -O2 -g -L/usr/local/lib -fstack-protector-strong'
Characteristics of this binary (from libperl):
Compile-time options:
HAS_TIMES
MULTIPLICITY
PERLIO_LAYERS
PERL_COPY_ON_WRITE
PERL_DONT_CREATE_GVSV
PERL_MALLOC_WRAP
PERL_OP_PARENT
PERL_PRESERVE_IVUV
PERL_USE_DEVEL
USE_64_BIT_ALL
USE_64_BIT_INT
USE_ITHREADS
USE_LARGE_FILES
USE_LOCALE
USE_LOCALE_COLLATE
USE_LOCALE_CTYPE
USE_LOCALE_NUMERIC
USE_LOCALE_TIME
USE_LONG_DOUBLE
USE_PERLIO
USE_PERL_ATOF
USE_REENTRANT_API
USE_THREAD_SAFE_LOCALE
Locally applied patches:
RC2
Built under linux
Compiled at Apr 12 2023 01:00:28
%ENV:
PERL="/tmp/basesmoker-reloperl-pN8H/bin/perl"
PERL5LIB="/tmp/loop_over_bdir-2504-Kj9Y4v/Net-ISP-Balance-1.31-0/blib/arch:/tmp/loop_over_bdir-2504-Kj9Y4v/Net-ISP-Balance-1.31-0/blib/lib:/tmp/loop_over_bdir-2504-Kj9Y4v/CORBA-Python-2.66-0/blib/arch:/tmp/loop_over_bdir-2504-Kj9Y4v/CORBA-Python-2.66-0/blib/lib:/tmp/loop_over_bdir-2504-Kj9Y4v/mmds-1.902-0/blib/arch:/tmp/loop_over_bdir-2504-Kj9Y4v/mmds-1.902-0/blib/lib:/tmp/loop_over_bdir-2504-Kj9Y4v/Devel-Required-0.16-0/blib/arch:/tmp/loop_over_bdir-2504-Kj9Y4v/Devel-Required-0.16-0/blib/lib:/tmp/loop_over_bdir-2504-Kj9Y4v/Net-OpenVPN-DDNS-0.1-0/blib/arch:/tmp/loop_over_bdir-2504-Kj9Y4v/Net-OpenVPN-DDNS-0.1-0/blib/lib:/tmp/loop_over_bdir-2504-Kj9Y4v/Serge-1.4-0/blib/arch:/tmp/loop_over_bdir-2504-Kj9Y4v/Serge-1.4-0/blib/lib:/tmp/loop_over_bdir-2504-Kj9Y4v/RDF-NLP-SPARQLQuery-0.1-0/blib/arch:/tmp/loop_over_bdir-2504-Kj9Y4v/RDF-NLP-SPARQLQuery-0.1-0/blib/lib:/tmp/loop_over_bdir-2504-Kj9Y4v/dta-tokwrap-0.98-0/blib/arch:/tmp/loop_over_bdir-2504-Kj9Y4v/dta-tokwrap-0.98-0/blib/lib:/tmp/loop_over_bdir-2504-Kj9Y4v/Dpkg-1.21.19-0/blib/arch:/tmp/loop_over_bdir-2504-Kj9Y4v/Dpkg-1.21.19-0/blib/lib:/tmp/loop_over_bdir-2504-Kj9Y4v/Captive-Portal-4.10-0/blib/arch:/tmp/loop_over_bdir-2504-Kj9Y4v/Captive-Portal-4.10-0/blib/lib:/tmp/loop_over_bdir-2504-Kj9Y4v/Alien-SNMP-MIBDEV-2.020000-0/blib/arch:/tmp/loop_over_bdir-2504-Kj9Y4v/Alien-SNMP-MIBDEV-2.020000-0/blib/lib"
PERL5OPT=""
PERL5_CPANPLUS_IS_RUNNING="2512"
PERL5_CPAN_IS_RUNNING="2512"
PERL_CANARY_STABILITY_NOPROMPT="1"
PERL_MM_USE_DEFAULT="1"
PERL_USE_UNSAFE_INC="1"
@INC:
/tmp/loop_over_bdir-2504-Kj9Y4v/Net-ISP-Balance-1.31-0/blib/arch
/tmp/loop_over_bdir-2504-Kj9Y4v/Net-ISP-Balance-1.31-0/blib/lib
/tmp/loop_over_bdir-2504-Kj9Y4v/CORBA-Python-2.66-0/blib/arch
/tmp/loop_over_bdir-2504-Kj9Y4v/CORBA-Python-2.66-0/blib/lib
/tmp/loop_over_bdir-2504-Kj9Y4v/mmds-1.902-0/blib/arch
/tmp/loop_over_bdir-2504-Kj9Y4v/mmds-1.902-0/blib/lib
/tmp/loop_over_bdir-2504-Kj9Y4v/Devel-Required-0.16-0/blib/arch
/tmp/loop_over_bdir-2504-Kj9Y4v/Devel-Required-0.16-0/blib/lib
/tmp/loop_over_bdir-2504-Kj9Y4v/Net-OpenVPN-DDNS-0.1-0/blib/arch
/tmp/loop_over_bdir-2504-Kj9Y4v/Net-OpenVPN-DDNS-0.1-0/blib/lib
/tmp/loop_over_bdir-2504-Kj9Y4v/Serge-1.4-0/blib/arch
/tmp/loop_over_bdir-2504-Kj9Y4v/Serge-1.4-0/blib/lib
/tmp/loop_over_bdir-2504-Kj9Y4v/RDF-NLP-SPARQLQuery-0.1-0/blib/arch
/tmp/loop_over_bdir-2504-Kj9Y4v/RDF-NLP-SPARQLQuery-0.1-0/blib/lib
/tmp/loop_over_bdir-2504-Kj9Y4v/dta-tokwrap-0.98-0/blib/arch
/tmp/loop_over_bdir-2504-Kj9Y4v/dta-tokwrap-0.98-0/blib/lib
/tmp/loop_over_bdir-2504-Kj9Y4v/Dpkg-1.21.19-0/blib/arch
/tmp/loop_over_bdir-2504-Kj9Y4v/Dpkg-1.21.19-0/blib/lib
/tmp/loop_over_bdir-2504-Kj9Y4v/Captive-Portal-4.10-0/blib/arch
/tmp/loop_over_bdir-2504-Kj9Y4v/Captive-Portal-4.10-0/blib/lib
/tmp/loop_over_bdir-2504-Kj9Y4v/Alien-SNMP-MIBDEV-2.020000-0/blib/arch
/tmp/loop_over_bdir-2504-Kj9Y4v/Alien-SNMP-MIBDEV-2.020000-0/blib/lib
/home/sand/src/perl/repoperls/installed-perls/host/k93jammy/v5.36.1-RC2/322f/lib/site_perl/5.36.1/x86_64-linux-thread-multi-ld
/home/sand/src/perl/repoperls/installed-perls/host/k93jammy/v5.36.1-RC2/322f/lib/site_perl/5.36.1
/home/sand/src/perl/repoperls/installed-perls/host/k93jammy/v5.36.1-RC2/322f/lib/5.36.1/x86_64-linux-thread-multi-ld
/home/sand/src/perl/repoperls/installed-perls/host/k93jammy/v5.36.1-RC2/322f/lib/5.36.1
.