Back
From: metabase:user:a0e144f2-373b-11e6-8edd-c6848980b093
Subject: FAIL Test-MockCommand-0.03 v5.25.6 GNU/Linux
Date: 2016-11-09T09:06:28Z
This distribution has been tested as part of the CPAN Testers
project, supporting the Perl programming language. See
http://wiki.cpantesters.org/ for more information or email
questions to cpan-testers-discuss@perl.org
--
Dear Stuart Caie,
This is a computer-generated report for Test-MockCommand-0.03
on perl 5.25.6, created by CPAN-Reporter-1.2018.
Thank you for uploading your work to CPAN. However, there was a problem
testing your distribution.
If you think this report is invalid, please consult the CPAN Testers Wiki
for suggestions on how to avoid getting FAIL reports for missing library
or binary dependencies, unsupported operating systems, and so on:
http://wiki.cpantesters.org/wiki/CPANAuthorNotes
Sections of this report:
* Tester comments
* Program output
* Prerequisites
* Environment and other context
------------------------------
TESTER COMMENTS
------------------------------
Additional comments from tester:
this report is from an automated smoke testing program
and was not reviewed by a human for accuracy
------------------------------
PROGRAM OUTPUT
------------------------------
Output from '/usr/bin/make test':
PERL_DL_NONLAZY=1 "/home/cpan1/install/bin/perl" "-MExtUtils::Command::MM" "-MTest::Harness" "-e" "undef *Test::Harness::Switches; test_harness(0, 'blib/lib', 'blib/arch')" t/*.t
# Failed test 'check that auto-save actually wrote a file'
# at t/auto-save2.t line 8.
# Looks like you failed 1 test of 1.
t/auto-save2.t ........
Dubious, test returned 1 (wstat 256, 0x100)
Failed 1/1 subtests
t/auto-save1.t ........ ok
t/add-recorder.t ...... ok
# Failed test 'check that no file got written when autosave disabled'
# at t/auto-save4.t line 8.
# Looks like you failed 1 test of 1.
t/auto-save4.t ........
Dubious, test returned 1 (wstat 256, 0x100)
Failed 1/1 subtests
t/auto-save3.t ........ ok
# Failed test 'use Test::MockCommand;'
# at t/import-playback2.t line 8.
# Tried to use 'Test::MockCommand'.
# Error: can't open testdb.dat: No such file or directory at t/import-playback2.t line 8.
# BEGIN failed--compilation aborted at t/import-playback2.t line 8.
# Failed test 'testdb.dat was loaded'
# at t/import-playback2.t line 11.
# got: '0'
# expected: '1'
# Looks like you failed 2 tests of 4.
t/import-playback2.t ..
Dubious, test returned 2 (wstat 512, 0x200)
Failed 2/4 subtests
t/find.t .............. ok
t/import-playback1.t .. ok
t/import-record.t ..... ok
t/open-handler.t ...... ok
t/load-save.t ......... ok
t/open-normal.t ....... ok
cat: testfile.dat: No such file or directory
close file: at t/playback-lines.t line 44.
# Looks like your test exited with 1 just after 5.
#
t/playback-lines.t ....
Dubious, test returned 1 (wstat 256, 0x100)
Failed 31/36 subtests
t/playback-nomock.t ... ok
t/playback.t .......... ok
t/pod-coverage.t ...... skipped: only run for author tests
t/pod.t ............... skipped: only run for author tests
t/recording-exec1.t ... ok
t/recording-exec2.t ... ok
t/recording-v595.t .... ok
t/scalar-readline.t ... ok
t/recording.t ......... ok
t/status-funcs.t ...... ok
Test Summary Report
-------------------
t/auto-save2.t (Wstat: 256 Tests: 1 Failed: 1)
Failed test: 1
Non-zero exit status: 1
t/auto-save4.t (Wstat: 256 Tests: 1 Failed: 1)
Failed test: 1
Non-zero exit status: 1
t/import-playback2.t (Wstat: 512 Tests: 4 Failed: 2)
Failed tests: 1, 4
Non-zero exit status: 2
t/playback-lines.t (Wstat: 256 Tests: 5 Failed: 0)
Non-zero exit status: 1
Parse errors: Bad plan. You planned 36 tests but ran 5.
Files=23, Tests=218, 1 wallclock secs ( 0.12 usr 0.02 sys + 1.84 cusr 0.17 csys = 2.15 CPU)
Result: FAIL
Failed 4/23 test programs. 4/218 subtests failed.
Makefile:867: recipe for target 'test_dynamic' failed
make: *** [test_dynamic] Error 255
------------------------------
PREREQUISITES
------------------------------
Prerequisite modules loaded:
requires:
Module Need Have
------------------- ---- -----
Carp 0 1.38
Data::Dumper 0 2.161
Errno 0 1.26
POSIX 0 1.73
Symbol 0 1.07
Tie::Handle 0 4.2
build_requires:
Module Need Have
------------------- ---- -----
ExtUtils::MakeMaker 0 7.24
configure_requires:
Module Need Have
------------------- ---- -----
ExtUtils::MakeMaker 0 7.24
------------------------------
ENVIRONMENT AND OTHER CONTEXT
------------------------------
Environment variables:
AUTOMATED_TESTING = 1
HARNESS_OPTIONS = j3
LANG = en_US.UTF-8
PATH = /usr/local/bin:/usr/bin:/bin:/usr/local/games:/usr/games
PERL5LIB =
PERL5OPT =
PERL5_CPANPLUS_IS_RUNNING = 30309
PERL5_CPAN_IS_RUNNING = 30309
PERL5_CPAN_IS_RUNNING_IN_RECURSION = 20449,30309
PERLBREW_BASHRC_VERSION = 0.76
PERLBREW_HOME = /home/dcollins/.perlbrew
PERLBREW_ROOT = /home/dcollins/toolchain/perl5
PERL_CR_SMOKER_CURRENT = Test-MockCommand-0.03
PERL_CR_SMOKER_RUNONCE = 1
PERL_EXTUTILS_AUTOINSTALL = --defaultdeps
PERL_MM_USE_DEFAULT = 1
SHELL = /bin/bash
TERM = putty
Perl special variables (and OS-specific diagnostics, for MSWin32):
$^X = /home/cpan1/install/bin/perl
$UID/$EUID = 1002 / 1002
$GID = 1002 1002
$EGID = 1002 1002
Perl module toolchain versions installed:
Module Have
------------------- --------
CPAN 2.14
CPAN::Meta 2.150010
Cwd 3.62
ExtUtils::CBuilder 0.280224
ExtUtils::Command 7.24
ExtUtils::Install 2.04
ExtUtils::MakeMaker 7.24
ExtUtils::Manifest 1.70
ExtUtils::ParseXS 3.30
File::Spec 3.62
JSON 2.90
JSON::PP 2.27400
Module::Build 0.4220
Module::Signature 0.81
Parse::CPAN::Meta 2.150010
Test::Harness 3.36
Test::More 1.302061
YAML 1.18
YAML::Syck 1.29
version 0.9917
--
Summary of my perl5 (revision 5 version 25 subversion 6) configuration:
Commit id: 11a12be6c2df2fcd9601f9fde8c7df8c7538c956
Platform:
osname=linux
osvers=3.16.0-4-amd64
archname=x86_64-linux-thread-multi
uname='linux digitalis 3.16.0-4-amd64 #1 smp debian 3.16.36-1+deb8u1 (2016-09-03) x86_64 gnulinux '
config_args='-Dusedevel -DDEBUGGING -Dusethreads -Dprefix=/home/cpan1/install -Uversiononly -des'
hint=recommended
useposix=true
d_sigaction=define
useithreads=define
usemultiplicity=define
use64bitint=define
use64bitall=define
uselongdouble=undef
usemymalloc=n
bincompat5005=undef
Compiler:
cc='cc'
ccflags ='-D_REENTRANT -D_GNU_SOURCE -fwrapv -DDEBUGGING -fno-strict-aliasing -pipe -fstack-protector-strong -I/usr/local/include -D_LARGEFILE_SOURCE -D_FILE_OFFSET_BITS=64 -D_FORTIFY_SOURCE=2'
optimize='-O2 -g'
cppflags='-D_REENTRANT -D_GNU_SOURCE -fwrapv -DDEBUGGING -fno-strict-aliasing -pipe -fstack-protector-strong -I/usr/local/include'
ccversion=''
gccversion='4.9.2'
gccosandvers=''
intsize=4
longsize=8
ptrsize=8
doublesize=8
byteorder=12345678
doublekind=3
d_longlong=define
longlongsize=8
d_longdbl=define
longdblsize=16
longdblkind=3
ivtype='long'
ivsize=8
nvtype='double'
nvsize=8
Off_t='off_t'
lseeksize=8
alignbytes=8
prototype=define
Linker and Libraries:
ld='cc'
ldflags =' -fstack-protector-strong -L/usr/local/lib'
libpth=/usr/local/lib /usr/lib/gcc/x86_64-linux-gnu/4.9/include-fixed /usr/include/x86_64-linux-gnu /usr/lib /lib/x86_64-linux-gnu /lib/../lib /usr/lib/x86_64-linux-gnu /usr/lib/../lib /lib
libs=-lpthread -lnsl -ldl -lm -lcrypt -lutil -lc
perllibs=-lpthread -lnsl -ldl -lm -lcrypt -lutil -lc
libc=libc-2.19.so
so=so
useshrplib=false
libperl=libperl.a
gnulibc_version='2.19'
Dynamic Linking:
dlsrc=dl_dlopen.xs
dlext=so
d_dlsymun=undef
ccdlflags='-Wl,-E'
cccdlflags='-fPIC'
lddlflags='-shared -O2 -g -L/usr/local/lib -fstack-protector-strong'
Characteristics of this binary (from libperl):
Compile-time options:
DEBUGGING
HAS_TIMES
MULTIPLICITY
PERLIO_LAYERS
PERL_COPY_ON_WRITE
PERL_DONT_CREATE_GVSV
PERL_HASH_FUNC_ONE_AT_A_TIME_HARD
PERL_IMPLICIT_CONTEXT
PERL_MALLOC_WRAP
PERL_OP_PARENT
PERL_PRESERVE_IVUV
PERL_TRACK_MEMPOOL
PERL_USE_DEVEL
USE_64_BIT_ALL
USE_64_BIT_INT
USE_ITHREADS
USE_LARGE_FILES
USE_LOCALE
USE_LOCALE_COLLATE
USE_LOCALE_CTYPE
USE_LOCALE_NUMERIC
USE_LOCALE_TIME
USE_PERLIO
USE_PERL_ATOF
USE_REENTRANT_API
Built under linux
Compiled at Oct 17 2016 18:50:00
%ENV:
PERL5LIB=""
PERL5OPT=""
PERL5_CPANPLUS_IS_RUNNING="30309"
PERL5_CPAN_IS_RUNNING="30309"
PERL5_CPAN_IS_RUNNING_IN_RECURSION="20449,30309"
PERLBREW_BASHRC_VERSION="0.76"
PERLBREW_HOME="/home/dcollins/.perlbrew"
PERLBREW_ROOT="/home/dcollins/toolchain/perl5"
PERL_CR_SMOKER_CURRENT="Test-MockCommand-0.03"
PERL_CR_SMOKER_RUNONCE="1"
PERL_EXTUTILS_AUTOINSTALL="--defaultdeps"
PERL_MM_USE_DEFAULT="1"
@INC:
/home/cpan1/install/lib/perl5/site_perl/5.25.6/x86_64-linux-thread-multi
/home/cpan1/install/lib/perl5/site_perl/5.25.6
/home/cpan1/install/lib/perl5/5.25.6/x86_64-linux-thread-multi
/home/cpan1/install/lib/perl5/5.25.6
.