Report for Net-OAuth-LP-0.015_04

Back
From: metabase:user:314402c4-2aae-11df-837a-5e0a49663a4f
Subject: FAIL Net-OAuth-LP-0.015_04 v5.18.0 FreeBSD
Date: 2013-08-05T18:35:27Z

This distribution has been tested as part of the CPAN Testers
project, supporting the Perl programming language.  See
http://wiki.cpantesters.org/ for more information or email
questions to cpan-testers-discuss@perl.org


--
Dear Adam Stokes,

This is a computer-generated report for Net-OAuth-LP-0.015_04
on perl 5.18.0, created by CPAN-Reporter-1.2010.

Thank you for uploading your work to CPAN.  However, there was a problem
testing your distribution.

If you think this report is invalid, please consult the CPAN Testers Wiki
for suggestions on how to avoid getting FAIL reports for missing library
or binary dependencies, unsupported operating systems, and so on:

http://wiki.cpantesters.org/wiki/CPANAuthorNotes

Sections of this report:

    * Tester comments
    * Program output
    * Prerequisites
    * Environment and other context

------------------------------
TESTER COMMENTS
------------------------------

Additional comments from tester:

none provided

------------------------------
PROGRAM OUTPUT
------------------------------

Output from './Build test':


#   Failed test 'use Net::OAuth::LP;'
#   at t/00-load.t line 9.
#     Tried to use 'Net::OAuth::LP'.
#     Error:  Can't locate Method/Signatures.pm in @INC (you may need to install the Method::Signatures module) (@INC contains: /var/tmp/CPAN-build/Net-OAuth-LP-0.015_04-v6rm9w/blib/arch /var/tmp/CPAN-build/Net-OAuth-LP-0.015_04-v6rm9w/blib/lib /usr/perl5.18.0/lib/site_perl/5.18.0/i386-freebsd /usr/perl5.18.0/lib/site_perl/5.18.0 /usr/perl5.18.0/lib/5.18.0/i386-freebsd /usr/perl5.18.0/lib/5.18.0) at /var/tmp/CPAN-build/Net-OAuth-LP-0.015_04-v6rm9w/blib/lib/Net/OAuth/LP.pm line 5.
# BEGIN failed--compilation aborted at /var/tmp/CPAN-build/Net-OAuth-LP-0.015_04-v6rm9w/blib/lib/Net/OAuth/LP.pm line 5.
# Compilation failed in require at (eval 4) line 2.
# BEGIN failed--compilation aborted at (eval 4) line 2.

#   Failed test 'use Net::OAuth::LP::Client;'
#   at t/00-load.t line 10.
#     Tried to use 'Net::OAuth::LP::Client'.
#     Error:  Can't locate Method/Signatures.pm in @INC (you may need to install the Method::Signatures module) (@INC contains: /var/tmp/CPAN-build/Net-OAuth-LP-0.015_04-v6rm9w/blib/arch /var/tmp/CPAN-build/Net-OAuth-LP-0.015_04-v6rm9w/blib/lib /usr/perl5.18.0/lib/site_perl/5.18.0/i386-freebsd /usr/perl5.18.0/lib/site_perl/5.18.0 /usr/perl5.18.0/lib/5.18.0/i386-freebsd /usr/perl5.18.0/lib/5.18.0) at /var/tmp/CPAN-build/Net-OAuth-LP-0.015_04-v6rm9w/blib/lib/Net/OAuth/LP/Client.pm line 7.
# BEGIN failed--compilation aborted at /var/tmp/CPAN-build/Net-OAuth-LP-0.015_04-v6rm9w/blib/lib/Net/OAuth/LP/Client.pm line 7.
# Compilation failed in require at (eval 13) line 2.
# BEGIN failed--compilation aborted at (eval 13) line 2.
# Looks like you failed 2 tests of 2.
t/00-load.t ............. 
Dubious, test returned 2 (wstat 512, 0x200)
Failed 2/2 subtests 
# Testing LP Bug methods

#   Failed test 'use Net::OAuth::LP::Client;'
#   at t/01-bug.t line 9.
#     Tried to use 'Net::OAuth::LP::Client'.
#     Error:  Can't locate Method/Signatures.pm in @INC (you may need to install the Method::Signatures module) (@INC contains: /var/tmp/CPAN-build/Net-OAuth-LP-0.015_04-v6rm9w/blib/arch /var/tmp/CPAN-build/Net-OAuth-LP-0.015_04-v6rm9w/blib/lib /usr/perl5.18.0/lib/site_perl/5.18.0/i386-freebsd /usr/perl5.18.0/lib/site_perl/5.18.0 /usr/perl5.18.0/lib/5.18.0/i386-freebsd /usr/perl5.18.0/lib/5.18.0) at /var/tmp/CPAN-build/Net-OAuth-LP-0.015_04-v6rm9w/blib/lib/Net/OAuth/LP/Client.pm line 7.
# BEGIN failed--compilation aborted at /var/tmp/CPAN-build/Net-OAuth-LP-0.015_04-v6rm9w/blib/lib/Net/OAuth/LP/Client.pm line 7.
# Compilation failed in require at (eval 4) line 2.
# BEGIN failed--compilation aborted at (eval 4) line 2.

#   Failed test 'use Net::OAuth::LP::Models::Bug;'
#   at t/01-bug.t line 10.
#     Tried to use 'Net::OAuth::LP::Models::Bug'.
#     Error:  Can't locate Method/Signatures.pm in @INC (you may need to install the Method::Signatures module) (@INC contains: /var/tmp/CPAN-build/Net-OAuth-LP-0.015_04-v6rm9w/blib/arch /var/tmp/CPAN-build/Net-OAuth-LP-0.015_04-v6rm9w/blib/lib /usr/perl5.18.0/lib/site_perl/5.18.0/i386-freebsd /usr/perl5.18.0/lib/site_perl/5.18.0 /usr/perl5.18.0/lib/5.18.0/i386-freebsd /usr/perl5.18.0/lib/5.18.0) at /var/tmp/CPAN-build/Net-OAuth-LP-0.015_04-v6rm9w/blib/lib/Net/OAuth/LP/Models/Activity.pm line 8.
# BEGIN failed--compilation aborted at /var/tmp/CPAN-build/Net-OAuth-LP-0.015_04-v6rm9w/blib/lib/Net/OAuth/LP/Models/Activity.pm line 8.
# Compilation failed in require at /var/tmp/CPAN-build/Net-OAuth-LP-0.015_04-v6rm9w/blib/lib/Net/OAuth/LP/Models/Bug.pm line 8.
# BEGIN failed--compilation aborted at /var/tmp/CPAN-build/Net-OAuth-LP-0.015_04-v6rm9w/blib/lib/Net/OAuth/LP/Models/Bug.pm line 8.
# Compilation failed in require at (eval 13) line 2.
# BEGIN failed--compilation aborted at (eval 13) line 2.
Can't locate object method "staging" via package "Net::OAuth::LP::Client" at t/01-bug.t line 28.
# Tests were run but no plan was declared and done_testing() was not seen.
t/01-bug.t .............. 
Dubious, test returned 255 (wstat 65280, 0xff00)
Failed 2/2 subtests 
# Testing LP Person,Team methods

#   Failed test 'use Net::OAuth::LP::Client;'
#   at t/02-person.t line 9.
#     Tried to use 'Net::OAuth::LP::Client'.
#     Error:  Can't locate Method/Signatures.pm in @INC (you may need to install the Method::Signatures module) (@INC contains: /var/tmp/CPAN-build/Net-OAuth-LP-0.015_04-v6rm9w/blib/arch /var/tmp/CPAN-build/Net-OAuth-LP-0.015_04-v6rm9w/blib/lib /usr/perl5.18.0/lib/site_perl/5.18.0/i386-freebsd /usr/perl5.18.0/lib/site_perl/5.18.0 /usr/perl5.18.0/lib/5.18.0/i386-freebsd /usr/perl5.18.0/lib/5.18.0) at /var/tmp/CPAN-build/Net-OAuth-LP-0.015_04-v6rm9w/blib/lib/Net/OAuth/LP/Client.pm line 7.
# BEGIN failed--compilation aborted at /var/tmp/CPAN-build/Net-OAuth-LP-0.015_04-v6rm9w/blib/lib/Net/OAuth/LP/Client.pm line 7.
# Compilation failed in require at (eval 4) line 2.
# BEGIN failed--compilation aborted at (eval 4) line 2.

#   Failed test 'use Net::OAuth::LP::Models::Person;'
#   at t/02-person.t line 10.
#     Tried to use 'Net::OAuth::LP::Models::Person'.
#     Error:  Can't locate Method/Signatures.pm in @INC (you may need to install the Method::Signatures module) (@INC contains: /var/tmp/CPAN-build/Net-OAuth-LP-0.015_04-v6rm9w/blib/arch /var/tmp/CPAN-build/Net-OAuth-LP-0.015_04-v6rm9w/blib/lib /usr/perl5.18.0/lib/site_perl/5.18.0/i386-freebsd /usr/perl5.18.0/lib/site_perl/5.18.0 /usr/perl5.18.0/lib/5.18.0/i386-freebsd /usr/perl5.18.0/lib/5.18.0) at /var/tmp/CPAN-build/Net-OAuth-LP-0.015_04-v6rm9w/blib/lib/Net/OAuth/LP/Models/Person.pm line 8.
# BEGIN failed--compilation aborted at /var/tmp/CPAN-build/Net-OAuth-LP-0.015_04-v6rm9w/blib/lib/Net/OAuth/LP/Models/Person.pm line 8.
# Compilation failed in require at (eval 13) line 2.
# BEGIN failed--compilation aborted at (eval 13) line 2.
Can't locate object method "staging" via package "Net::OAuth::LP::Client" at t/02-person.t line 29.
# Tests were run but no plan was declared and done_testing() was not seen.
t/02-person.t ........... 
Dubious, test returned 255 (wstat 65280, 0xff00)
Failed 2/2 subtests 
# Testing LP General Client methods

#   Failed test 'use Net::OAuth::LP::Client;'
#   at t/03-client.t line 9.
#     Tried to use 'Net::OAuth::LP::Client'.
#     Error:  Can't locate Method/Signatures.pm in @INC (you may need to install the Method::Signatures module) (@INC contains: /var/tmp/CPAN-build/Net-OAuth-LP-0.015_04-v6rm9w/blib/arch /var/tmp/CPAN-build/Net-OAuth-LP-0.015_04-v6rm9w/blib/lib /usr/perl5.18.0/lib/site_perl/5.18.0/i386-freebsd /usr/perl5.18.0/lib/site_perl/5.18.0 /usr/perl5.18.0/lib/5.18.0/i386-freebsd /usr/perl5.18.0/lib/5.18.0) at /var/tmp/CPAN-build/Net-OAuth-LP-0.015_04-v6rm9w/blib/lib/Net/OAuth/LP/Client.pm line 7.
# BEGIN failed--compilation aborted at /var/tmp/CPAN-build/Net-OAuth-LP-0.015_04-v6rm9w/blib/lib/Net/OAuth/LP/Client.pm line 7.
# Compilation failed in require at (eval 4) line 2.
# BEGIN failed--compilation aborted at (eval 4) line 2.
# Looks like you failed 1 test of 1.
t/03-client.t ........... 
Dubious, test returned 1 (wstat 256, 0x100)
Failed 1/1 subtests 
# Testing LP Tasks methods

#   Failed test 'use Net::OAuth::LP::Client;'
#   at t/04-tasks.t line 9.
#     Tried to use 'Net::OAuth::LP::Client'.
#     Error:  Can't locate Method/Signatures.pm in @INC (you may need to install the Method::Signatures module) (@INC contains: /var/tmp/CPAN-build/Net-OAuth-LP-0.015_04-v6rm9w/blib/arch /var/tmp/CPAN-build/Net-OAuth-LP-0.015_04-v6rm9w/blib/lib /usr/perl5.18.0/lib/site_perl/5.18.0/i386-freebsd /usr/perl5.18.0/lib/site_perl/5.18.0 /usr/perl5.18.0/lib/5.18.0/i386-freebsd /usr/perl5.18.0/lib/5.18.0) at /var/tmp/CPAN-build/Net-OAuth-LP-0.015_04-v6rm9w/blib/lib/Net/OAuth/LP/Client.pm line 7.
# BEGIN failed--compilation aborted at /var/tmp/CPAN-build/Net-OAuth-LP-0.015_04-v6rm9w/blib/lib/Net/OAuth/LP/Client.pm line 7.
# Compilation failed in require at (eval 4) line 2.
# BEGIN failed--compilation aborted at (eval 4) line 2.

#   Failed test 'use Net::OAuth::LP::Models::Bug;'
#   at t/04-tasks.t line 10.
#     Tried to use 'Net::OAuth::LP::Models::Bug'.
#     Error:  Can't locate Method/Signatures.pm in @INC (you may need to install the Method::Signatures module) (@INC contains: /var/tmp/CPAN-build/Net-OAuth-LP-0.015_04-v6rm9w/blib/arch /var/tmp/CPAN-build/Net-OAuth-LP-0.015_04-v6rm9w/blib/lib /usr/perl5.18.0/lib/site_perl/5.18.0/i386-freebsd /usr/perl5.18.0/lib/site_perl/5.18.0 /usr/perl5.18.0/lib/5.18.0/i386-freebsd /usr/perl5.18.0/lib/5.18.0) at /var/tmp/CPAN-build/Net-OAuth-LP-0.015_04-v6rm9w/blib/lib/Net/OAuth/LP/Models/Activity.pm line 8.
# BEGIN failed--compilation aborted at /var/tmp/CPAN-build/Net-OAuth-LP-0.015_04-v6rm9w/blib/lib/Net/OAuth/LP/Models/Activity.pm line 8.
# Compilation failed in require at /var/tmp/CPAN-build/Net-OAuth-LP-0.015_04-v6rm9w/blib/lib/Net/OAuth/LP/Models/Bug.pm line 8.
# BEGIN failed--compilation aborted at /var/tmp/CPAN-build/Net-OAuth-LP-0.015_04-v6rm9w/blib/lib/Net/OAuth/LP/Models/Bug.pm line 8.
# Compilation failed in require at (eval 13) line 2.
# BEGIN failed--compilation aborted at (eval 13) line 2.
Can't locate object method "staging" via package "Net::OAuth::LP::Client" at t/04-tasks.t line 29.
# Tests were run but no plan was declared and done_testing() was not seen.
t/04-tasks.t ............ 
Dubious, test returned 255 (wstat 65280, 0xff00)
Failed 2/2 subtests 
# Testing LP Messages methods

#   Failed test 'use Net::OAuth::LP::Client;'
#   at t/05-messages.t line 9.
#     Tried to use 'Net::OAuth::LP::Client'.
#     Error:  Can't locate Method/Signatures.pm in @INC (you may need to install the Method::Signatures module) (@INC contains: /var/tmp/CPAN-build/Net-OAuth-LP-0.015_04-v6rm9w/blib/arch /var/tmp/CPAN-build/Net-OAuth-LP-0.015_04-v6rm9w/blib/lib /usr/perl5.18.0/lib/site_perl/5.18.0/i386-freebsd /usr/perl5.18.0/lib/site_perl/5.18.0 /usr/perl5.18.0/lib/5.18.0/i386-freebsd /usr/perl5.18.0/lib/5.18.0) at /var/tmp/CPAN-build/Net-OAuth-LP-0.015_04-v6rm9w/blib/lib/Net/OAuth/LP/Client.pm line 7.
# BEGIN failed--compilation aborted at /var/tmp/CPAN-build/Net-OAuth-LP-0.015_04-v6rm9w/blib/lib/Net/OAuth/LP/Client.pm line 7.
# Compilation failed in require at (eval 4) line 2.
# BEGIN failed--compilation aborted at (eval 4) line 2.

#   Failed test 'use Net::OAuth::LP::Models::Bug;'
#   at t/05-messages.t line 10.
#     Tried to use 'Net::OAuth::LP::Models::Bug'.
#     Error:  Can't locate Method/Signatures.pm in @INC (you may need to install the Method::Signatures module) (@INC contains: /var/tmp/CPAN-build/Net-OAuth-LP-0.015_04-v6rm9w/blib/arch /var/tmp/CPAN-build/Net-OAuth-LP-0.015_04-v6rm9w/blib/lib /usr/perl5.18.0/lib/site_perl/5.18.0/i386-freebsd /usr/perl5.18.0/lib/site_perl/5.18.0 /usr/perl5.18.0/lib/5.18.0/i386-freebsd /usr/perl5.18.0/lib/5.18.0) at /var/tmp/CPAN-build/Net-OAuth-LP-0.015_04-v6rm9w/blib/lib/Net/OAuth/LP/Models/Activity.pm line 8.
# BEGIN failed--compilation aborted at /var/tmp/CPAN-build/Net-OAuth-LP-0.015_04-v6rm9w/blib/lib/Net/OAuth/LP/Models/Activity.pm line 8.
# Compilation failed in require at /var/tmp/CPAN-build/Net-OAuth-LP-0.015_04-v6rm9w/blib/lib/Net/OAuth/LP/Models/Bug.pm line 8.
# BEGIN failed--compilation aborted at /var/tmp/CPAN-build/Net-OAuth-LP-0.015_04-v6rm9w/blib/lib/Net/OAuth/LP/Models/Bug.pm line 8.
# Compilation failed in require at (eval 13) line 2.
# BEGIN failed--compilation aborted at (eval 13) line 2.
Can't locate object method "staging" via package "Net::OAuth::LP::Client" at t/05-messages.t line 29.
# Tests were run but no plan was declared and done_testing() was not seen.
t/05-messages.t ......... 
Dubious, test returned 255 (wstat 65280, 0xff00)
Failed 2/2 subtests 
# Testing LP Activity methods

#   Failed test 'use Net::OAuth::LP::Client;'
#   at t/06-activity.t line 9.
#     Tried to use 'Net::OAuth::LP::Client'.
#     Error:  Can't locate Method/Signatures.pm in @INC (you may need to install the Method::Signatures module) (@INC contains: /var/tmp/CPAN-build/Net-OAuth-LP-0.015_04-v6rm9w/blib/arch /var/tmp/CPAN-build/Net-OAuth-LP-0.015_04-v6rm9w/blib/lib /usr/perl5.18.0/lib/site_perl/5.18.0/i386-freebsd /usr/perl5.18.0/lib/site_perl/5.18.0 /usr/perl5.18.0/lib/5.18.0/i386-freebsd /usr/perl5.18.0/lib/5.18.0) at /var/tmp/CPAN-build/Net-OAuth-LP-0.015_04-v6rm9w/blib/lib/Net/OAuth/LP/Client.pm line 7.
# BEGIN failed--compilation aborted at /var/tmp/CPAN-build/Net-OAuth-LP-0.015_04-v6rm9w/blib/lib/Net/OAuth/LP/Client.pm line 7.
# Compilation failed in require at (eval 4) line 2.
# BEGIN failed--compilation aborted at (eval 4) line 2.

#   Failed test 'use Net::OAuth::LP::Models::Bug;'
#   at t/06-activity.t line 10.
#     Tried to use 'Net::OAuth::LP::Models::Bug'.
#     Error:  Can't locate Method/Signatures.pm in @INC (you may need to install the Method::Signatures module) (@INC contains: /var/tmp/CPAN-build/Net-OAuth-LP-0.015_04-v6rm9w/blib/arch /var/tmp/CPAN-build/Net-OAuth-LP-0.015_04-v6rm9w/blib/lib /usr/perl5.18.0/lib/site_perl/5.18.0/i386-freebsd /usr/perl5.18.0/lib/site_perl/5.18.0 /usr/perl5.18.0/lib/5.18.0/i386-freebsd /usr/perl5.18.0/lib/5.18.0) at /var/tmp/CPAN-build/Net-OAuth-LP-0.015_04-v6rm9w/blib/lib/Net/OAuth/LP/Models/Activity.pm line 8.
# BEGIN failed--compilation aborted at /var/tmp/CPAN-build/Net-OAuth-LP-0.015_04-v6rm9w/blib/lib/Net/OAuth/LP/Models/Activity.pm line 8.
# Compilation failed in require at /var/tmp/CPAN-build/Net-OAuth-LP-0.015_04-v6rm9w/blib/lib/Net/OAuth/LP/Models/Bug.pm line 8.
# BEGIN failed--compilation aborted at /var/tmp/CPAN-build/Net-OAuth-LP-0.015_04-v6rm9w/blib/lib/Net/OAuth/LP/Models/Bug.pm line 8.
# Compilation failed in require at (eval 13) line 2.
# BEGIN failed--compilation aborted at (eval 13) line 2.
Can't locate object method "staging" via package "Net::OAuth::LP::Client" at t/06-activity.t line 29.
# Tests were run but no plan was declared and done_testing() was not seen.
t/06-activity.t ......... 
Dubious, test returned 255 (wstat 65280, 0xff00)
Failed 2/2 subtests 
# Testing LP Attachments methods

#   Failed test 'use Net::OAuth::LP::Client;'
#   at t/07-attachments.t line 9.
#     Tried to use 'Net::OAuth::LP::Client'.
#     Error:  Can't locate Method/Signatures.pm in @INC (you may need to install the Method::Signatures module) (@INC contains: /var/tmp/CPAN-build/Net-OAuth-LP-0.015_04-v6rm9w/blib/arch /var/tmp/CPAN-build/Net-OAuth-LP-0.015_04-v6rm9w/blib/lib /usr/perl5.18.0/lib/site_perl/5.18.0/i386-freebsd /usr/perl5.18.0/lib/site_perl/5.18.0 /usr/perl5.18.0/lib/5.18.0/i386-freebsd /usr/perl5.18.0/lib/5.18.0) at /var/tmp/CPAN-build/Net-OAuth-LP-0.015_04-v6rm9w/blib/lib/Net/OAuth/LP/Client.pm line 7.
# BEGIN failed--compilation aborted at /var/tmp/CPAN-build/Net-OAuth-LP-0.015_04-v6rm9w/blib/lib/Net/OAuth/LP/Client.pm line 7.
# Compilation failed in require at (eval 4) line 2.
# BEGIN failed--compilation aborted at (eval 4) line 2.

#   Failed test 'use Net::OAuth::LP::Models::Bug;'
#   at t/07-attachments.t line 10.
#     Tried to use 'Net::OAuth::LP::Models::Bug'.
#     Error:  Can't locate Method/Signatures.pm in @INC (you may need to install the Method::Signatures module) (@INC contains: /var/tmp/CPAN-build/Net-OAuth-LP-0.015_04-v6rm9w/blib/arch /var/tmp/CPAN-build/Net-OAuth-LP-0.015_04-v6rm9w/blib/lib /usr/perl5.18.0/lib/site_perl/5.18.0/i386-freebsd /usr/perl5.18.0/lib/site_perl/5.18.0 /usr/perl5.18.0/lib/5.18.0/i386-freebsd /usr/perl5.18.0/lib/5.18.0) at /var/tmp/CPAN-build/Net-OAuth-LP-0.015_04-v6rm9w/blib/lib/Net/OAuth/LP/Models/Activity.pm line 8.
# BEGIN failed--compilation aborted at /var/tmp/CPAN-build/Net-OAuth-LP-0.015_04-v6rm9w/blib/lib/Net/OAuth/LP/Models/Activity.pm line 8.
# Compilation failed in require at /var/tmp/CPAN-build/Net-OAuth-LP-0.015_04-v6rm9w/blib/lib/Net/OAuth/LP/Models/Bug.pm line 8.
# BEGIN failed--compilation aborted at /var/tmp/CPAN-build/Net-OAuth-LP-0.015_04-v6rm9w/blib/lib/Net/OAuth/LP/Models/Bug.pm line 8.
# Compilation failed in require at (eval 13) line 2.
# BEGIN failed--compilation aborted at (eval 13) line 2.
Can't locate object method "staging" via package "Net::OAuth::LP::Client" at t/07-attachments.t line 29.
# Tests were run but no plan was declared and done_testing() was not seen.
t/07-attachments.t ...... 
Dubious, test returned 255 (wstat 65280, 0xff00)
Failed 2/2 subtests 
# Testing LP Watches methods

#   Failed test 'use Net::OAuth::LP::Client;'
#   at t/08-watches.t line 9.
#     Tried to use 'Net::OAuth::LP::Client'.
#     Error:  Can't locate Method/Signatures.pm in @INC (you may need to install the Method::Signatures module) (@INC contains: /var/tmp/CPAN-build/Net-OAuth-LP-0.015_04-v6rm9w/blib/arch /var/tmp/CPAN-build/Net-OAuth-LP-0.015_04-v6rm9w/blib/lib /usr/perl5.18.0/lib/site_perl/5.18.0/i386-freebsd /usr/perl5.18.0/lib/site_perl/5.18.0 /usr/perl5.18.0/lib/5.18.0/i386-freebsd /usr/perl5.18.0/lib/5.18.0) at /var/tmp/CPAN-build/Net-OAuth-LP-0.015_04-v6rm9w/blib/lib/Net/OAuth/LP/Client.pm line 7.
# BEGIN failed--compilation aborted at /var/tmp/CPAN-build/Net-OAuth-LP-0.015_04-v6rm9w/blib/lib/Net/OAuth/LP/Client.pm line 7.
# Compilation failed in require at (eval 4) line 2.
# BEGIN failed--compilation aborted at (eval 4) line 2.

#   Failed test 'use Net::OAuth::LP::Models::Bug;'
#   at t/08-watches.t line 10.
#     Tried to use 'Net::OAuth::LP::Models::Bug'.
#     Error:  Can't locate Method/Signatures.pm in @INC (you may need to install the Method::Signatures module) (@INC contains: /var/tmp/CPAN-build/Net-OAuth-LP-0.015_04-v6rm9w/blib/arch /var/tmp/CPAN-build/Net-OAuth-LP-0.015_04-v6rm9w/blib/lib /usr/perl5.18.0/lib/site_perl/5.18.0/i386-freebsd /usr/perl5.18.0/lib/site_perl/5.18.0 /usr/perl5.18.0/lib/5.18.0/i386-freebsd /usr/perl5.18.0/lib/5.18.0) at /var/tmp/CPAN-build/Net-OAuth-LP-0.015_04-v6rm9w/blib/lib/Net/OAuth/LP/Models/Activity.pm line 8.
# BEGIN failed--compilation aborted at /var/tmp/CPAN-build/Net-OAuth-LP-0.015_04-v6rm9w/blib/lib/Net/OAuth/LP/Models/Activity.pm line 8.
# Compilation failed in require at /var/tmp/CPAN-build/Net-OAuth-LP-0.015_04-v6rm9w/blib/lib/Net/OAuth/LP/Models/Bug.pm line 8.
# BEGIN failed--compilation aborted at /var/tmp/CPAN-build/Net-OAuth-LP-0.015_04-v6rm9w/blib/lib/Net/OAuth/LP/Models/Bug.pm line 8.
# Compilation failed in require at (eval 13) line 2.
# BEGIN failed--compilation aborted at (eval 13) line 2.
Can't locate object method "staging" via package "Net::OAuth::LP::Client" at t/08-watches.t line 29.
# Tests were run but no plan was declared and done_testing() was not seen.
t/08-watches.t .......... 
Dubious, test returned 255 (wstat 65280, 0xff00)
Failed 2/2 subtests 
# Testing LP Linkedbranches methods

#   Failed test 'use Net::OAuth::LP::Client;'
#   at t/09-linkedbranches.t line 9.
#     Tried to use 'Net::OAuth::LP::Client'.
#     Error:  Can't locate Method/Signatures.pm in @INC (you may need to install the Method::Signatures module) (@INC contains: /var/tmp/CPAN-build/Net-OAuth-LP-0.015_04-v6rm9w/blib/arch /var/tmp/CPAN-build/Net-OAuth-LP-0.015_04-v6rm9w/blib/lib /usr/perl5.18.0/lib/site_perl/5.18.0/i386-freebsd /usr/perl5.18.0/lib/site_perl/5.18.0 /usr/perl5.18.0/lib/5.18.0/i386-freebsd /usr/perl5.18.0/lib/5.18.0) at /var/tmp/CPAN-build/Net-OAuth-LP-0.015_04-v6rm9w/blib/lib/Net/OAuth/LP/Client.pm line 7.
# BEGIN failed--compilation aborted at /var/tmp/CPAN-build/Net-OAuth-LP-0.015_04-v6rm9w/blib/lib/Net/OAuth/LP/Client.pm line 7.
# Compilation failed in require at (eval 4) line 2.
# BEGIN failed--compilation aborted at (eval 4) line 2.

#   Failed test 'use Net::OAuth::LP::Models::Bug;'
#   at t/09-linkedbranches.t line 10.
#     Tried to use 'Net::OAuth::LP::Models::Bug'.
#     Error:  Can't locate Method/Signatures.pm in @INC (you may need to install the Method::Signatures module) (@INC contains: /var/tmp/CPAN-build/Net-OAuth-LP-0.015_04-v6rm9w/blib/arch /var/tmp/CPAN-build/Net-OAuth-LP-0.015_04-v6rm9w/blib/lib /usr/perl5.18.0/lib/site_perl/5.18.0/i386-freebsd /usr/perl5.18.0/lib/site_perl/5.18.0 /usr/perl5.18.0/lib/5.18.0/i386-freebsd /usr/perl5.18.0/lib/5.18.0) at /var/tmp/CPAN-build/Net-OAuth-LP-0.015_04-v6rm9w/blib/lib/Net/OAuth/LP/Models/Activity.pm line 8.
# BEGIN failed--compilation aborted at /var/tmp/CPAN-build/Net-OAuth-LP-0.015_04-v6rm9w/blib/lib/Net/OAuth/LP/Models/Activity.pm line 8.
# Compilation failed in require at /var/tmp/CPAN-build/Net-OAuth-LP-0.015_04-v6rm9w/blib/lib/Net/OAuth/LP/Models/Bug.pm line 8.
# BEGIN failed--compilation aborted at /var/tmp/CPAN-build/Net-OAuth-LP-0.015_04-v6rm9w/blib/lib/Net/OAuth/LP/Models/Bug.pm line 8.
# Compilation failed in require at (eval 13) line 2.
# BEGIN failed--compilation aborted at (eval 13) line 2.
Can't locate object method "staging" via package "Net::OAuth::LP::Client" at t/09-linkedbranches.t line 29.
# Tests were run but no plan was declared and done_testing() was not seen.
t/09-linkedbranches.t ... 
Dubious, test returned 255 (wstat 65280, 0xff00)
Failed 2/2 subtests 
# Testing LP Cves methods

#   Failed test 'use Net::OAuth::LP::Client;'
#   at t/10-cves.t line 9.
#     Tried to use 'Net::OAuth::LP::Client'.
#     Error:  Can't locate Method/Signatures.pm in @INC (you may need to install the Method::Signatures module) (@INC contains: /var/tmp/CPAN-build/Net-OAuth-LP-0.015_04-v6rm9w/blib/arch /var/tmp/CPAN-build/Net-OAuth-LP-0.015_04-v6rm9w/blib/lib /usr/perl5.18.0/lib/site_perl/5.18.0/i386-freebsd /usr/perl5.18.0/lib/site_perl/5.18.0 /usr/perl5.18.0/lib/5.18.0/i386-freebsd /usr/perl5.18.0/lib/5.18.0) at /var/tmp/CPAN-build/Net-OAuth-LP-0.015_04-v6rm9w/blib/lib/Net/OAuth/LP/Client.pm line 7.
# BEGIN failed--compilation aborted at /var/tmp/CPAN-build/Net-OAuth-LP-0.015_04-v6rm9w/blib/lib/Net/OAuth/LP/Client.pm line 7.
# Compilation failed in require at (eval 4) line 2.
# BEGIN failed--compilation aborted at (eval 4) line 2.

#   Failed test 'use Net::OAuth::LP::Models::Bug;'
#   at t/10-cves.t line 10.
#     Tried to use 'Net::OAuth::LP::Models::Bug'.
#     Error:  Can't locate Method/Signatures.pm in @INC (you may need to install the Method::Signatures module) (@INC contains: /var/tmp/CPAN-build/Net-OAuth-LP-0.015_04-v6rm9w/blib/arch /var/tmp/CPAN-build/Net-OAuth-LP-0.015_04-v6rm9w/blib/lib /usr/perl5.18.0/lib/site_perl/5.18.0/i386-freebsd /usr/perl5.18.0/lib/site_perl/5.18.0 /usr/perl5.18.0/lib/5.18.0/i386-freebsd /usr/perl5.18.0/lib/5.18.0) at /var/tmp/CPAN-build/Net-OAuth-LP-0.015_04-v6rm9w/blib/lib/Net/OAuth/LP/Models/Activity.pm line 8.
# BEGIN failed--compilation aborted at /var/tmp/CPAN-build/Net-OAuth-LP-0.015_04-v6rm9w/blib/lib/Net/OAuth/LP/Models/Activity.pm line 8.
# Compilation failed in require at /var/tmp/CPAN-build/Net-OAuth-LP-0.015_04-v6rm9w/blib/lib/Net/OAuth/LP/Models/Bug.pm line 8.
# BEGIN failed--compilation aborted at /var/tmp/CPAN-build/Net-OAuth-LP-0.015_04-v6rm9w/blib/lib/Net/OAuth/LP/Models/Bug.pm line 8.
# Compilation failed in require at (eval 13) line 2.
# BEGIN failed--compilation aborted at (eval 13) line 2.
Can't locate object method "staging" via package "Net::OAuth::LP::Client" at t/10-cves.t line 29.
# Tests were run but no plan was declared and done_testing() was not seen.
t/10-cves.t ............. 
Dubious, test returned 255 (wstat 65280, 0xff00)
Failed 2/2 subtests 
t/manifest.t ............ skipped: Author tests not required for installation

#   Failed test 'Pod coverage on Net::OAuth::LP'
#   at /usr/perl5.18.0/lib/site_perl/5.18.0/Test/Pod/Coverage.pm line 126.
# Net::OAuth::LP: requiring 'Net::OAuth::LP' failed

#   Failed test 'Pod coverage on Net::OAuth::LP::Client'
#   at /usr/perl5.18.0/lib/site_perl/5.18.0/Test/Pod/Coverage.pm line 126.
# Net::OAuth::LP::Client: requiring 'Net::OAuth::LP::Client' failed

#   Failed test 'Pod coverage on Net::OAuth::LP::Models'
#   at /usr/perl5.18.0/lib/site_perl/5.18.0/Test/Pod/Coverage.pm line 126.
# Net::OAuth::LP::Models: requiring 'Net::OAuth::LP::Models' failed

#   Failed test 'Pod coverage on Net::OAuth::LP::Models::Messages'
#   at /usr/perl5.18.0/lib/site_perl/5.18.0/Test/Pod/Coverage.pm line 126.
# Net::OAuth::LP::Models::Messages: requiring 'Net::OAuth::LP::Models::Messages' failed

#   Failed test 'Pod coverage on Net::OAuth::LP::Models::CVE'
#   at /usr/perl5.18.0/lib/site_perl/5.18.0/Test/Pod/Coverage.pm line 126.
# Net::OAuth::LP::Models::CVE: requiring 'Net::OAuth::LP::Models::CVE' failed

#   Failed test 'Pod coverage on Net::OAuth::LP::Models::Bug'
#   at /usr/perl5.18.0/lib/site_perl/5.18.0/Test/Pod/Coverage.pm line 126.
# Net::OAuth::LP::Models::Bug: requiring 'Net::OAuth::LP::Models::Bug' failed

#   Failed test 'Pod coverage on Net::OAuth::LP::Models::Linkedbranches'
#   at /usr/perl5.18.0/lib/site_perl/5.18.0/Test/Pod/Coverage.pm line 126.
# Net::OAuth::LP::Models::Linkedbranches: requiring 'Net::OAuth::LP::Models::Linkedbranches' failed

#   Failed test 'Pod coverage on Net::OAuth::LP::Models::Person'
#   at /usr/perl5.18.0/lib/site_perl/5.18.0/Test/Pod/Coverage.pm line 126.
# Net::OAuth::LP::Models::Person: requiring 'Net::OAuth::LP::Models::Person' failed

#   Failed test 'Pod coverage on Net::OAuth::LP::Models::Attachments'
#   at /usr/perl5.18.0/lib/site_perl/5.18.0/Test/Pod/Coverage.pm line 126.
# Net::OAuth::LP::Models::Attachments: requiring 'Net::OAuth::LP::Models::Attachments' failed

#   Failed test 'Pod coverage on Net::OAuth::LP::Models::Tasks'
#   at /usr/perl5.18.0/lib/site_perl/5.18.0/Test/Pod/Coverage.pm line 126.
# Net::OAuth::LP::Models::Tasks: requiring 'Net::OAuth::LP::Models::Tasks' failed

#   Failed test 'Pod coverage on Net::OAuth::LP::Models::Watches'
#   at /usr/perl5.18.0/lib/site_perl/5.18.0/Test/Pod/Coverage.pm line 126.
# Net::OAuth::LP::Models::Watches: requiring 'Net::OAuth::LP::Models::Watches' failed

#   Failed test 'Pod coverage on Net::OAuth::LP::Models::Activity'
#   at /usr/perl5.18.0/lib/site_perl/5.18.0/Test/Pod/Coverage.pm line 126.
# Net::OAuth::LP::Models::Activity: requiring 'Net::OAuth::LP::Models::Activity' failed
# Looks like you failed 12 tests of 12.
t/pod-coverage.t ........ 
Dubious, test returned 12 (wstat 3072, 0xc00)
Failed 12/12 subtests 
t/pod.t ................. ok
t/release-pod-syntax.t .. skipped: these tests are for release candidate testing

Test Summary Report
-------------------
t/00-load.t           (Wstat: 512 Tests: 2 Failed: 2)
  Failed tests:  1-2
  Non-zero exit status: 2
t/01-bug.t            (Wstat: 65280 Tests: 2 Failed: 2)
  Failed tests:  1-2
  Non-zero exit status: 255
  Parse errors: No plan found in TAP output
t/02-person.t         (Wstat: 65280 Tests: 2 Failed: 2)
  Failed tests:  1-2
  Non-zero exit status: 255
  Parse errors: No plan found in TAP output
t/03-client.t         (Wstat: 256 Tests: 1 Failed: 1)
  Failed test:  1
  Non-zero exit status: 1
t/04-tasks.t          (Wstat: 65280 Tests: 2 Failed: 2)
  Failed tests:  1-2
  Non-zero exit status: 255
  Parse errors: No plan found in TAP output
t/05-messages.t       (Wstat: 65280 Tests: 2 Failed: 2)
  Failed tests:  1-2
  Non-zero exit status: 255
  Parse errors: No plan found in TAP output
t/06-activity.t       (Wstat: 65280 Tests: 2 Failed: 2)
  Failed tests:  1-2
  Non-zero exit status: 255
  Parse errors: No plan found in TAP output
t/07-attachments.t    (Wstat: 65280 Tests: 2 Failed: 2)
  Failed tests:  1-2
  Non-zero exit status: 255
  Parse errors: No plan found in TAP output
t/08-watches.t        (Wstat: 65280 Tests: 2 Failed: 2)
  Failed tests:  1-2
  Non-zero exit status: 255
  Parse errors: No plan found in TAP output
t/09-linkedbranches.t (Wstat: 65280 Tests: 2 Failed: 2)
  Failed tests:  1-2
  Non-zero exit status: 255
  Parse errors: No plan found in TAP output
t/10-cves.t           (Wstat: 65280 Tests: 2 Failed: 2)
  Failed tests:  1-2
  Non-zero exit status: 255
  Parse errors: No plan found in TAP output
t/pod-coverage.t      (Wstat: 3072 Tests: 12 Failed: 12)
  Failed tests:  1-12
  Non-zero exit status: 12
Files=15, Tests=45,  2 wallclock secs ( 0.08 usr  0.05 sys +  1.58 cusr  0.16 csys =  1.87 CPU)
Result: FAIL

------------------------------
PREREQUISITES
------------------------------

Prerequisite modules loaded:

requires:

    Module                   Need    Have    
    ------------------------ ------- --------
    Hash::AsObject           0       0.13    
    HTTP::Request            0       6.00    
    HTTP::Request::Common    0       6.04    
    IO::Socket::SSL          0       1.953   
    JSON                     0       2.59    
    List::Objects::WithUtils 0       1.008000
    LWP::UserAgent           0       6.05    
    Method::Signatures       0       20130505
    Moo                      0       1.003000
    Moo::Role                0       0       
    Net::OAuth               0       0.28    
    perl                     v5.10.0 5.018000
    strictures               1       1.004004
    Types::Standard          0       0.020   
    URI                      0       1.60    
    URI::Encode              0       0.09    
    URI::QueryParam          0       0       

build_requires:

    Module                   Need    Have    
    ------------------------ ------- --------
    bareword::filehandles    0       0.003   
    indirect                 0       0.30    
    multidimensional         0       0.011   
    Test::More               0       0.98    

configure_requires:

    Module                   Need    Have    
    ------------------------ ------- --------
    Module::Build::Tiny      0.025   0.025   


------------------------------
ENVIRONMENT AND OTHER CONTEXT
------------------------------

Environment variables:

    DBIC_NO_WARN_BAD_PERL = 1
    PATH = /usr/local/bin:/usr/X11R6/bin:/usr/X11/bin:/usr/perl5.8.0/bin:/usr/bin:/bin:/usr/local/sbin:/usr/sbin:/sbin:/usr/local/pilot/bin:/home2/cpansand/bin/freebsd8.0:/home2/cpansand/bin/sh:/home2/cpansand/bin:/usr/X386/bin:/usr/games:/home2/cpansand/devel:/usr/home/e/eserte/work/srezic-misc/scripts
    PERL5LIB = /usr/local/src/CPAN/build/Mojolicious-Plugin-CSRFDefender-0.0.8-kCaOJh/blib/arch:/usr/local/src/CPAN/build/Mojolicious-Plugin-CSRFDefender-0.0.8-kCaOJh/blib/lib:/usr/local/src/CPAN/build/Method-Signatures-20130505-FQvGhP/blib/arch:/usr/local/src/CPAN/build/Method-Signatures-20130505-FQvGhP/blib/lib:/usr/local/src/CPAN/build/Data-Alias-1.17-1m67zC/blib/arch:/usr/local/src/CPAN/build/Data-Alias-1.17-1m67zC/blib/lib:/usr/local/src/CPAN/build/Mojolicious-Plugin-Disqus-Tiny-1.000-bs5biH/blib/arch:/usr/local/src/CPAN/build/Mojolicious-Plugin-Disqus-Tiny-1.000-bs5biH/blib/lib:/usr/local/src/CPAN/build/Mojolicious-Plugin-GoogleAnalytics-1.002-nFc65b/blib/arch:/usr/local/src/CPAN/build/Mojolicious-Plugin-GoogleAnalytics-1.002-nFc65b/blib/lib:/usr/local/src/CPAN/build/String-Dirify-1.02-zi4tHg/blib/arch:/usr/local/src/CPAN/build/String-Dirify-1.02-zi4tHg/blib/lib
    PERL5OPT = 
    PERL5_CPANPLUS_IS_RUNNING = 81915
    PERL5_CPAN_IS_RUNNING = 81915
    PERL5_CPAN_IS_RUNNING_IN_RECURSION = 81889,81915
    PERL_BATCH = yes
    PERL_CPAN_REPORTER_CONFIG = /var/tmp/cpansmoker-1023/HlvtDzAHII_config.ini
    PERL_EXTUTILS_AUTOINSTALL = --defaultdeps
    PERL_HTML_DISPLAY_CLASS = HTML::Display::Mozilla
    SHELL = /usr/local/bin/zsh
    TERM = screen
    TMPDIR = /var/tmp/cpansmoker-1023

Perl special variables (and OS-specific diagnostics, for MSWin32):

    $^X = /usr/perl5.18.0/bin/perl5.18.0
    $UID/$EUID = 1023 / 1023
    $GID = 1023 1023
    $EGID = 1023 1023

Perl module toolchain versions installed:

    Module              Have    
    ------------------- --------
    CPAN                2.00    
    CPAN::Meta          2.120921
    Cwd                 3.40    
    ExtUtils::CBuilder  0.280210
    ExtUtils::Command   1.17    
    ExtUtils::Install   1.59    
    ExtUtils::MakeMaker 6.72    
    ExtUtils::Manifest  1.63    
    ExtUtils::ParseXS   3.18    
    File::Spec          3.40    
    JSON                2.59    
    JSON::PP            2.27202 
    Module::Build       0.4005  
    Module::Signature   0.70    
    Parse::CPAN::Meta   1.4404  
    Test::Harness       3.26    
    Test::More          0.98    
    YAML                0.84    
    YAML::Syck          1.27    
    version             0.9902  


--

Summary of my perl5 (revision 5 version 18 subversion 0) configuration:
   
  Platform:
    osname=freebsd, osvers=8.0-release-p4, archname=i386-freebsd
    uname='freebsd biokovo.herceg.de 8.0-release-p4 freebsd 8.0-release-p4 #0: mon jul 12 20:22:27 utc 2010 root@i386-builder.daemonology.net:usrobjusrsrcsysgeneric i386 '
    config_args='-D useshrplib=true -Dprefix=/usr/perl5.18.0 -Dusemymalloc=n -D cc=ccache cc -Dgccansipedantic -Duse64bit -de -D hintfile=myfreebsd'
    hint=recommended, useposix=true, d_sigaction=define
    useithreads=undef, usemultiplicity=undef
    useperlio=define, d_sfio=undef, uselargefiles=define, usesocks=undef
    use64bitint=undef, use64bitall=undef, uselongdouble=undef
    usemymalloc=n, bincompat5005=undef
  Compiler:
    cc='ccache cc', ccflags ='-DHAS_FPSETMASK -DHAS_FLOATINGPOINT_H -fno-strict-aliasing -pipe -fstack-protector -I/usr/local/include',
    optimize='-O2 -mtune=athlon64 -pipe',
    cppflags='-DHAS_FPSETMASK -DHAS_FLOATINGPOINT_H -fno-strict-aliasing -pipe -fstack-protector -I/usr/local/include'
    ccversion='', gccversion='4.2.1 20070719  [FreeBSD]', gccosandvers=''
    intsize=4, longsize=4, ptrsize=4, doublesize=8, byteorder=1234
    d_longlong=define, longlongsize=8, d_longdbl=define, longdblsize=12
    ivtype='long', ivsize=4, nvtype='double', nvsize=8, Off_t='off_t', lseeksize=8
    alignbytes=4, prototype=define
  Linker and Libraries:
    ld='ccache cc', ldflags ='-Wl,-E  -fstack-protector -L/usr/local/lib'
    libpth=/usr/lib /usr/local/lib
    libs=-lgdbm -lm -lcrypt -lutil -lc
    perllibs=-lm -lcrypt -lutil -lc
    libc=, so=so, useshrplib=true, libperl=libperl.so
    gnulibc_version=''
  Dynamic Linking:
    dlsrc=dl_dlopen.xs, dlext=so, d_dlsymun=undef, ccdlflags='  -Wl,-R/usr/perl5.18.0/lib/5.18.0/i386-freebsd/CORE'
    cccdlflags='-DPIC -fPIC', lddlflags='-shared  -L/usr/local/lib -fstack-protector'


Characteristics of this binary (from libperl): 
  Compile-time options: HAS_TIMES PERLIO_LAYERS PERL_DONT_CREATE_GVSV
                        PERL_HASH_FUNC_ONE_AT_A_TIME_HARD PERL_MALLOC_WRAP
                        PERL_PRESERVE_IVUV PERL_SAWAMPERSAND PERL_USE_DEVEL
                        USE_LARGE_FILES USE_LOCALE USE_LOCALE_COLLATE
                        USE_LOCALE_CTYPE USE_LOCALE_NUMERIC USE_PERLIO
                        USE_PERL_ATOF
  Built under freebsd
  Compiled at May 22 2013 23:05:22
  %ENV:
    PERL5LIB="/usr/local/src/CPAN/build/Mojolicious-Plugin-CSRFDefender-0.0.8-kCaOJh/blib/arch:/usr/local/src/CPAN/build/Mojolicious-Plugin-CSRFDefender-0.0.8-kCaOJh/blib/lib:/usr/local/src/CPAN/build/Method-Signatures-20130505-FQvGhP/blib/arch:/usr/local/src/CPAN/build/Method-Signatures-20130505-FQvGhP/blib/lib:/usr/local/src/CPAN/build/Data-Alias-1.17-1m67zC/blib/arch:/usr/local/src/CPAN/build/Data-Alias-1.17-1m67zC/blib/lib:/usr/local/src/CPAN/build/Mojolicious-Plugin-Disqus-Tiny-1.000-bs5biH/blib/arch:/usr/local/src/CPAN/build/Mojolicious-Plugin-Disqus-Tiny-1.000-bs5biH/blib/lib:/usr/local/src/CPAN/build/Mojolicious-Plugin-GoogleAnalytics-1.002-nFc65b/blib/arch:/usr/local/src/CPAN/build/Mojolicious-Plugin-GoogleAnalytics-1.002-nFc65b/blib/lib:/usr/local/src/CPAN/build/String-Dirify-1.02-zi4tHg/blib/arch:/usr/local/src/CPAN/build/String-Dirify-1.02-zi4tHg/blib/lib"
    PERL5OPT=""
    PERL5_CPANPLUS_IS_RUNNING="81915"
    PERL5_CPAN_IS_RUNNING="81915"
    PERL5_CPAN_IS_RUNNING_IN_RECURSION="81889,81915"
    PERL_BATCH="yes"
    PERL_CPAN_REPORTER_CONFIG="/var/tmp/cpansmoker-1023/HlvtDzAHII_config.ini"
    PERL_EXTUTILS_AUTOINSTALL="--defaultdeps"
    PERL_HTML_DISPLAY_CLASS="HTML::Display::Mozilla"
  @INC:
    /usr/local/src/CPAN/build/Mojolicious-Plugin-CSRFDefender-0.0.8-kCaOJh/blib/arch
    /usr/local/src/CPAN/build/Mojolicious-Plugin-CSRFDefender-0.0.8-kCaOJh/blib/lib
    /usr/local/src/CPAN/build/Method-Signatures-20130505-FQvGhP/blib/arch
    /usr/local/src/CPAN/build/Method-Signatures-20130505-FQvGhP/blib/lib
    /usr/local/src/CPAN/build/Data-Alias-1.17-1m67zC/blib/arch
    /usr/local/src/CPAN/build/Data-Alias-1.17-1m67zC/blib/lib
    /usr/local/src/CPAN/build/Mojolicious-Plugin-Disqus-Tiny-1.000-bs5biH/blib/arch
    /usr/local/src/CPAN/build/Mojolicious-Plugin-Disqus-Tiny-1.000-bs5biH/blib/lib
    /usr/local/src/CPAN/build/Mojolicious-Plugin-GoogleAnalytics-1.002-nFc65b/blib/arch
    /usr/local/src/CPAN/build/Mojolicious-Plugin-GoogleAnalytics-1.002-nFc65b/blib/lib
    /usr/local/src/CPAN/build/String-Dirify-1.02-zi4tHg/blib/arch
    /usr/local/src/CPAN/build/String-Dirify-1.02-zi4tHg/blib/lib
    /usr/perl5.18.0/lib/site_perl/5.18.0/i386-freebsd
    /usr/perl5.18.0/lib/site_perl/5.18.0
    /usr/perl5.18.0/lib/5.18.0/i386-freebsd
    /usr/perl5.18.0/lib/5.18.0
    .