SQL-Interpolate v0.30 Perl 5 v5.41.8 x86_64-linux-thread-multi
- Status
- Fail
- From
- Andreas J. König (ANDK)
- Dist
-
SQL-Interpolate v0.30
- Platform
- Perl 5 v5.41.8 x86_64-linux-thread-multi
- Date
- 2025-02-26 23:24:17
- ID
- cc6db58c-f498-11ef-9864-c2065acfda6f
This distribution has been tested as part of the CPAN Testers
project, supporting the Perl programming language. See
http://wiki.cpantesters.org/ for more information or email
questions to cpan-testers-discuss@perl.org
--
Dear David Manura,
This is a computer-generated report for SQL-Interpolate-0.30
on perl 5.41.8, created by CPAN-Reporter-1.2020.
Thank you for uploading your work to CPAN. However, there was a problem
testing your distribution.
If you think this report is invalid, please consult the CPAN Testers Wiki
for suggestions on how to avoid getting FAIL reports for missing library
or binary dependencies, unsupported operating systems, and so on:
http://wiki.cpantesters.org/wiki/CPANAuthorNotes
Sections of this report:
* Tester comments
* Program output
* Prerequisites
* Environment and other context
------------------------------
TESTER COMMENTS
------------------------------
Additional comments from tester:
this report is from an automated smoke testing program
and was not reviewed by a human for accuracy
------------------------------
PROGRAM OUTPUT
------------------------------
Output from '/usr/bin/make test':
PERL_DL_NONLAZY=1 "/tmp/basesmoker-reloperl-ZTI9/bin/perl" "-MExtUtils::Command::MM" "-MTest::Harness" "-e" "undef *Test::Harness::Switches; test_harness(0, 'blib/lib', 'blib/arch')" t/*.t
# Failed test at t/dbi.t line 106.
# got: 'SELECT * FROM mytable WHERE x= ? AND y= ? AND (b=? AND a=?) AND x IN (?, ?)'
# expected: 'SELECT * FROM mytable WHERE x= ? AND y= ? AND (a=? AND b=?) AND x IN (?, ?)'
# Looks like you failed 1 test of 20.
t/dbi.t .........
Dubious, test returned 1 (wstat 256, 0x100)
Failed 1/20 subtests
t/dbi_interp.t .. ok
# Failed test 'inline hashref'
# at t/filter.t line 26.
# got: '[ 'SELECT * FROM mytable WHERE ', { 'x' => 3, 'z' => 2 } ]'
# expected: '[ 'SELECT * FROM mytable WHERE ', { 'z' => 2, 'x' => 3 } ]'
# Looks like you failed 1 test of 17.
t/filter.t ......
Dubious, test returned 1 (wstat 256, 0x100)
Failed 1/17 subtests
# Failed test 'AB,BC'
# at t/macro.t line 159.
# got: 'SELECT * FROM messageset_messageset as AB , messageset_messageset as BC WHERE AB.msid_1 BC.msid_1 BC.msid_2'
# expected: 'SELECT * FROM messageset_messageset as AB , messageset_messageset as BC WHERE AB.msid_2 = BC.msid_1 AB.msid_1 BC.msid_1 BC.msid_2'
# Failed test 'BA,BC'
# at t/macro.t line 159.
# got: 'SELECT * FROM messageset_messageset as BA , messageset_messageset as BC WHERE B.msid = B.msid BA.msid_2 BC.msid_1 BC.msid_2'
# expected: 'SELECT * FROM messageset_messageset as BA , messageset_messageset as BC WHERE BA.msid_1 = BC.msid_1 BA.msid_2 BC.msid_1 BC.msid_2'
# Failed test 'AB,CB'
# at t/macro.t line 159.
# got: 'SELECT * FROM messageset_messageset as AB , messageset_messageset as CB WHERE AB.msid_1 CB.msid_2 CB.msid_1'
# expected: 'SELECT * FROM messageset_messageset as AB , messageset_messageset as CB WHERE AB.msid_2 = CB.msid_2 AB.msid_1 CB.msid_2 CB.msid_1'
# Failed test 'AB,BC 2'
# at t/macro.t line 159.
# got: 'SELECT * FROM messageset_messageset as AB , messageset_messageset as BC WHERE AB.msid_1 BC.msid_1 BC.msid_2'
# expected: 'SELECT * FROM messageset_messageset as AB , messageset_messageset as BC WHERE BC.msid_1 = AB.msid_2 AB.msid_1 BC.msid_1 BC.msid_2'
# Failed test 'AB,Bm'
# at t/macro.t line 159.
# got: 'SELECT * FROM messageset_messageset as AB , messageset_message as Bm WHERE AB.msid_1 Bm.msid Bm.mid'
# expected: 'SELECT * FROM messageset_messageset as AB , messageset_message as Bm WHERE AB.msid_2 = Bm.msid AB.msid_1 Bm.msid Bm.mid'
# Failed test 'BA,Bm'
# at t/macro.t line 159.
# got: 'SELECT * FROM messageset_messageset as BA , messageset_message as Bm WHERE B.msid = B.msid BA.msid_2 Bm.msid Bm.mid'
# expected: 'SELECT * FROM messageset_messageset as BA , messageset_message as Bm WHERE BA.msid_1 = Bm.msid BA.msid_2 Bm.msid Bm.mid'
# Failed test 'AB,A'
# at t/macro.t line 159.
# got: 'SELECT * FROM messageset_messageset as AB , messageset as A WHERE A.msid = A.msid A.msid AB.msid_2'
# expected: 'SELECT * FROM messageset_messageset as AB , messageset as A WHERE AB.msid_1 = A.msid A.msid AB.msid_2'
# Failed test 'BA,A'
# at t/macro.t line 159.
# got: 'SELECT * FROM messageset_messageset as BA , messageset as A WHERE A.msid BA.msid_1'
# expected: 'SELECT * FROM messageset_messageset as BA , messageset as A WHERE BA.msid_2 = A.msid A.msid BA.msid_1'
# Failed test 'AB,A 2'
# at t/macro.t line 159.
# got: 'SELECT * FROM messageset_messageset as AB , messageset as A WHERE A.msid = A.msid A.msid AB.msid_2'
# expected: 'SELECT * FROM messageset_messageset as AB , messageset as A WHERE A.msid = AB.msid_1 A.msid AB.msid_2'
# Failed test 'Am,m'
# at t/macro.t line 159.
# got: 'SELECT * FROM messageset_message as Am , message as m WHERE '
# expected: 'SELECT * FROM messageset_message as Am , message as m WHERE Am.mid = m.mid'
# Failed test 'Am,m 2'
# at t/macro.t line 159.
# got: 'SELECT * FROM messageset_message as Am , message as m WHERE '
# expected: 'SELECT * FROM messageset_message as Am , message as m WHERE m.mid = Am.mid'
# Failed test 'Am,A'
# at t/macro.t line 159.
# got: 'SELECT * FROM messageset_message as Am , messageset as A WHERE A.msid = A.msid'
# expected: 'SELECT * FROM messageset_message as Am , messageset as A WHERE Am.msid = A.msid'
# Failed test 'Am,A 2'
# at t/macro.t line 159.
# got: 'SELECT * FROM messageset_message as Am , messageset as A WHERE A.msid = A.msid'
# expected: 'SELECT * FROM messageset_message as Am , messageset as A WHERE A.msid = Am.msid'
# Failed test 'AB,BC,CA'
# at t/macro.t line 159.
# got: 'SELECT * FROM messageset_messageset as AB , messageset_messageset as BC , messageset_messageset as CA WHERE '
# expected: 'SELECT * FROM messageset_messageset as AB , messageset_messageset as BC , messageset_messageset as CA WHERE (AB.msid_2 = BC.msid_1 AND BC.msid_2 = CA.msid_1 AND AB.msid_1 = CA.msid_2)'
# Failed test 'AB,BC,Cm,m'
# at t/macro.t line 159.
# got: 'SELECT * FROM messageset_messageset as AB , messageset_messageset as BC , messageset_message as Cm , message as m WHERE '
# expected: 'SELECT * FROM messageset_messageset as AB , messageset_messageset as BC , messageset_message as Cm , message as m WHERE (AB.msid_2 = BC.msid_1 AND BC.msid_2 = Cm.msid AND Cm.mid = m.mid)'
# Failed test 'Am,Bm,Cm'
# at t/macro.t line 159.
# got: 'SELECT * FROM messageset_message as Am , messageset_message as Bm , messageset_message as Cm WHERE AND Am.msid Bm.msid Cm.msid Cm.mid'
# expected: 'SELECT * FROM messageset_message as Am , messageset_message as Bm , messageset_message as Cm WHERE (Am.mid = Bm.mid AND Bm.mid = Cm.mid) AND Am.msid Bm.msid Cm.msid Cm.mid'
# Looks like you failed 16 tests of 22.
t/macro.t .......
Dubious, test returned 16 (wstat 4096, 0x1000)
Failed 16/22 subtests
# Failed test 'INSERT hashref of sql_var types, sql_literal'
# at t/sql_interp.t line 136.
# Structures begin differing at:
# $got->[0] = 'INSERT INTO mytable (one, two, three) VALUES(?, ?, 3)'
# $expected->[0] = 'INSERT INTO mytable (three, one, two) VALUES(3, ?, ?)'
# Failed test 'INSERT hashref of sql_var types, sql_literal OO'
# at t/sql_interp.t line 137.
# Structures begin differing at:
# $got->[0] = 'INSERT INTO mytable (one, two, three) VALUES(?, ?, 3)'
# $expected->[0] = 'INSERT INTO mytable (three, one, two) VALUES(3, ?, ?)'
# Failed test 'INSERT hashref of sql_var types, sql_literal closure'
# at t/sql_interp.t line 138.
# Structures begin differing at:
# $got->[0] = 'INSERT INTO mytable (one, two, three) VALUES(?, ?, 3)'
# $expected->[0] = 'INSERT INTO mytable (three, one, two) VALUES(3, ?, ?)'
# Failed test 'INSERT hashref of sql_var types, sql_literal closure2'
# at t/sql_interp.t line 139.
# Structures begin differing at:
# $got->[0] = 'INSERT INTO mytable (one, two, three) VALUES(?, ?, 3)'
# $expected->[0] = 'INSERT INTO mytable (three, one, two) VALUES(3, ?, ?)'
# Failed test 'INSERT hashref with macro'
# at t/sql_interp.t line 136.
# Structures begin differing at:
# $got->[0] = 'INSERT INTO mytable (two, one) VALUES( ? * ?, ?)'
# $expected->[0] = 'INSERT INTO mytable (one, two) VALUES(?, ? * ?)'
# Failed test 'INSERT hashref with macro OO'
# at t/sql_interp.t line 137.
# Structures begin differing at:
# $got->[0] = 'INSERT INTO mytable (two, one) VALUES( ? * ?, ?)'
# $expected->[0] = 'INSERT INTO mytable (one, two) VALUES(?, ? * ?)'
# Failed test 'INSERT hashref with macro closure'
# at t/sql_interp.t line 138.
# Structures begin differing at:
# $got->[0] = 'INSERT INTO mytable (two, one) VALUES( ? * ?, ?)'
# $expected->[0] = 'INSERT INTO mytable (one, two) VALUES(?, ? * ?)'
# Failed test 'INSERT hashref with macro closure2'
# at t/sql_interp.t line 139.
# Structures begin differing at:
# $got->[0] = 'INSERT INTO mytable (two, one) VALUES( ? * ?, ?)'
# $expected->[0] = 'INSERT INTO mytable (one, two) VALUES(?, ? * ?)'
# Failed test 'SET hashref of sql_var types, sql_literal'
# at t/sql_interp.t line 136.
# Structures begin differing at:
# $got->[0] = 'UPDATE mytable SET one=?, two= ?, three=3'
# $expected->[0] = 'UPDATE mytable SET three=3, one=?, two= ?'
# Failed test 'SET hashref of sql_var types, sql_literal OO'
# at t/sql_interp.t line 137.
# Structures begin differing at:
# $got->[0] = 'UPDATE mytable SET one=?, two= ?, three=3'
# $expected->[0] = 'UPDATE mytable SET three=3, one=?, two= ?'
# Failed test 'SET hashref of sql_var types, sql_literal closure'
# at t/sql_interp.t line 138.
# Structures begin differing at:
# $got->[0] = 'UPDATE mytable SET one=?, two= ?, three=3'
# $expected->[0] = 'UPDATE mytable SET three=3, one=?, two= ?'
# Failed test 'SET hashref of sql_var types, sql_literal closure2'
# at t/sql_interp.t line 139.
# Structures begin differing at:
# $got->[0] = 'UPDATE mytable SET one=?, two= ?, three=3'
# $expected->[0] = 'UPDATE mytable SET three=3, one=?, two= ?'
# Looks like you failed 12 tests of 116.
t/sql_interp.t ..
Dubious, test returned 12 (wstat 3072, 0xc00)
Failed 12/116 subtests
Test Summary Report
-------------------
t/dbi.t (Wstat: 256 (exited 1) Tests: 20 Failed: 1)
Failed test: 20
Non-zero exit status: 1
t/filter.t (Wstat: 256 (exited 1) Tests: 17 Failed: 1)
Failed test: 2
Non-zero exit status: 1
t/macro.t (Wstat: 4096 (exited 16) Tests: 22 Failed: 16)
Failed tests: 7-22
Non-zero exit status: 16
t/sql_interp.t (Wstat: 3072 (exited 12) Tests: 116 Failed: 12)
Failed tests: 37-44, 77-80
Non-zero exit status: 12
Files=5, Tests=192, 1 wallclock secs ( 0.04 usr 0.01 sys + 0.40 cusr 0.09 csys = 0.54 CPU)
Result: FAIL
Failed 4/5 test programs. 30/192 subtests failed.
make: *** [Makefile:845: test_dynamic] Error 12
------------------------------
PREREQUISITES
------------------------------
Prerequisite modules loaded:
build_requires:
Module Need Have
------------------- ---- ----
ExtUtils::MakeMaker 0 7.70
opt_requires:
Module Need Have
------------------- ---- ----
Filter::Simple 0 0.96
Text::Balanced 1.87 2.06
------------------------------
ENVIRONMENT AND OTHER CONTEXT
------------------------------
Environment variables:
AUTOMATED_TESTING = 1
LANG = en_US.UTF-8
LC_ADDRESS = de_DE.UTF-8
LC_IDENTIFICATION = de_DE.UTF-8
LC_MEASUREMENT = de_DE.UTF-8
LC_MONETARY = de_DE.UTF-8
LC_NAME = de_DE.UTF-8
LC_NUMERIC = de_DE.UTF-8
LC_PAPER = de_DE.UTF-8
LC_TELEPHONE = de_DE.UTF-8
LC_TIME = de_DE.UTF-8
PATH = /home/sand/bin:/usr/local/bin:/usr/local/sbin:/usr/sbin:/usr/bin:/sbin:/bin:/usr/games:/usr/local/games:/snap/bin:/usr/local/perl/bin:/usr/X11/bin
PERL = /tmp/basesmoker-reloperl-ZTI9/bin/perl
PERL5LIB = /tmp/loop_over_bdir-1510771-59TLvk/App-rmcd-0.280-0/blib/arch:/tmp/loop_over_bdir-1510771-59TLvk/App-rmcd-0.280-0/blib/lib:/tmp/loop_over_bdir-1510771-59TLvk/EJBCA-CrlPublish-0.60-0/blib/arch:/tmp/loop_over_bdir-1510771-59TLvk/EJBCA-CrlPublish-0.60-0/blib/lib:/tmp/loop_over_bdir-1510771-59TLvk/Captive-Portal-4.10-0/blib/arch:/tmp/loop_over_bdir-1510771-59TLvk/Captive-Portal-4.10-0/blib/lib:/tmp/loop_over_bdir-1510771-59TLvk/HTML-Menu-TreeView-1.22-0/blib/arch:/tmp/loop_over_bdir-1510771-59TLvk/HTML-Menu-TreeView-1.22-0/blib/lib:/tmp/loop_over_bdir-1510771-59TLvk/perl-Hardware-UPS-Perl-0.43-0/blib/arch:/tmp/loop_over_bdir-1510771-59TLvk/perl-Hardware-UPS-Perl-0.43-0/blib/lib:/tmp/loop_over_bdir-1510771-59TLvk/Business-Shipping-DataFiles-1.02-0/blib/arch:/tmp/loop_over_bdir-1510771-59TLvk/Business-Shipping-DataFiles-1.02-0/blib/lib:/tmp/loop_over_bdir-1510771-59TLvk/RDF-NLP-SPARQLQuery-0.1-0/blib/arch:/tmp/loop_over_bdir-1510771-59TLvk/RDF-NLP-SPARQLQuery-0.1-0/blib/lib:/tmp/loop_over_bdir-1510771-59TLvk/Alien-SNMP-MIBDEV-2.020000-0/blib/arch:/tmp/loop_over_bdir-1510771-59TLvk/Alien-SNMP-MIBDEV-2.020000-0/blib/lib:/tmp/loop_over_bdir-1510771-59TLvk/Devel-Required-0.16-0/blib/arch:/tmp/loop_over_bdir-1510771-59TLvk/Devel-Required-0.16-0/blib/lib:/tmp/loop_over_bdir-1510771-59TLvk/makepp-1.19-0/blib/arch:/tmp/loop_over_bdir-1510771-59TLvk/makepp-1.19-0/blib/lib:/tmp/loop_over_bdir-1510771-59TLvk/Lingua-YaTeA-0.626-0/blib/arch:/tmp/loop_over_bdir-1510771-59TLvk/Lingua-YaTeA-0.626-0/blib/lib
PERL5OPT =
PERL5_CPANPLUS_IS_RUNNING = 1510779
PERL5_CPAN_IS_RUNNING = 1510779
PERL_CANARY_STABILITY_NOPROMPT = 1
PERL_MM_USE_DEFAULT = 1
PERL_USE_UNSAFE_INC = 1
SHELL = /usr/bin/zsh
TERM = screen
Perl special variables (and OS-specific diagnostics, for MSWin32):
$^X = /tmp/basesmoker-reloperl-ZTI9/bin/perl
$UID/$EUID = 1005 / 1005
$GID = 1005 1005
$EGID = 1005 1005
Perl module toolchain versions installed:
Module Have
------------------- --------
CPAN 2.38
CPAN::Meta 2.150010
Cwd 3.92
ExtUtils::CBuilder 0.280240
ExtUtils::Command 7.70
ExtUtils::Install 2.22
ExtUtils::MakeMaker 7.70
ExtUtils::Manifest 1.75
ExtUtils::ParseXS 3.57
File::Spec 3.93
JSON 4.10
JSON::PP 4.16
Module::Build 0.4234
Module::Signature 0.89
Parse::CPAN::Meta 2.150010
Test2 1.302209
Test::Harness 3.50
Test::More 1.302209
YAML 1.31
YAML::Syck 1.34
version 0.9933
--
Summary of my perl5 (revision 5 version 41 subversion 8) configuration:
Commit id: 275243fbaf44bf18a6a42a38e62026bc22e22cc4
Platform:
osname=linux
osvers=6.8.0-50-generic
archname=x86_64-linux-thread-multi
uname='linux k93jammy 6.8.0-50-generic #51~22.04.1-ubuntu smp preempt_dynamic thu nov 21 12:03:03 utc 2 x86_64 x86_64 x86_64 gnulinux '
config_args='-Dprefix=/home/sand/src/perl/repoperls/installed-perls/host/k93jammy/v5.41.8/b4f3 -Dmyhostname=k93jammy -Dinstallusrbinperl=n -Uversiononly -Dusedevel -des -Ui_db -Dlibswanted=cl pthread socket inet nsl gdbm dbm malloc dl ld sun m crypt sec util c cposix posix ucb BSD gdbm_compat -Duseithreads -Uuselongdouble -DEBUGGING=-g'
hint=recommended
useposix=true
d_sigaction=define
useithreads=define
usemultiplicity=define
use64bitint=define
use64bitall=define
uselongdouble=undef
usemymalloc=n
default_inc_excludes_dot=define
Compiler:
cc='cc'
ccflags ='-D_REENTRANT -D_GNU_SOURCE -fwrapv -fno-strict-aliasing -pipe -fstack-protector-strong -I/usr/local/include -D_LARGEFILE_SOURCE -D_FILE_OFFSET_BITS=64'
optimize='-O2 -g'
cppflags='-D_REENTRANT -D_GNU_SOURCE -fwrapv -fno-strict-aliasing -pipe -fstack-protector-strong -I/usr/local/include'
ccversion=''
gccversion='11.4.0'
gccosandvers=''
intsize=4
longsize=8
ptrsize=8
doublesize=8
byteorder=12345678
doublekind=3
d_longlong=define
longlongsize=8
d_longdbl=define
longdblsize=16
longdblkind=3
ivtype='long'
ivsize=8
nvtype='double'
nvsize=8
Off_t='off_t'
lseeksize=8
alignbytes=8
prototype=define
Linker and Libraries:
ld='cc'
ldflags =' -fstack-protector-strong -L/usr/local/lib'
libpth=/usr/local/lib /usr/lib/x86_64-linux-gnu /usr/lib /usr/lib64
libs=-lpthread -lnsl -ldl -lm -lcrypt -lutil -lc
perllibs=-lpthread -lnsl -ldl -lm -lcrypt -lutil -lc
libc=/lib/x86_64-linux-gnu/libc.so.6
so=so
useshrplib=false
libperl=libperl.a
gnulibc_version='2.35'
Dynamic Linking:
dlsrc=dl_dlopen.xs
dlext=so
d_dlsymun=undef
ccdlflags='-Wl,-E'
cccdlflags='-fPIC'
lddlflags='-shared -O2 -g -L/usr/local/lib -fstack-protector-strong'
Characteristics of this binary (from libperl):
Compile-time options:
HAS_LONG_DOUBLE
HAS_STRTOLD
HAS_TIMES
MULTIPLICITY
PERLIO_LAYERS
PERL_COPY_ON_WRITE
PERL_DONT_CREATE_GVSV
PERL_HASH_FUNC_SIPHASH13
PERL_HASH_USE_SBOX32
PERL_MALLOC_WRAP
PERL_OP_PARENT
PERL_PRESERVE_IVUV
PERL_USE_DEVEL
PERL_USE_SAFE_PUTENV
USE_64_BIT_ALL
USE_64_BIT_INT
USE_ITHREADS
USE_LARGE_FILES
USE_LOCALE
USE_LOCALE_COLLATE
USE_LOCALE_CTYPE
USE_LOCALE_NUMERIC
USE_LOCALE_TIME
USE_PERLIO
USE_PERL_ATOF
USE_REENTRANT_API
USE_THREAD_SAFE_LOCALE
Built under linux
Compiled at Feb 1 2025 15:13:59
%ENV:
PERL="/tmp/basesmoker-reloperl-ZTI9/bin/perl"
PERL5LIB="/tmp/loop_over_bdir-1510771-59TLvk/App-rmcd-0.280-0/blib/arch:/tmp/loop_over_bdir-1510771-59TLvk/App-rmcd-0.280-0/blib/lib:/tmp/loop_over_bdir-1510771-59TLvk/EJBCA-CrlPublish-0.60-0/blib/arch:/tmp/loop_over_bdir-1510771-59TLvk/EJBCA-CrlPublish-0.60-0/blib/lib:/tmp/loop_over_bdir-1510771-59TLvk/Captive-Portal-4.10-0/blib/arch:/tmp/loop_over_bdir-1510771-59TLvk/Captive-Portal-4.10-0/blib/lib:/tmp/loop_over_bdir-1510771-59TLvk/HTML-Menu-TreeView-1.22-0/blib/arch:/tmp/loop_over_bdir-1510771-59TLvk/HTML-Menu-TreeView-1.22-0/blib/lib:/tmp/loop_over_bdir-1510771-59TLvk/perl-Hardware-UPS-Perl-0.43-0/blib/arch:/tmp/loop_over_bdir-1510771-59TLvk/perl-Hardware-UPS-Perl-0.43-0/blib/lib:/tmp/loop_over_bdir-1510771-59TLvk/Business-Shipping-DataFiles-1.02-0/blib/arch:/tmp/loop_over_bdir-1510771-59TLvk/Business-Shipping-DataFiles-1.02-0/blib/lib:/tmp/loop_over_bdir-1510771-59TLvk/RDF-NLP-SPARQLQuery-0.1-0/blib/arch:/tmp/loop_over_bdir-1510771-59TLvk/RDF-NLP-SPARQLQuery-0.1-0/blib/lib:/tmp/loop_over_bdir-1510771-59TLvk/Alien-SNMP-MIBDEV-2.020000-0/blib/arch:/tmp/loop_over_bdir-1510771-59TLvk/Alien-SNMP-MIBDEV-2.020000-0/blib/lib:/tmp/loop_over_bdir-1510771-59TLvk/Devel-Required-0.16-0/blib/arch:/tmp/loop_over_bdir-1510771-59TLvk/Devel-Required-0.16-0/blib/lib:/tmp/loop_over_bdir-1510771-59TLvk/makepp-1.19-0/blib/arch:/tmp/loop_over_bdir-1510771-59TLvk/makepp-1.19-0/blib/lib:/tmp/loop_over_bdir-1510771-59TLvk/Lingua-YaTeA-0.626-0/blib/arch:/tmp/loop_over_bdir-1510771-59TLvk/Lingua-YaTeA-0.626-0/blib/lib"
PERL5OPT=""
PERL5_CPANPLUS_IS_RUNNING="1510779"
PERL5_CPAN_IS_RUNNING="1510779"
PERL_CANARY_STABILITY_NOPROMPT="1"
PERL_MM_USE_DEFAULT="1"
PERL_USE_UNSAFE_INC="1"
@INC:
/tmp/loop_over_bdir-1510771-59TLvk/App-rmcd-0.280-0/blib/arch
/tmp/loop_over_bdir-1510771-59TLvk/App-rmcd-0.280-0/blib/lib
/tmp/loop_over_bdir-1510771-59TLvk/EJBCA-CrlPublish-0.60-0/blib/arch
/tmp/loop_over_bdir-1510771-59TLvk/EJBCA-CrlPublish-0.60-0/blib/lib
/tmp/loop_over_bdir-1510771-59TLvk/Captive-Portal-4.10-0/blib/arch
/tmp/loop_over_bdir-1510771-59TLvk/Captive-Portal-4.10-0/blib/lib
/tmp/loop_over_bdir-1510771-59TLvk/HTML-Menu-TreeView-1.22-0/blib/arch
/tmp/loop_over_bdir-1510771-59TLvk/HTML-Menu-TreeView-1.22-0/blib/lib
/tmp/loop_over_bdir-1510771-59TLvk/perl-Hardware-UPS-Perl-0.43-0/blib/arch
/tmp/loop_over_bdir-1510771-59TLvk/perl-Hardware-UPS-Perl-0.43-0/blib/lib
/tmp/loop_over_bdir-1510771-59TLvk/Business-Shipping-DataFiles-1.02-0/blib/arch
/tmp/loop_over_bdir-1510771-59TLvk/Business-Shipping-DataFiles-1.02-0/blib/lib
/tmp/loop_over_bdir-1510771-59TLvk/RDF-NLP-SPARQLQuery-0.1-0/blib/arch
/tmp/loop_over_bdir-1510771-59TLvk/RDF-NLP-SPARQLQuery-0.1-0/blib/lib
/tmp/loop_over_bdir-1510771-59TLvk/Alien-SNMP-MIBDEV-2.020000-0/blib/arch
/tmp/loop_over_bdir-1510771-59TLvk/Alien-SNMP-MIBDEV-2.020000-0/blib/lib
/tmp/loop_over_bdir-1510771-59TLvk/Devel-Required-0.16-0/blib/arch
/tmp/loop_over_bdir-1510771-59TLvk/Devel-Required-0.16-0/blib/lib
/tmp/loop_over_bdir-1510771-59TLvk/makepp-1.19-0/blib/arch
/tmp/loop_over_bdir-1510771-59TLvk/makepp-1.19-0/blib/lib
/tmp/loop_over_bdir-1510771-59TLvk/Lingua-YaTeA-0.626-0/blib/arch
/tmp/loop_over_bdir-1510771-59TLvk/Lingua-YaTeA-0.626-0/blib/lib
/home/sand/src/perl/repoperls/installed-perls/host/k93jammy/v5.41.8/b4f3/lib/site_perl/5.41.8/x86_64-linux-thread-multi
/home/sand/src/perl/repoperls/installed-perls/host/k93jammy/v5.41.8/b4f3/lib/site_perl/5.41.8
/home/sand/src/perl/repoperls/installed-perls/host/k93jammy/v5.41.8/b4f3/lib/5.41.8/x86_64-linux-thread-multi
/home/sand/src/perl/repoperls/installed-perls/host/k93jammy/v5.41.8/b4f3/lib/5.41.8
.