Report for WebService-FitBit-0.1_4

Back
From: metabase:user:30977d10-2aae-11df-837a-5e0a49663a4f
Subject: FAIL WebService-FitBit-0.1_4 v5.12.1 
Date: 2010-11-24T10:58:41Z

This distribution has been tested as part of the CPAN Testers
project, supporting the Perl programming language.  See
http://wiki.cpantesters.org/ for more information or email
questions to cpan-testers-discuss@perl.org


--
Dear John SJ Anderson,

This is a computer-generated report for WebService-FitBit-0.1_4
on perl 5.12.1, created by CPAN-Reporter-1.1711.

Thank you for uploading your work to CPAN.  However, there was a problem
testing your distribution.

If you think this report is invalid, please consult the CPAN Testers Wiki
for suggestions on how to avoid getting FAIL reports for missing library
or binary dependencies, unsupported operating systems, and so on:

http://wiki.cpantesters.org/wiki/CPANAuthorNotes

Sections of this report:

    * Tester comments
    * Program output
    * Prerequisites
    * Environment and other context

------------------------------
TESTER COMMENTS
------------------------------

Additional comments from tester:

this report is from an automated smoke testing program
and was not reviewed by a human for accuracy

------------------------------
PROGRAM OUTPUT
------------------------------

Output from 'C:\bin\dev\perl\site\bin\dmake.EXE test':

C:\home\stro\perl5121\bin\perl.exe "-MExtUtils::Command::MM" "-e" "test_harness(0, 'blib\lib', 'blib\arch')" t/*.t
t/00-compile.t ............ ok
# Testing WebService::FitBit version 0.1_4
t/00-load.t ............... ok
t/release-eol.t ........... skipped: these tests are for release candidate testing
t/release-kwalitee.t ...... skipped: these tests are for release candidate testing
t/release-pod-coverage.t .. skipped: these tests are for release candidate testing
t/release-pod-syntax.t .... skipped: these tests are for release candidate testing

#   Failed test 'setup_fitbit_object (for test method 'time_asleep') died (Use of uninitialized value $ENV{"HOME"} in concatenation (.) or string at C:\home\stro\cpan\build\5.12.1\WebService-FitBit-0.1_4-oWFbuZ\blib\lib/WebService/FitBit.pm line 61.)'
#   at t/run.t line 4.
#   (in Test::WebService::FitBit::time_asleep->setup_fitbit_object)

#   Failed test 'time_asleep died (Can't call method "time_asleep" on an undefined value at t/lib/Test/WebService/FitBit/time_asleep.pm line 11.)'
#   at t/run.t line 4.
#   (in Test::WebService::FitBit::time_asleep->time_asleep)

#   Failed test 'setup_fitbit_object (for test method 'intraday_sleep') died (Use of uninitialized value $ENV{"HOME"} in concatenation (.) or string at C:\home\stro\cpan\build\5.12.1\WebService-FitBit-0.1_4-oWFbuZ\blib\lib/WebService/FitBit.pm line 61.)'
#   at t/run.t line 4.
#   (in Test::WebService::FitBit::intraday_sleep->setup_fitbit_object)

#   Failed test 'setup_fitbit_object (for test method 'distance_from_steps') died (Use of uninitialized value $ENV{"HOME"} in concatenation (.) or string at C:\home\stro\cpan\build\5.12.1\WebService-FitBit-0.1_4-oWFbuZ\blib\lib/WebService/FitBit.pm line 61.)'
#   at t/run.t line 4.
#   (in Test::WebService::FitBit::distance_from_steps->setup_fitbit_object)

#   Failed test 'distance_from_steps died (Can't call method "distance_from_steps" on an undefined value at t/lib/Test/WebService/FitBit/distance_from_steps.pm line 13.)'
#   at t/run.t line 4.
#   (in Test::WebService::FitBit::distance_from_steps->distance_from_steps)

#   Failed test 'setup_fitbit_object (for test method 'weight') died (Use of uninitialized value $ENV{"HOME"} in concatenation (.) or string at C:\home\stro\cpan\build\5.12.1\WebService-FitBit-0.1_4-oWFbuZ\blib\lib/WebService/FitBit.pm line 61.)'
#   at t/run.t line 4.
#   (in Test::WebService::FitBit::weight->setup_fitbit_object)

#   Failed test 'weight died (Can't call method "weight" on an undefined value at t/lib/Test/WebService/FitBit/weight.pm line 11.)'
#   at t/run.t line 4.
#   (in Test::WebService::FitBit::weight->weight)

#   Failed test 'setup_fitbit_object (for test method 'minutes_active') died (Use of uninitialized value $ENV{"HOME"} in concatenation (.) or string at C:\home\stro\cpan\build\5.12.1\WebService-FitBit-0.1_4-oWFbuZ\blib\lib/WebService/FitBit.pm line 61.)'
#   at t/run.t line 4.
#   (in Test::WebService::FitBit::minutes_active->setup_fitbit_object)

#   Failed test 'minutes_active died (Can't call method "minutes_active" on an undefined value at t/lib/Test/WebService/FitBit/minutes_active.pm line 17.)'
#   at t/run.t line 4.
#   (in Test::WebService::FitBit::minutes_active->minutes_active)

#   Failed test 'setup_fitbit_object (for test method 'times_woken_up') died (Use of uninitialized value $ENV{"HOME"} in concatenation (.) or string at C:\home\stro\cpan\build\5.12.1\WebService-FitBit-0.1_4-oWFbuZ\blib\lib/WebService/FitBit.pm line 61.)'
#   at t/run.t line 4.
#   (in Test::WebService::FitBit::times_woken_up->setup_fitbit_object)

#   Failed test 'times_woken_up died (Can't call method "times_woken_up" on an undefined value at t/lib/Test/WebService/FitBit/times_woken_up.pm line 11.)'
#   at t/run.t line 4.
#   (in Test::WebService::FitBit::times_woken_up->times_woken_up)

#   Failed test 'setup_fitbit_object (for test method 'steps_taken') died (Use of uninitialized value $ENV{"HOME"} in concatenation (.) or string at C:\home\stro\cpan\build\5.12.1\WebService-FitBit-0.1_4-oWFbuZ\blib\lib/WebService/FitBit.pm line 61.)'
#   at t/run.t line 4.
#   (in Test::WebService::FitBit::steps_taken->setup_fitbit_object)

#   Failed test 'steps_taken died (Can't call method "steps_taken" on an undefined value at t/lib/Test/WebService/FitBit/steps_taken.pm line 11.)'
#   at t/run.t line 4.
#   (in Test::WebService::FitBit::steps_taken->steps_taken)

#   Failed test 'setup_fitbit_object (for test method 'intraday_active_score') died (Use of uninitialized value $ENV{"HOME"} in concatenation (.) or string at C:\home\stro\cpan\build\5.12.1\WebService-FitBit-0.1_4-oWFbuZ\blib\lib/WebService/FitBit.pm line 61.)'
#   at t/run.t line 4.
#   (in Test::WebService::FitBit::intraday_active_score->setup_fitbit_object)

#   Failed test 'intraday_active_score died (Can't call method "intraday_active_score" on an undefined value at t/lib/Test/WebService/FitBit/intraday_active_score.pm line 11.)'
#   at t/run.t line 4.
#   (in Test::WebService::FitBit::intraday_active_score->intraday_active_score)

#   Failed test 'setup_fitbit_object (for test method 'intraday_active_score_with_date') died (Use of uninitialized value $ENV{"HOME"} in concatenation (.) or string at C:\home\stro\cpan\build\5.12.1\WebService-FitBit-0.1_4-oWFbuZ\blib\lib/WebService/FitBit.pm line 61.)'
#   at t/run.t line 4.
#   (in Test::WebService::FitBit::intraday_active_score->setup_fitbit_object)

#   Failed test 'intraday_active_score_with_date died (Can't call method "intraday_active_score" on an undefined value at t/lib/Test/WebService/FitBit/intraday_active_score.pm line 27.)'
#   at t/run.t line 4.
#   (in Test::WebService::FitBit::intraday_active_score->intraday_active_score_with_date)

#   Failed test 'setup_fitbit_object (for test method 'burned') died (Use of uninitialized value $ENV{"HOME"} in concatenation (.) or string at C:\home\stro\cpan\build\5.12.1\WebService-FitBit-0.1_4-oWFbuZ\blib\lib/WebService/FitBit.pm line 61.)'
#   at t/run.t line 4.
#   (in Test::WebService::FitBit::calories_in_out->setup_fitbit_object)

#   Failed test 'burned died (Can't call method "calories_burned" on an undefined value at t/lib/Test/WebService/FitBit/calories_in_out.pm line 26.)'
#   at t/run.t line 4.
#   (in Test::WebService::FitBit::calories_in_out->burned)

#   Failed test 'setup_fitbit_object (for test method 'calories_in_out') died (Use of uninitialized value $ENV{"HOME"} in concatenation (.) or string at C:\home\stro\cpan\build\5.12.1\WebService-FitBit-0.1_4-oWFbuZ\blib\lib/WebService/FitBit.pm line 61.)'
#   at t/run.t line 4.
#   (in Test::WebService::FitBit::calories_in_out->setup_fitbit_object)

#   Failed test 'calories_in_out died (Can't call method "calories_in_out" on an undefined value at t/lib/Test/WebService/FitBit/calories_in_out.pm line 16.)'
#   at t/run.t line 4.
#   (in Test::WebService::FitBit::calories_in_out->calories_in_out)

#   Failed test 'setup_fitbit_object (for test method 'consumed') died (Use of uninitialized value $ENV{"HOME"} in concatenation (.) or string at C:\home\stro\cpan\build\5.12.1\WebService-FitBit-0.1_4-oWFbuZ\blib\lib/WebService/FitBit.pm line 61.)'
#   at t/run.t line 4.
#   (in Test::WebService::FitBit::calories_in_out->setup_fitbit_object)

#   Failed test 'consumed died (Can't call method "calories_consumed" on an undefined value at t/lib/Test/WebService/FitBit/calories_in_out.pm line 34.)'
#   at t/run.t line 4.
#   (in Test::WebService::FitBit::calories_in_out->consumed)

#   Failed test 'setup_fitbit_object (for test method 'intraday_calories_burned') died (Use of uninitialized value $ENV{"HOME"} in concatenation (.) or string at C:\home\stro\cpan\build\5.12.1\WebService-FitBit-0.1_4-oWFbuZ\blib\lib/WebService/FitBit.pm line 61.)'
#   at t/run.t line 4.
#   (in Test::WebService::FitBit::intraday_calories_burned->setup_fitbit_object)

#   Failed test 'intraday_calories_burned died (Can't call method "intraday_calories_burned" on an undefined value at t/lib/Test/WebService/FitBit/intraday_calories_burned.pm line 11.)'
#   at t/run.t line 4.
#   (in Test::WebService::FitBit::intraday_calories_burned->intraday_calories_burned)

#   Failed test 'setup_fitbit_object (for test method 'intraday_calories_burned_with_date') died (Use of uninitialized value $ENV{"HOME"} in concatenation (.) or string at C:\home\stro\cpan\build\5.12.1\WebService-FitBit-0.1_4-oWFbuZ\blib\lib/WebService/FitBit.pm line 61.)'
#   at t/run.t line 4.
#   (in Test::WebService::FitBit::intraday_calories_burned->setup_fitbit_object)

#   Failed test 'intraday_calories_burned_with_date died (Can't call method "intraday_calories_burned" on an undefined value at t/lib/Test/WebService/FitBit/intraday_calories_burned.pm line 27.)'
#   at t/run.t line 4.
#   (in Test::WebService::FitBit::intraday_calories_burned->intraday_calories_burned_with_date)

#   Failed test 'setup_fitbit_object (for test method 'intraday_steps') died (Use of uninitialized value $ENV{"HOME"} in concatenation (.) or string at C:\home\stro\cpan\build\5.12.1\WebService-FitBit-0.1_4-oWFbuZ\blib\lib/WebService/FitBit.pm line 61.)'
#   at t/run.t line 4.
#   (in Test::WebService::FitBit::intraday_steps->setup_fitbit_object)

#   Failed test 'intraday_steps died (Can't call method "intraday_steps" on an undefined value at t/lib/Test/WebService/FitBit/intraday_steps.pm line 11.)'
#   at t/run.t line 4.
#   (in Test::WebService::FitBit::intraday_steps->intraday_steps)

#   Failed test 'setup_fitbit_object (for test method 'intraday_steps_with_date') died (Use of uninitialized value $ENV{"HOME"} in concatenation (.) or string at C:\home\stro\cpan\build\5.12.1\WebService-FitBit-0.1_4-oWFbuZ\blib\lib/WebService/FitBit.pm line 61.)'
#   at t/run.t line 4.
#   (in Test::WebService::FitBit::intraday_steps->setup_fitbit_object)

#   Failed test 'intraday_steps_with_date died (Can't call method "intraday_steps" on an undefined value at t/lib/Test/WebService/FitBit/intraday_steps.pm line 27.)'
#   at t/run.t line 4.
#   (in Test::WebService::FitBit::intraday_steps->intraday_steps_with_date)

#   Failed test 'setup_fitbit_object (for test method 'active_score') died (Use of uninitialized value $ENV{"HOME"} in concatenation (.) or string at C:\home\stro\cpan\build\5.12.1\WebService-FitBit-0.1_4-oWFbuZ\blib\lib/WebService/FitBit.pm line 61.)'
#   at t/run.t line 4.
#   (in Test::WebService::FitBit::active_score->setup_fitbit_object)

#   Failed test 'active_score died (Can't call method "active_score" on an undefined value at t/lib/Test/WebService/FitBit/active_score.pm line 11.)'
#   at t/run.t line 4.
#   (in Test::WebService::FitBit::active_score->active_score)

#   Failed test 'setup_fitbit_object (for test method 'isa_fitbit') died (Use of uninitialized value $ENV{"HOME"} in concatenation (.) or string at C:\home\stro\cpan\build\5.12.1\WebService-FitBit-0.1_4-oWFbuZ\blib\lib/WebService/FitBit.pm line 61.)'
#   at t/run.t line 4.
#   (in Test::WebService::FitBit->setup_fitbit_object)

#   Failed test 'The thing isa WebService::FitBit'
#   at t/lib/Test/WebService/FitBit.pm line 12.
#   (in Test::WebService::FitBit->isa_fitbit)
#     The thing isn't defined

#   Failed test 'setup_fitbit_object (for test method 'no_config_dies') died (Use of uninitialized value $ENV{"HOME"} in concatenation (.) or string at C:\home\stro\cpan\build\5.12.1\WebService-FitBit-0.1_4-oWFbuZ\blib\lib/WebService/FitBit.pm line 61.)'
#   at t/run.t line 4.
#   (in Test::WebService::FitBit->setup_fitbit_object)

#   Failed test 'setup_fitbit_object (for test method 'activities_breakdown') died (Use of uninitialized value $ENV{"HOME"} in concatenation (.) or string at C:\home\stro\cpan\build\5.12.1\WebService-FitBit-0.1_4-oWFbuZ\blib\lib/WebService/FitBit.pm line 61.)'
#   at t/run.t line 4.
#   (in Test::WebService::FitBit::activities_breakdown->setup_fitbit_object)

#   Failed test 'activities_breakdown died (Can't call method "activities_breakdown" on an undefined value at t/lib/Test/WebService/FitBit/activities_breakdown.pm line 18.)'
#   at t/run.t line 4.
#   (in Test::WebService::FitBit::activities_breakdown->activities_breakdown)
# Looks like you planned 1766 tests but ran 1786.
# Looks like you failed 38 tests of 1786 run.
t/run.t ................... 
Dubious, test returned 38 (wstat 9728, 0x2600)
Failed 31/1766 subtests 
	(less 1747 skipped subtests: -12 okay)

Test Summary Report
-------------------
t/run.t                 (Wstat: 9728 Tests: 1786 Failed: 51)
  Failed tests:  1-2, 4, 7-8, 10-11, 13-14, 16-17, 19-20
                22-23, 313-314, 604-605, 607-608, 610-611
                613-614, 904-905, 1195-1196, 1486-1487
                1767-1786
  Non-zero exit status: 38
  Parse errors: Bad plan.  You planned 1766 tests but ran 1786.
Files=7, Tests=1790,  6 wallclock secs ( 0.23 usr +  0.06 sys =  0.30 CPU)
Result: FAIL
Failed 1/7 test programs. 51/1790 subtests failed.
dmake.EXE:  Error code 166, while making 'test_dynamic'

------------------------------
PREREQUISITES
------------------------------

Prerequisite modules loaded:

requires:

    Module                    Need  Have    
    ------------------------- ----- --------
    autodie                   0     2.10    
    Carp                      0     1.16    
    HTTP::Cookies             0     5.833   
    HTTP::Request::Common     0     5.824   
    LWP::UserAgent            0     5.835   
    Moose                     0     1.20    
    perl                      5.010 5.012001
    POSIX                     0     1.19    
    strictures                1     1.001000
    Term::ReadKey             0     2.30    
    Text::CSV                 0     1.16    
    Try::Tiny                 0     0.07    
    XML::Simple               0     2.18    
    YAML                      0     0.72    

build_requires:

    Module                    Need  Have    
    ------------------------- ----- --------
    File::Find                0     1.15    
    File::Slurp               0     9999.13 
    File::Temp                0     0.22    
    FindBin                   0     1.50    
    Test::Class               0     0.35    
    Test::Class::Load         0     0.35    
    Test::Exception           0     0.31    
    Test::MockObject::Extends 0     1.09    
    Test::More                0     0.96    

configure_requires:

    Module                    Need  Have    
    ------------------------- ----- --------
    ExtUtils::MakeMaker       6.31  6.56    


------------------------------
ENVIRONMENT AND OTHER CONTEXT
------------------------------

Environment variables:

    ACTIVEPERL_CONFIG_SILENT = 1
    AUTOMATED_TESTING = 1
    COMSPEC = C:\WINDOWS\system32\cmd.exe
    NUMBER_OF_PROCESSORS = 2
    PATH = C:\bin\dev\python\;C:\bin\dev\svn;C:\Program Files\Common Files\Microsoft Shared\Windows Live;C:\bin\dev\perl\site\bin;C:\bin\dev\perl\bin;C:\WINDOWS\system32;C:\WINDOWS;C:\WINDOWS\System32\Wbem;C:\WINDOWS\system32\WindowsPowerShell\v1.0;C:\bin\arc;C:\bin\dev\TortoiseSVN\bin;C:\bin\dev\Mercurial;C:\bin\dev\TortoiseHg;c:\bin\sys\gnuwin32\bin;C:\bin\dev\oracle\instantclient_11_1;C:\Program Files\Common Files\Microsoft Shared\Windows Live
    PERL5LIB = 
    PERL5OPT = 
    PERL5_CPANPLUS_IS_RUNNING = 5116
    PERL5_CPAN_IS_RUNNING = 5116
    PERL5_CPAN_IS_RUNNING_IN_RECURSION = 2696,5116
    PERL_CR_SMOKER_CURRENT = WebService-FitBit-0.1_4
    PERL_EXTUTILS_AUTOINSTALL = --defaultdeps
    PERL_MM_USE_DEFAULT = 1
    PROCESSOR_IDENTIFIER = x86 Family 6 Model 15 Stepping 11, GenuineIntel
    TEMP = C:\WINDOWS\Temp

Perl special variables (and OS-specific diagnostics, for MSWin32):

    $^X = C:\home\stro\perl5121\bin\perl.exe
    $UID/$EUID = 0 / 0
    $GID = 0
    $EGID = 0
    Win32::GetOSName = WinXP/.Net
    Win32::GetOSVersion = Service Pack 3, 5, 1, 2600, 2, 3, 0, 256, 1
    Win32::FsType = NTFS
    Win32::IsAdminUser = 1

Perl module toolchain versions installed:

    Module              Have   
    ------------------- -------
    CPAN                1.9402 
    Cwd                 3.31   
    ExtUtils::CBuilder  0.2703 
    ExtUtils::Command   1.16   
    ExtUtils::Install   1.54   
    ExtUtils::MakeMaker 6.56   
    ExtUtils::Manifest  1.58   
    ExtUtils::ParseXS   2.2206 
    File::Spec          3.31   
    Module::Build       0.36_10
    Module::Signature   0.66   
    Test::Harness       3.21   
    Test::More          0.96   
    YAML                0.72   
    YAML::Syck          1.15   
    version             0.85   


--

Summary of my perl5 (revision 5 version 12 subversion 1) configuration:
   
  Platform:
    osname=MSWin32, osvers=5.1, archname=MSWin32-x86-multi-thread
    uname=''
    config_args='undef'
    hint=recommended, useposix=true, d_sigaction=undef
    useithreads=define, usemultiplicity=define
    useperlio=define, d_sfio=undef, uselargefiles=define, usesocks=undef
    use64bitint=undef, use64bitall=undef, uselongdouble=undef
    usemymalloc=n, bincompat5005=undef
  Compiler:
    cc='gcc', ccflags =' -s -O2 -DWIN32 -DHAVE_DES_FCRYPT  -DPERL_IMPLICIT_CONTEXT -DPERL_IMPLICIT_SYS -fno-strict-aliasing -mms-bitfields -DPERL_MSVCRT_READFIX',
    optimize='-s -O2',
    cppflags='-DWIN32'
    ccversion='', gccversion='3.4.5', gccosandvers=''
    intsize=4, longsize=4, ptrsize=4, doublesize=8, byteorder=1234
    d_longlong=undef, longlongsize=8, d_longdbl=define, longdblsize=12
    ivtype='long', ivsize=4, nvtype='double', nvsize=8, Off_t='long long', lseeksize=8
    alignbytes=8, prototype=define
  Linker and Libraries:
    ld='g++', ldflags ='-s -L"c:\home\stro\perl5121\lib\CORE" -L"C:\MinGW\lib"'
    libpth=C:\MinGW\lib
    libs=-lmoldname -lkernel32 -luser32 -lgdi32 -lwinspool -lcomdlg32 -ladvapi32 -lshell32 -lole32 -loleaut32 -lnetapi32 -luuid -lws2_32 -lmpr -lwinmm -lversion -lodbc32 -lodbccp32 -lcomctl32
    perllibs=-lmoldname -lkernel32 -luser32 -lgdi32 -lwinspool -lcomdlg32 -ladvapi32 -lshell32 -lole32 -loleaut32 -lnetapi32 -luuid -lws2_32 -lmpr -lwinmm -lversion -lodbc32 -lodbccp32 -lcomctl32
    libc=, so=dll, useshrplib=true, libperl=libperl512.a
    gnulibc_version=''
  Dynamic Linking:
    dlsrc=dl_win32.xs, dlext=dll, d_dlsymun=undef, ccdlflags=' '
    cccdlflags=' ', lddlflags='-mdll -s -L"c:\home\stro\perl5121\lib\CORE" -L"C:\MinGW\lib"'


Characteristics of this binary (from libperl): 
  Compile-time options: MULTIPLICITY PERL_DONT_CREATE_GVSV
                        PERL_IMPLICIT_CONTEXT PERL_IMPLICIT_SYS
                        PERL_MALLOC_WRAP PL_OP_SLAB_ALLOC USE_ITHREADS
                        USE_LARGE_FILES USE_PERLIO USE_PERL_ATOF
  Built under MSWin32
  Compiled at May 18 2010 14:57:37
  %ENV:
    PERL5_CPANPLUS_IS_RUNNING="5116"
    PERL5_CPAN_IS_RUNNING="5116"
    PERL5_CPAN_IS_RUNNING_IN_RECURSION="2696,5116"
    PERL_CR_SMOKER_CURRENT="WebService-FitBit-0.1_4"
    PERL_EXTUTILS_AUTOINSTALL="--defaultdeps"
    PERL_MM_USE_DEFAULT="1"
  @INC:
    C:/home/stro/perl5121/site/lib
    C:/home/stro/perl5121/lib
    .