Bigtop v0.38 Perl 5 v5.24.4 RC1 x86_64-linux

Status
Fail
From
Slaven Rezić (SREZIC)
Dist
Bigtop v0.38
Platform
Perl 5 v5.24.4 RC1 x86_64-linux
Date
2018-03-27 19:55:28
ID
cca5cc16-31f8-11e8-a40e-f2df128c941b
This distribution has been tested as part of the CPAN Testers
project, supporting the Perl programming language.  See
http://wiki.cpantesters.org/ for more information or email
questions to cpan-testers-discuss@perl.org


--
Dear Philip Crow,

This is a computer-generated report for Bigtop-0.38
on perl 5.24.4, created by CPAN-Reporter-1.2018.

Thank you for uploading your work to CPAN.  However, there was a problem
testing your distribution.

If you think this report is invalid, please consult the CPAN Testers Wiki
for suggestions on how to avoid getting FAIL reports for missing library
or binary dependencies, unsupported operating systems, and so on:

http://wiki.cpantesters.org/wiki/CPANAuthorNotes

Sections of this report:

    * Tester comments
    * Program output
    * Prerequisites
    * Environment and other context

------------------------------
TESTER COMMENTS
------------------------------

Additional comments from tester:

none provided

------------------------------
PROGRAM OUTPUT
------------------------------

Output from './Build test':

t/00_pod.t ......................... skipped: set TEST_POD to enable this test
t/00_podcoverage.t ................. skipped: set TEST_POD to enable this test

#   Failed test 'use Bigtop::Parser;'
#   at t/01_use.t line 4.
#     Tried to use 'Bigtop::Parser'.
#     Error:  syntax error at /home/cpansand/.cpan/build/2018032718/Bigtop-0.38-0/blib/lib/Bigtop/Parser.pm line 63, near "$keyword_type qw( app controller method )"
# Global symbol "$keyword_type" requires explicit package name (did you forget to declare "my $keyword_type"?) at /home/cpansand/.cpan/build/2018032718/Bigtop-0.38-0/blib/lib/Bigtop/Parser.pm line 66.
# BEGIN not safe after errors--compilation aborted at /home/cpansand/.cpan/build/2018032718/Bigtop-0.38-0/blib/lib/Bigtop/Parser.pm line 70.
# Compilation failed in require at t/01_use.t line 4.
# BEGIN failed--compilation aborted at t/01_use.t line 4.

#   Failed test 'use Bigtop::Backend::Init::Std;'
#   at t/01_use.t line 7.
#     Tried to use 'Bigtop::Backend::Init::Std'.
#     Error:  syntax error at /home/cpansand/.cpan/build/2018032718/Bigtop-0.38-0/blib/lib/Bigtop/Backend/Init/Std.pm line 266, near ")"
#   (Might be a runaway multi-line () string starting on line 261)
# Global symbol "$simple_file" requires explicit package name (did you forget to declare "my $simple_file"?) at /home/cpansand/.cpan/build/2018032718/Bigtop-0.38-0/blib/lib/Bigtop/Backend/Init/Std.pm line 268.
# syntax error at /home/cpansand/.cpan/build/2018032718/Bigtop-0.38-0/blib/lib/Bigtop/Backend/Init/Std.pm line 269, near "and"
# Global symbol "$tree" requires explicit package name (did you forget to declare "my $tree"?) at /home/cpansand/.cpan/build/2018032718/Bigtop-0.38-0/blib/lib/Bigtop/Backend/Init/Std.pm line 270.
# Global symbol "$simple_file" requires explicit package name (did you forget to declare "my $simple_file"?) at /home/cpansand/.cpan/build/2018032718/Bigtop-0.38-0/blib/lib/Bigtop/Backend/Init/Std.pm line 270.
# Global symbol "$simple_file" requires explicit package name (did you forget to declare "my $simple_file"?) at /home/cpansand/.cpan/build/2018032718/Bigtop-0.38-0/blib/lib/Bigtop/Backend/Init/Std.pm line 272.
# Global symbol "$class" requires explicit package name (did you forget to declare "my $class"?) at /home/cpansand/.cpan/build/2018032718/Bigtop-0.38-0/blib/lib/Bigtop/Backend/Init/Std.pm line 273.
# Global symbol "$build_dir" requires explicit package name (did you forget to declare "my $build_dir"?) at /home/cpansand/.cpan/build/2018032718/Bigtop-0.38-0/blib/lib/Bigtop/Backend/Init/Std.pm line 273.
# Global symbol "$tree" requires explicit package name (did you forget to declare "my $tree"?) at /home/cpansand/.cpan/build/2018032718/Bigtop-0.38-0/blib/lib/Bigtop/Backend/Init/Std.pm line 273.
# Global symbol "$flags" requires explicit package name (did you forget to declare "my $flags"?) at /home/cpansand/.cpan/build/2018032718/Bigtop-0.38-0/blib/lib/Bigtop/Backend/Init/Std.pm line 273.
# syntax error at /home/cpansand/.cpan/build/2018032718/Bigtop-0.38-0/blib/lib/Bigtop/Backend/Init/Std.pm line 274, near "}"
# /home/cpansand/.cpan/build/2018032718/Bigtop-0.38-0/blib/lib/Bigtop/Backend/Init/Std.pm has too many errors.
# Compilation failed in require at t/01_use.t line 7.
# BEGIN failed--compilation aborted at t/01_use.t line 7.

#   Failed test 'use Bigtop::Backend::SiteLook::GantryDefault;'
#   at t/01_use.t line 13.
#     Tried to use 'Bigtop::Backend::SiteLook::GantryDefault'.
#     Error:  Attempt to reload Bigtop/Parser.pm aborted.
# Compilation failed in require at /home/cpansand/.cpan/build/2018032718/Bigtop-0.38-0/blib/lib/Bigtop/Backend/SiteLook/GantryDefault.pm line 11.
# BEGIN failed--compilation aborted at /home/cpansand/.cpan/build/2018032718/Bigtop-0.38-0/blib/lib/Bigtop/Backend/SiteLook/GantryDefault.pm line 11.
# Compilation failed in require at t/01_use.t line 13.
# BEGIN failed--compilation aborted at t/01_use.t line 13.
# Looks like you failed 3 tests of 12.
t/01_use.t ......................... 
Dubious, test returned 3 (wstat 768, 0x300)
Failed 3/12 subtests 
syntax error at /home/cpansand/.cpan/build/2018032718/Bigtop-0.38-0/blib/lib/Bigtop/Parser.pm line 63, near "$keyword_type qw( app controller method )"
Global symbol "$keyword_type" requires explicit package name (did you forget to declare "my $keyword_type"?) at /home/cpansand/.cpan/build/2018032718/Bigtop-0.38-0/blib/lib/Bigtop/Parser.pm line 66.
BEGIN not safe after errors--compilation aborted at /home/cpansand/.cpan/build/2018032718/Bigtop-0.38-0/blib/lib/Bigtop/Parser.pm line 70.
Compilation failed in require at t/02_tiny.t line 5.
BEGIN failed--compilation aborted at t/02_tiny.t line 5.
# Looks like your test exited with 255 before it could output anything.
t/02_tiny.t ........................ 
Dubious, test returned 255 (wstat 65280, 0xff00)
Failed 3/3 subtests 
syntax error at /home/cpansand/.cpan/build/2018032718/Bigtop-0.38-0/blib/lib/Bigtop/Parser.pm line 63, near "$keyword_type qw( app controller method )"
Global symbol "$keyword_type" requires explicit package name (did you forget to declare "my $keyword_type"?) at /home/cpansand/.cpan/build/2018032718/Bigtop-0.38-0/blib/lib/Bigtop/Parser.pm line 66.
BEGIN not safe after errors--compilation aborted at /home/cpansand/.cpan/build/2018032718/Bigtop-0.38-0/blib/lib/Bigtop/Parser.pm line 70.
Compilation failed in require at t/03_config.t line 5.
BEGIN failed--compilation aborted at t/03_config.t line 5.
# Looks like your test exited with 255 before it could output anything.
t/03_config.t ...................... 
Dubious, test returned 255 (wstat 65280, 0xff00)
Failed 1/1 subtests 
syntax error at /home/cpansand/.cpan/build/2018032718/Bigtop-0.38-0/blib/lib/Bigtop/Parser.pm line 63, near "$keyword_type qw( app controller method )"
Global symbol "$keyword_type" requires explicit package name (did you forget to declare "my $keyword_type"?) at /home/cpansand/.cpan/build/2018032718/Bigtop-0.38-0/blib/lib/Bigtop/Parser.pm line 66.
BEGIN not safe after errors--compilation aborted at /home/cpansand/.cpan/build/2018032718/Bigtop-0.38-0/blib/lib/Bigtop/Parser.pm line 70.
Compilation failed in require at t/04_parse_errors.t line 5.
BEGIN failed--compilation aborted at t/04_parse_errors.t line 5.
# Looks like your test exited with 255 before it could output anything.
t/04_parse_errors.t ................ 
Dubious, test returned 255 (wstat 65280, 0xff00)
Failed 10/10 subtests 
syntax error at /home/cpansand/.cpan/build/2018032718/Bigtop-0.38-0/blib/lib/Bigtop/Parser.pm line 63, near "$keyword_type qw( app controller method )"
Global symbol "$keyword_type" requires explicit package name (did you forget to declare "my $keyword_type"?) at /home/cpansand/.cpan/build/2018032718/Bigtop-0.38-0/blib/lib/Bigtop/Parser.pm line 66.
BEGIN not safe after errors--compilation aborted at /home/cpansand/.cpan/build/2018032718/Bigtop-0.38-0/blib/lib/Bigtop/Parser.pm line 70.
Compilation failed in require at t/05_lookuphash.t line 5.
BEGIN failed--compilation aborted at t/05_lookuphash.t line 5.
# Looks like your test exited with 255 before it could output anything.
t/05_lookuphash.t .................. 
Dubious, test returned 255 (wstat 65280, 0xff00)
Failed 1/1 subtests 
syntax error at /home/cpansand/.cpan/build/2018032718/Bigtop-0.38-0/blib/lib/Bigtop/Parser.pm line 63, near "$keyword_type qw( app controller method )"
Global symbol "$keyword_type" requires explicit package name (did you forget to declare "my $keyword_type"?) at /home/cpansand/.cpan/build/2018032718/Bigtop-0.38-0/blib/lib/Bigtop/Parser.pm line 66.
BEGIN not safe after errors--compilation aborted at /home/cpansand/.cpan/build/2018032718/Bigtop-0.38-0/blib/lib/Bigtop/Parser.pm line 70.
Compilation failed in require at t/06_create_die.t line 7.
BEGIN failed--compilation aborted at t/06_create_die.t line 7.
# Looks like your test exited with 255 before it could output anything.
t/06_create_die.t .................. 
Dubious, test returned 255 (wstat 65280, 0xff00)
Failed 1/1 subtests 
syntax error at /home/cpansand/.cpan/build/2018032718/Bigtop-0.38-0/blib/lib/Bigtop/Parser.pm line 63, near "$keyword_type qw( app controller method )"
Global symbol "$keyword_type" requires explicit package name (did you forget to declare "my $keyword_type"?) at /home/cpansand/.cpan/build/2018032718/Bigtop-0.38-0/blib/lib/Bigtop/Parser.pm line 66.
BEGIN not safe after errors--compilation aborted at /home/cpansand/.cpan/build/2018032718/Bigtop-0.38-0/blib/lib/Bigtop/Parser.pm line 70.
Compilation failed in require at t/07_deparse.t line 5.
BEGIN failed--compilation aborted at t/07_deparse.t line 5.
# Looks like your test exited with 255 before it could output anything.
t/07_deparse.t ..................... 
Dubious, test returned 255 (wstat 65280, 0xff00)
Failed 3/3 subtests 
syntax error at /home/cpansand/.cpan/build/2018032718/Bigtop-0.38-0/blib/lib/Bigtop/Parser.pm line 63, near "$keyword_type qw( app controller method )"
Global symbol "$keyword_type" requires explicit package name (did you forget to declare "my $keyword_type"?) at /home/cpansand/.cpan/build/2018032718/Bigtop-0.38-0/blib/lib/Bigtop/Parser.pm line 66.
BEGIN not safe after errors--compilation aborted at /home/cpansand/.cpan/build/2018032718/Bigtop-0.38-0/blib/lib/Bigtop/Parser.pm line 70.
Compilation failed in require at t/scripthelp/01_shmodule.t line 10.
BEGIN failed--compilation aborted at t/scripthelp/01_shmodule.t line 10.
# Looks like your test exited with 255 before it could output anything.
t/scripthelp/01_shmodule.t ......... 
Dubious, test returned 255 (wstat 65280, 0xff00)
Failed 8/8 subtests 
t/scripthelp/02_kickstart.t ........ ok
t/scripthelp/03_pglive.t ........... skipped: set BIGTOP_PGLIVE to enable test, must have kids2 db
t/bigtop/01_twotable.t ............. skipped: Could not find Gantry templates

#   Failed test 'use Bigtop::TentMaker;'
#   at t/tentmaker/01_use.t line 9.
#     Tried to use 'Bigtop::TentMaker'.
#     Error:  syntax error at /home/cpansand/.cpan/build/2018032718/Bigtop-0.38-0/blib/lib/Bigtop/Parser.pm line 63, near "$keyword_type qw( app controller method )"
# Global symbol "$keyword_type" requires explicit package name (did you forget to declare "my $keyword_type"?) at /home/cpansand/.cpan/build/2018032718/Bigtop-0.38-0/blib/lib/Bigtop/Parser.pm line 66.
# BEGIN not safe after errors--compilation aborted at /home/cpansand/.cpan/build/2018032718/Bigtop-0.38-0/blib/lib/Bigtop/Parser.pm line 70.
# Compilation failed in require at /home/cpansand/.cpan/build/2018032718/Bigtop-0.38-0/blib/lib/Bigtop/TentMaker.pm line 6.
# BEGIN failed--compilation aborted at /home/cpansand/.cpan/build/2018032718/Bigtop-0.38-0/blib/lib/Bigtop/TentMaker.pm line 6.
# Compilation failed in require at t/tentmaker/01_use.t line 9.
# BEGIN failed--compilation aborted at t/tentmaker/01_use.t line 9.
# Looks like you failed 1 test of 1.
t/tentmaker/01_use.t ............... 
Dubious, test returned 1 (wstat 256, 0x100)
Failed 1/1 subtests 
syntax error at /home/cpansand/.cpan/build/2018032718/Bigtop-0.38-0/blib/lib/Bigtop/Parser.pm line 63, near "$keyword_type qw( app controller method )"
Global symbol "$keyword_type" requires explicit package name (did you forget to declare "my $keyword_type"?) at /home/cpansand/.cpan/build/2018032718/Bigtop-0.38-0/blib/lib/Bigtop/Parser.pm line 66.
BEGIN not safe after errors--compilation aborted at /home/cpansand/.cpan/build/2018032718/Bigtop-0.38-0/blib/lib/Bigtop/Parser.pm line 70.
Compilation failed in require at /home/cpansand/.cpan/build/2018032718/Bigtop-0.38-0/blib/lib/Bigtop/TentMaker.pm line 6.
BEGIN failed--compilation aborted at /home/cpansand/.cpan/build/2018032718/Bigtop-0.38-0/blib/lib/Bigtop/TentMaker.pm line 6.
Compilation failed in require at t/tentmaker/02_top_levels.t line 21.
BEGIN failed--compilation aborted at t/tentmaker/02_top_levels.t line 21.
# Looks like your test exited with 255 before it could output anything.
t/tentmaker/02_top_levels.t ........ 
Dubious, test returned 255 (wstat 65280, 0xff00)
Failed 8/8 subtests 
syntax error at /home/cpansand/.cpan/build/2018032718/Bigtop-0.38-0/blib/lib/Bigtop/Parser.pm line 63, near "$keyword_type qw( app controller method )"
Global symbol "$keyword_type" requires explicit package name (did you forget to declare "my $keyword_type"?) at /home/cpansand/.cpan/build/2018032718/Bigtop-0.38-0/blib/lib/Bigtop/Parser.pm line 66.
BEGIN not safe after errors--compilation aborted at /home/cpansand/.cpan/build/2018032718/Bigtop-0.38-0/blib/lib/Bigtop/Parser.pm line 70.
Compilation failed in require at /home/cpansand/.cpan/build/2018032718/Bigtop-0.38-0/blib/lib/Bigtop/TentMaker.pm line 6.
BEGIN failed--compilation aborted at /home/cpansand/.cpan/build/2018032718/Bigtop-0.38-0/blib/lib/Bigtop/TentMaker.pm line 6.
Compilation failed in require at t/tentmaker/03_app_config.t line 24.
BEGIN failed--compilation aborted at t/tentmaker/03_app_config.t line 24.
# Looks like your test exited with 255 before it could output anything.
t/tentmaker/03_app_config.t ........ 
Dubious, test returned 255 (wstat 65280, 0xff00)
Failed 4/4 subtests 
syntax error at /home/cpansand/.cpan/build/2018032718/Bigtop-0.38-0/blib/lib/Bigtop/Parser.pm line 63, near "$keyword_type qw( app controller method )"
Global symbol "$keyword_type" requires explicit package name (did you forget to declare "my $keyword_type"?) at /home/cpansand/.cpan/build/2018032718/Bigtop-0.38-0/blib/lib/Bigtop/Parser.pm line 66.
BEGIN not safe after errors--compilation aborted at /home/cpansand/.cpan/build/2018032718/Bigtop-0.38-0/blib/lib/Bigtop/Parser.pm line 70.
Compilation failed in require at /home/cpansand/.cpan/build/2018032718/Bigtop-0.38-0/blib/lib/Bigtop/TentMaker.pm line 6.
BEGIN failed--compilation aborted at /home/cpansand/.cpan/build/2018032718/Bigtop-0.38-0/blib/lib/Bigtop/TentMaker.pm line 6.
Compilation failed in require at t/tentmaker/04_sql_blocks.t line 32.
BEGIN failed--compilation aborted at t/tentmaker/04_sql_blocks.t line 32.
# Looks like your test exited with 255 before it could output anything.
t/tentmaker/04_sql_blocks.t ........ 
Dubious, test returned 255 (wstat 65280, 0xff00)
Failed 28/28 subtests 
syntax error at /home/cpansand/.cpan/build/2018032718/Bigtop-0.38-0/blib/lib/Bigtop/Parser.pm line 63, near "$keyword_type qw( app controller method )"
Global symbol "$keyword_type" requires explicit package name (did you forget to declare "my $keyword_type"?) at /home/cpansand/.cpan/build/2018032718/Bigtop-0.38-0/blib/lib/Bigtop/Parser.pm line 66.
BEGIN not safe after errors--compilation aborted at /home/cpansand/.cpan/build/2018032718/Bigtop-0.38-0/blib/lib/Bigtop/Parser.pm line 70.
Compilation failed in require at /home/cpansand/.cpan/build/2018032718/Bigtop-0.38-0/blib/lib/Bigtop/TentMaker.pm line 6.
BEGIN failed--compilation aborted at /home/cpansand/.cpan/build/2018032718/Bigtop-0.38-0/blib/lib/Bigtop/TentMaker.pm line 6.
Compilation failed in require at t/tentmaker/05_control_blocks.t line 22.
BEGIN failed--compilation aborted at t/tentmaker/05_control_blocks.t line 22.
# Looks like your test exited with 255 before it could output anything.
t/tentmaker/05_control_blocks.t .... 
Dubious, test returned 255 (wstat 65280, 0xff00)
Failed 14/14 subtests 
syntax error at /home/cpansand/.cpan/build/2018032718/Bigtop-0.38-0/blib/lib/Bigtop/Parser.pm line 63, near "$keyword_type qw( app controller method )"
Global symbol "$keyword_type" requires explicit package name (did you forget to declare "my $keyword_type"?) at /home/cpansand/.cpan/build/2018032718/Bigtop-0.38-0/blib/lib/Bigtop/Parser.pm line 66.
BEGIN not safe after errors--compilation aborted at /home/cpansand/.cpan/build/2018032718/Bigtop-0.38-0/blib/lib/Bigtop/Parser.pm line 70.
Compilation failed in require at /home/cpansand/.cpan/build/2018032718/Bigtop-0.38-0/blib/lib/Bigtop/TentMaker.pm line 6.
BEGIN failed--compilation aborted at /home/cpansand/.cpan/build/2018032718/Bigtop-0.38-0/blib/lib/Bigtop/TentMaker.pm line 6.
Compilation failed in require at t/tentmaker/06_literal_blocks.t line 22.
BEGIN failed--compilation aborted at t/tentmaker/06_literal_blocks.t line 22.
# Looks like your test exited with 255 before it could output anything.
t/tentmaker/06_literal_blocks.t .... 
Dubious, test returned 255 (wstat 65280, 0xff00)
Failed 4/4 subtests 
syntax error at /home/cpansand/.cpan/build/2018032718/Bigtop-0.38-0/blib/lib/Bigtop/Parser.pm line 63, near "$keyword_type qw( app controller method )"
Global symbol "$keyword_type" requires explicit package name (did you forget to declare "my $keyword_type"?) at /home/cpansand/.cpan/build/2018032718/Bigtop-0.38-0/blib/lib/Bigtop/Parser.pm line 66.
BEGIN not safe after errors--compilation aborted at /home/cpansand/.cpan/build/2018032718/Bigtop-0.38-0/blib/lib/Bigtop/Parser.pm line 70.
Compilation failed in require at /home/cpansand/.cpan/build/2018032718/Bigtop-0.38-0/blib/lib/Bigtop/TentMaker.pm line 6.
BEGIN failed--compilation aborted at /home/cpansand/.cpan/build/2018032718/Bigtop-0.38-0/blib/lib/Bigtop/TentMaker.pm line 6.
Compilation failed in require at t/tentmaker/07_dates.t line 22.
BEGIN failed--compilation aborted at t/tentmaker/07_dates.t line 22.
# Looks like your test exited with 255 before it could output anything.
t/tentmaker/07_dates.t ............. 
Dubious, test returned 255 (wstat 65280, 0xff00)
Failed 2/2 subtests 
syntax error at /home/cpansand/.cpan/build/2018032718/Bigtop-0.38-0/blib/lib/Bigtop/Parser.pm line 63, near "$keyword_type qw( app controller method )"
Global symbol "$keyword_type" requires explicit package name (did you forget to declare "my $keyword_type"?) at /home/cpansand/.cpan/build/2018032718/Bigtop-0.38-0/blib/lib/Bigtop/Parser.pm line 66.
BEGIN not safe after errors--compilation aborted at /home/cpansand/.cpan/build/2018032718/Bigtop-0.38-0/blib/lib/Bigtop/Parser.pm line 70.
Compilation failed in require at /home/cpansand/.cpan/build/2018032718/Bigtop-0.38-0/blib/lib/Bigtop/TentMaker.pm line 6.
BEGIN failed--compilation aborted at /home/cpansand/.cpan/build/2018032718/Bigtop-0.38-0/blib/lib/Bigtop/TentMaker.pm line 6.
Compilation failed in require at t/tentmaker/08_save.t line 22.
BEGIN failed--compilation aborted at t/tentmaker/08_save.t line 22.
# Looks like your test exited with 255 before it could output anything.
t/tentmaker/08_save.t .............. 
Dubious, test returned 255 (wstat 65280, 0xff00)
Failed 2/2 subtests 
syntax error at /home/cpansand/.cpan/build/2018032718/Bigtop-0.38-0/blib/lib/Bigtop/Parser.pm line 63, near "$keyword_type qw( app controller method )"
Global symbol "$keyword_type" requires explicit package name (did you forget to declare "my $keyword_type"?) at /home/cpansand/.cpan/build/2018032718/Bigtop-0.38-0/blib/lib/Bigtop/Parser.pm line 66.
BEGIN not safe after errors--compilation aborted at /home/cpansand/.cpan/build/2018032718/Bigtop-0.38-0/blib/lib/Bigtop/Parser.pm line 70.
Compilation failed in require at t/init/01_tiny.t line 13.
BEGIN failed--compilation aborted at t/init/01_tiny.t line 13.
# Looks like your test exited with 255 before it could output anything.
t/init/01_tiny.t ................... 
Dubious, test returned 255 (wstat 65280, 0xff00)
Failed 3/3 subtests 
syntax error at /home/cpansand/.cpan/build/2018032718/Bigtop-0.38-0/blib/lib/Bigtop/Parser.pm line 63, near "$keyword_type qw( app controller method )"
Global symbol "$keyword_type" requires explicit package name (did you forget to declare "my $keyword_type"?) at /home/cpansand/.cpan/build/2018032718/Bigtop-0.38-0/blib/lib/Bigtop/Parser.pm line 66.
BEGIN not safe after errors--compilation aborted at /home/cpansand/.cpan/build/2018032718/Bigtop-0.38-0/blib/lib/Bigtop/Parser.pm line 70.
Compilation failed in require at t/postgres/01_tiny.t line 5.
BEGIN failed--compilation aborted at t/postgres/01_tiny.t line 5.
# Looks like your test exited with 255 before it could output anything.
t/postgres/01_tiny.t ............... 
Dubious, test returned 255 (wstat 65280, 0xff00)
Failed 1/1 subtests 
syntax error at /home/cpansand/.cpan/build/2018032718/Bigtop-0.38-0/blib/lib/Bigtop/Parser.pm line 63, near "$keyword_type qw( app controller method )"
Global symbol "$keyword_type" requires explicit package name (did you forget to declare "my $keyword_type"?) at /home/cpansand/.cpan/build/2018032718/Bigtop-0.38-0/blib/lib/Bigtop/Parser.pm line 66.
BEGIN not safe after errors--compilation aborted at /home/cpansand/.cpan/build/2018032718/Bigtop-0.38-0/blib/lib/Bigtop/Parser.pm line 70.
Compilation failed in require at t/postgres/02_external_template.t line 8.
BEGIN failed--compilation aborted at t/postgres/02_external_template.t line 10.
# Looks like your test exited with 255 before it could output anything.
t/postgres/02_external_template.t .. 
Dubious, test returned 255 (wstat 65280, 0xff00)
Failed 1/1 subtests 
syntax error at /home/cpansand/.cpan/build/2018032718/Bigtop-0.38-0/blib/lib/Bigtop/Parser.pm line 63, near "$keyword_type qw( app controller method )"
Global symbol "$keyword_type" requires explicit package name (did you forget to declare "my $keyword_type"?) at /home/cpansand/.cpan/build/2018032718/Bigtop-0.38-0/blib/lib/Bigtop/Parser.pm line 66.
BEGIN not safe after errors--compilation aborted at /home/cpansand/.cpan/build/2018032718/Bigtop-0.38-0/blib/lib/Bigtop/Parser.pm line 70.
Compilation failed in require at t/postgres/03_gen.t line 7.
BEGIN failed--compilation aborted at t/postgres/03_gen.t line 7.
# Looks like your test exited with 255 before it could output anything.
t/postgres/03_gen.t ................ 
Dubious, test returned 255 (wstat 65280, 0xff00)
Failed 1/1 subtests 
syntax error at /home/cpansand/.cpan/build/2018032718/Bigtop-0.38-0/blib/lib/Bigtop/Parser.pm line 63, near "$keyword_type qw( app controller method )"
Global symbol "$keyword_type" requires explicit package name (did you forget to declare "my $keyword_type"?) at /home/cpansand/.cpan/build/2018032718/Bigtop-0.38-0/blib/lib/Bigtop/Parser.pm line 66.
BEGIN not safe after errors--compilation aborted at /home/cpansand/.cpan/build/2018032718/Bigtop-0.38-0/blib/lib/Bigtop/Parser.pm line 70.
Compilation failed in require at t/postgres/04_config_template.t line 7.
BEGIN failed--compilation aborted at t/postgres/04_config_template.t line 7.
# Looks like your test exited with 255 before it could output anything.
t/postgres/04_config_template.t .... 
Dubious, test returned 255 (wstat 65280, 0xff00)
Failed 1/1 subtests 
syntax error at /home/cpansand/.cpan/build/2018032718/Bigtop-0.38-0/blib/lib/Bigtop/Parser.pm line 63, near "$keyword_type qw( app controller method )"
Global symbol "$keyword_type" requires explicit package name (did you forget to declare "my $keyword_type"?) at /home/cpansand/.cpan/build/2018032718/Bigtop-0.38-0/blib/lib/Bigtop/Parser.pm line 66.
BEGIN not safe after errors--compilation aborted at /home/cpansand/.cpan/build/2018032718/Bigtop-0.38-0/blib/lib/Bigtop/Parser.pm line 70.
Compilation failed in require at t/sqlite/01_tiny.t line 5.
BEGIN failed--compilation aborted at t/sqlite/01_tiny.t line 5.
# Looks like your test exited with 255 before it could output anything.
t/sqlite/01_tiny.t ................. 
Dubious, test returned 255 (wstat 65280, 0xff00)
Failed 1/1 subtests 
syntax error at /home/cpansand/.cpan/build/2018032718/Bigtop-0.38-0/blib/lib/Bigtop/Parser.pm line 63, near "$keyword_type qw( app controller method )"
Global symbol "$keyword_type" requires explicit package name (did you forget to declare "my $keyword_type"?) at /home/cpansand/.cpan/build/2018032718/Bigtop-0.38-0/blib/lib/Bigtop/Parser.pm line 66.
BEGIN not safe after errors--compilation aborted at /home/cpansand/.cpan/build/2018032718/Bigtop-0.38-0/blib/lib/Bigtop/Parser.pm line 70.
Compilation failed in require at t/sqlite/02_external_template.t line 8.
BEGIN failed--compilation aborted at t/sqlite/02_external_template.t line 10.
# Looks like your test exited with 255 before it could output anything.
t/sqlite/02_external_template.t .... 
Dubious, test returned 255 (wstat 65280, 0xff00)
Failed 1/1 subtests 
syntax error at /home/cpansand/.cpan/build/2018032718/Bigtop-0.38-0/blib/lib/Bigtop/Parser.pm line 63, near "$keyword_type qw( app controller method )"
Global symbol "$keyword_type" requires explicit package name (did you forget to declare "my $keyword_type"?) at /home/cpansand/.cpan/build/2018032718/Bigtop-0.38-0/blib/lib/Bigtop/Parser.pm line 66.
BEGIN not safe after errors--compilation aborted at /home/cpansand/.cpan/build/2018032718/Bigtop-0.38-0/blib/lib/Bigtop/Parser.pm line 70.
Compilation failed in require at t/sqlite/03_gen.t line 7.
BEGIN failed--compilation aborted at t/sqlite/03_gen.t line 7.
# Looks like your test exited with 255 before it could output anything.
t/sqlite/03_gen.t .................. 
Dubious, test returned 255 (wstat 65280, 0xff00)
Failed 1/1 subtests 
syntax error at /home/cpansand/.cpan/build/2018032718/Bigtop-0.38-0/blib/lib/Bigtop/Parser.pm line 63, near "$keyword_type qw( app controller method )"
Global symbol "$keyword_type" requires explicit package name (did you forget to declare "my $keyword_type"?) at /home/cpansand/.cpan/build/2018032718/Bigtop-0.38-0/blib/lib/Bigtop/Parser.pm line 66.
BEGIN not safe after errors--compilation aborted at /home/cpansand/.cpan/build/2018032718/Bigtop-0.38-0/blib/lib/Bigtop/Parser.pm line 70.
Compilation failed in require at t/sqlite/04_config_template.t line 7.
BEGIN failed--compilation aborted at t/sqlite/04_config_template.t line 7.
# Looks like your test exited with 255 before it could output anything.
t/sqlite/04_config_template.t ...... 
Dubious, test returned 255 (wstat 65280, 0xff00)
Failed 1/1 subtests 
syntax error at /home/cpansand/.cpan/build/2018032718/Bigtop-0.38-0/blib/lib/Bigtop/Parser.pm line 63, near "$keyword_type qw( app controller method )"
Global symbol "$keyword_type" requires explicit package name (did you forget to declare "my $keyword_type"?) at /home/cpansand/.cpan/build/2018032718/Bigtop-0.38-0/blib/lib/Bigtop/Parser.pm line 66.
BEGIN not safe after errors--compilation aborted at /home/cpansand/.cpan/build/2018032718/Bigtop-0.38-0/blib/lib/Bigtop/Parser.pm line 70.
Compilation failed in require at t/mysql/01_tiny.t line 5.
BEGIN failed--compilation aborted at t/mysql/01_tiny.t line 5.
# Looks like your test exited with 255 before it could output anything.
t/mysql/01_tiny.t .................. 
Dubious, test returned 255 (wstat 65280, 0xff00)
Failed 1/1 subtests 
syntax error at /home/cpansand/.cpan/build/2018032718/Bigtop-0.38-0/blib/lib/Bigtop/Parser.pm line 63, near "$keyword_type qw( app controller method )"
Global symbol "$keyword_type" requires explicit package name (did you forget to declare "my $keyword_type"?) at /home/cpansand/.cpan/build/2018032718/Bigtop-0.38-0/blib/lib/Bigtop/Parser.pm line 66.
BEGIN not safe after errors--compilation aborted at /home/cpansand/.cpan/build/2018032718/Bigtop-0.38-0/blib/lib/Bigtop/Parser.pm line 70.
Compilation failed in require at t/mysql/02_external_template.t line 8.
BEGIN failed--compilation aborted at t/mysql/02_external_template.t line 10.
# Looks like your test exited with 255 before it could output anything.
t/mysql/02_external_template.t ..... 
Dubious, test returned 255 (wstat 65280, 0xff00)
Failed 1/1 subtests 
syntax error at /home/cpansand/.cpan/build/2018032718/Bigtop-0.38-0/blib/lib/Bigtop/Parser.pm line 63, near "$keyword_type qw( app controller method )"
Global symbol "$keyword_type" requires explicit package name (did you forget to declare "my $keyword_type"?) at /home/cpansand/.cpan/build/2018032718/Bigtop-0.38-0/blib/lib/Bigtop/Parser.pm line 66.
BEGIN not safe after errors--compilation aborted at /home/cpansand/.cpan/build/2018032718/Bigtop-0.38-0/blib/lib/Bigtop/Parser.pm line 70.
Compilation failed in require at t/mysql/03_gen.t line 7.
BEGIN failed--compilation aborted at t/mysql/03_gen.t line 7.
# Looks like your test exited with 255 before it could output anything.
t/mysql/03_gen.t ................... 
Dubious, test returned 255 (wstat 65280, 0xff00)
Failed 1/1 subtests 
syntax error at /home/cpansand/.cpan/build/2018032718/Bigtop-0.38-0/blib/lib/Bigtop/Parser.pm line 63, near "$keyword_type qw( app controller method )"
Global symbol "$keyword_type" requires explicit package name (did you forget to declare "my $keyword_type"?) at /home/cpansand/.cpan/build/2018032718/Bigtop-0.38-0/blib/lib/Bigtop/Parser.pm line 66.
BEGIN not safe after errors--compilation aborted at /home/cpansand/.cpan/build/2018032718/Bigtop-0.38-0/blib/lib/Bigtop/Parser.pm line 70.
Compilation failed in require at t/mysql/04_config_template.t line 7.
BEGIN failed--compilation aborted at t/mysql/04_config_template.t line 7.
# Looks like your test exited with 255 before it could output anything.
t/mysql/04_config_template.t ....... 
Dubious, test returned 255 (wstat 65280, 0xff00)
Failed 1/1 subtests 
syntax error at /home/cpansand/.cpan/build/2018032718/Bigtop-0.38-0/blib/lib/Bigtop/Parser.pm line 63, near "$keyword_type qw( app controller method )"
Global symbol "$keyword_type" requires explicit package name (did you forget to declare "my $keyword_type"?) at /home/cpansand/.cpan/build/2018032718/Bigtop-0.38-0/blib/lib/Bigtop/Parser.pm line 66.
BEGIN not safe after errors--compilation aborted at /home/cpansand/.cpan/build/2018032718/Bigtop-0.38-0/blib/lib/Bigtop/Parser.pm line 70.
Compilation failed in require at t/db2/01_tiny.t line 5.
BEGIN failed--compilation aborted at t/db2/01_tiny.t line 5.
# Looks like your test exited with 255 before it could output anything.
t/db2/01_tiny.t .................... 
Dubious, test returned 255 (wstat 65280, 0xff00)
Failed 1/1 subtests 
syntax error at /home/cpansand/.cpan/build/2018032718/Bigtop-0.38-0/blib/lib/Bigtop/Parser.pm line 63, near "$keyword_type qw( app controller method )"
Global symbol "$keyword_type" requires explicit package name (did you forget to declare "my $keyword_type"?) at /home/cpansand/.cpan/build/2018032718/Bigtop-0.38-0/blib/lib/Bigtop/Parser.pm line 66.
BEGIN not safe after errors--compilation aborted at /home/cpansand/.cpan/build/2018032718/Bigtop-0.38-0/blib/lib/Bigtop/Parser.pm line 70.
Compilation failed in require at t/db2/02_external_template.t line 8.
BEGIN failed--compilation aborted at t/db2/02_external_template.t line 10.
# Looks like your test exited with 255 before it could output anything.
t/db2/02_external_template.t ....... 
Dubious, test returned 255 (wstat 65280, 0xff00)
Failed 1/1 subtests 
syntax error at /home/cpansand/.cpan/build/2018032718/Bigtop-0.38-0/blib/lib/Bigtop/Parser.pm line 63, near "$keyword_type qw( app controller method )"
Global symbol "$keyword_type" requires explicit package name (did you forget to declare "my $keyword_type"?) at /home/cpansand/.cpan/build/2018032718/Bigtop-0.38-0/blib/lib/Bigtop/Parser.pm line 66.
BEGIN not safe after errors--compilation aborted at /home/cpansand/.cpan/build/2018032718/Bigtop-0.38-0/blib/lib/Bigtop/Parser.pm line 70.
Compilation failed in require at t/db2/03_gen.t line 7.
BEGIN failed--compilation aborted at t/db2/03_gen.t line 7.
# Looks like your test exited with 255 before it could output anything.
t/db2/03_gen.t ..................... 
Dubious, test returned 255 (wstat 65280, 0xff00)
Failed 1/1 subtests 
syntax error at /home/cpansand/.cpan/build/2018032718/Bigtop-0.38-0/blib/lib/Bigtop/Parser.pm line 63, near "$keyword_type qw( app controller method )"
Global symbol "$keyword_type" requires explicit package name (did you forget to declare "my $keyword_type"?) at /home/cpansand/.cpan/build/2018032718/Bigtop-0.38-0/blib/lib/Bigtop/Parser.pm line 66.
BEGIN not safe after errors--compilation aborted at /home/cpansand/.cpan/build/2018032718/Bigtop-0.38-0/blib/lib/Bigtop/Parser.pm line 70.
Compilation failed in require at t/db2/04_config_template.t line 7.
BEGIN failed--compilation aborted at t/db2/04_config_template.t line 7.
# Looks like your test exited with 255 before it could output anything.
t/db2/04_config_template.t ......... 
Dubious, test returned 255 (wstat 65280, 0xff00)
Failed 1/1 subtests 
syntax error at /home/cpansand/.cpan/build/2018032718/Bigtop-0.38-0/blib/lib/Bigtop/Parser.pm line 63, near "$keyword_type qw( app controller method )"
Global symbol "$keyword_type" requires explicit package name (did you forget to declare "my $keyword_type"?) at /home/cpansand/.cpan/build/2018032718/Bigtop-0.38-0/blib/lib/Bigtop/Parser.pm line 66.
BEGIN not safe after errors--compilation aborted at /home/cpansand/.cpan/build/2018032718/Bigtop-0.38-0/blib/lib/Bigtop/Parser.pm line 70.
Compilation failed in require at t/gantry/01_tiny.t line 8.
BEGIN failed--compilation aborted at t/gantry/01_tiny.t line 8.
# Looks like your test exited with 255 before it could output anything.
t/gantry/01_tiny.t ................. 
Dubious, test returned 255 (wstat 65280, 0xff00)
Failed 6/6 subtests 
syntax error at /home/cpansand/.cpan/build/2018032718/Bigtop-0.38-0/blib/lib/Bigtop/Parser.pm line 63, near "$keyword_type qw( app controller method )"
Global symbol "$keyword_type" requires explicit package name (did you forget to declare "my $keyword_type"?) at /home/cpansand/.cpan/build/2018032718/Bigtop-0.38-0/blib/lib/Bigtop/Parser.pm line 66.
BEGIN not safe after errors--compilation aborted at /home/cpansand/.cpan/build/2018032718/Bigtop-0.38-0/blib/lib/Bigtop/Parser.pm line 70.
Compilation failed in require at t/gantry/02_controllers.t line 13.
BEGIN failed--compilation aborted at t/gantry/02_controllers.t line 13.
# Looks like your test exited with 255 before it could output anything.
t/gantry/02_controllers.t .......... 
Dubious, test returned 255 (wstat 65280, 0xff00)
Failed 4/4 subtests 
syntax error at /home/cpansand/.cpan/build/2018032718/Bigtop-0.38-0/blib/lib/Bigtop/Parser.pm line 63, near "$keyword_type qw( app controller method )"
Global symbol "$keyword_type" requires explicit package name (did you forget to declare "my $keyword_type"?) at /home/cpansand/.cpan/build/2018032718/Bigtop-0.38-0/blib/lib/Bigtop/Parser.pm line 66.
BEGIN not safe after errors--compilation aborted at /home/cpansand/.cpan/build/2018032718/Bigtop-0.38-0/blib/lib/Bigtop/Parser.pm line 70.
Compilation failed in require at t/gantry/03_parse_errors.t line 7.
BEGIN failed--compilation aborted at t/gantry/03_parse_errors.t line 7.
# Looks like your test exited with 255 before it could output anything.
t/gantry/03_parse_errors.t ......... 
Dubious, test returned 255 (wstat 65280, 0xff00)
Failed 3/3 subtests 
syntax error at /home/cpansand/.cpan/build/2018032718/Bigtop-0.38-0/blib/lib/Bigtop/Parser.pm line 63, near "$keyword_type qw( app controller method )"
Global symbol "$keyword_type" requires explicit package name (did you forget to declare "my $keyword_type"?) at /home/cpansand/.cpan/build/2018032718/Bigtop-0.38-0/blib/lib/Bigtop/Parser.pm line 66.
BEGIN not safe after errors--compilation aborted at /home/cpansand/.cpan/build/2018032718/Bigtop-0.38-0/blib/lib/Bigtop/Parser.pm line 70.
Compilation failed in require at t/gantry/04_no_gen.t line 16.
BEGIN failed--compilation aborted at t/gantry/04_no_gen.t line 16.
# Looks like your test exited with 255 before it could output anything.
t/gantry/04_no_gen.t ............... 
Dubious, test returned 255 (wstat 65280, 0xff00)
Failed 3/3 subtests 
syntax error at /home/cpansand/.cpan/build/2018032718/Bigtop-0.38-0/blib/lib/Bigtop/Parser.pm line 63, near "$keyword_type qw( app controller method )"
Global symbol "$keyword_type" requires explicit package name (did you forget to declare "my $keyword_type"?) at /home/cpansand/.cpan/build/2018032718/Bigtop-0.38-0/blib/lib/Bigtop/Parser.pm line 66.
BEGIN not safe after errors--compilation aborted at /home/cpansand/.cpan/build/2018032718/Bigtop-0.38-0/blib/lib/Bigtop/Parser.pm line 70.
Compilation failed in require at t/gantry/05_cgi.t line 8.
BEGIN failed--compilation aborted at t/gantry/05_cgi.t line 8.
# Looks like your test exited with 255 before it could output anything.
t/gantry/05_cgi.t .................. 
Dubious, test returned 255 (wstat 65280, 0xff00)
Failed 8/8 subtests 
syntax error at /home/cpansand/.cpan/build/2018032718/Bigtop-0.38-0/blib/lib/Bigtop/Parser.pm line 63, near "$keyword_type qw( app controller method )"
Global symbol "$keyword_type" requires explicit package name (did you forget to declare "my $keyword_type"?) at /home/cpansand/.cpan/build/2018032718/Bigtop-0.38-0/blib/lib/Bigtop/Parser.pm line 66.
BEGIN not safe after errors--compilation aborted at /home/cpansand/.cpan/build/2018032718/Bigtop-0.38-0/blib/lib/Bigtop/Parser.pm line 70.
Compilation failed in require at t/gantry/06_conf.t line 8.
BEGIN failed--compilation aborted at t/gantry/06_conf.t line 8.
# Looks like your test exited with 255 before it could output anything.
t/gantry/06_conf.t ................. 
Dubious, test returned 255 (wstat 65280, 0xff00)
Failed 3/3 subtests 
syntax error at /home/cpansand/.cpan/build/2018032718/Bigtop-0.38-0/blib/lib/Bigtop/Parser.pm line 63, near "$keyword_type qw( app controller method )"
Global symbol "$keyword_type" requires explicit package name (did you forget to declare "my $keyword_type"?) at /home/cpansand/.cpan/build/2018032718/Bigtop-0.38-0/blib/lib/Bigtop/Parser.pm line 66.
BEGIN not safe after errors--compilation aborted at /home/cpansand/.cpan/build/2018032718/Bigtop-0.38-0/blib/lib/Bigtop/Parser.pm line 70.
Compilation failed in require at t/gantry/07_base_cont.t line 11.
BEGIN failed--compilation aborted at t/gantry/07_base_cont.t line 11.
# Looks like your test exited with 255 before it could output anything.
t/gantry/07_base_cont.t ............ 
Dubious, test returned 255 (wstat 65280, 0xff00)
Failed 1/1 subtests 
syntax error at /home/cpansand/.cpan/build/2018032718/Bigtop-0.38-0/blib/lib/Bigtop/Parser.pm line 63, near "$keyword_type qw( app controller method )"
Global symbol "$keyword_type" requires explicit package name (did you forget to declare "my $keyword_type"?) at /home/cpansand/.cpan/build/2018032718/Bigtop-0.38-0/blib/lib/Bigtop/Parser.pm line 66.
BEGIN not safe after errors--compilation aborted at /home/cpansand/.cpan/build/2018032718/Bigtop-0.38-0/blib/lib/Bigtop/Parser.pm line 70.
Compilation failed in require at t/gantry/08_soap.t line 10.
BEGIN failed--compilation aborted at t/gantry/08_soap.t line 10.
# Looks like your test exited with 255 before it could output anything.
t/gantry/08_soap.t ................. 
Dubious, test returned 255 (wstat 65280, 0xff00)
Failed 2/2 subtests 
syntax error at /home/cpansand/.cpan/build/2018032718/Bigtop-0.38-0/blib/lib/Bigtop/Parser.pm line 63, near "$keyword_type qw( app controller method )"
Global symbol "$keyword_type" requires explicit package name (did you forget to declare "my $keyword_type"?) at /home/cpansand/.cpan/build/2018032718/Bigtop-0.38-0/blib/lib/Bigtop/Parser.pm line 66.
BEGIN not safe after errors--compilation aborted at /home/cpansand/.cpan/build/2018032718/Bigtop-0.38-0/blib/lib/Bigtop/Parser.pm line 70.
Compilation failed in require at t/gantry/09_crud.t line 8.
BEGIN failed--compilation aborted at t/gantry/09_crud.t line 8.
# Looks like your test exited with 255 before it could output anything.
t/gantry/09_crud.t ................. 
Dubious, test returned 255 (wstat 65280, 0xff00)
Failed 1/1 subtests 
syntax error at /home/cpansand/.cpan/build/2018032718/Bigtop-0.38-0/blib/lib/Bigtop/Parser.pm line 63, near "$keyword_type qw( app controller method )"
Global symbol "$keyword_type" requires explicit package name (did you forget to declare "my $keyword_type"?) at /home/cpansand/.cpan/build/2018032718/Bigtop-0.38-0/blib/lib/Bigtop/Parser.pm line 66.
BEGIN not safe after errors--compilation aborted at /home/cpansand/.cpan/build/2018032718/Bigtop-0.38-0/blib/lib/Bigtop/Parser.pm line 70.
Compilation failed in require at t/sitelook/01_tiny.t line 8.
BEGIN failed--compilation aborted at t/sitelook/01_tiny.t line 8.
# Looks like your test exited with 255 before it could output anything.
t/sitelook/01_tiny.t ............... 
Dubious, test returned 255 (wstat 65280, 0xff00)
Failed 2/2 subtests 
syntax error at /home/cpansand/.cpan/build/2018032718/Bigtop-0.38-0/blib/lib/Bigtop/Parser.pm line 63, near "$keyword_type qw( app controller method )"
Global symbol "$keyword_type" requires explicit package name (did you forget to declare "my $keyword_type"?) at /home/cpansand/.cpan/build/2018032718/Bigtop-0.38-0/blib/lib/Bigtop/Parser.pm line 66.
BEGIN not safe after errors--compilation aborted at /home/cpansand/.cpan/build/2018032718/Bigtop-0.38-0/blib/lib/Bigtop/Parser.pm line 70.
Compilation failed in require at t/dbixclass/01_dbixclass.t line 23.
BEGIN failed--compilation aborted at t/dbixclass/01_dbixclass.t line 23.
# Looks like your test exited with 255 before it could output anything.
t/dbixclass/01_dbixclass.t ......... 
Dubious, test returned 255 (wstat 65280, 0xff00)
Failed 3/3 subtests 
syntax error at /home/cpansand/.cpan/build/2018032718/Bigtop-0.38-0/blib/lib/Bigtop/Parser.pm line 63, near "$keyword_type qw( app controller method )"
Global symbol "$keyword_type" requires explicit package name (did you forget to declare "my $keyword_type"?) at /home/cpansand/.cpan/build/2018032718/Bigtop-0.38-0/blib/lib/Bigtop/Parser.pm line 66.
BEGIN not safe after errors--compilation aborted at /home/cpansand/.cpan/build/2018032718/Bigtop-0.38-0/blib/lib/Bigtop/Parser.pm line 70.
Compilation failed in require at t/dbixclass/02_one_model_base.t line 8.
BEGIN failed--compilation aborted at t/dbixclass/02_one_model_base.t line 8.
# Looks like your test exited with 255 before it could output anything.
t/dbixclass/02_one_model_base.t .... 
Dubious, test returned 255 (wstat 65280, 0xff00)
Failed 1/1 subtests 
syntax error at /home/cpansand/.cpan/build/2018032718/Bigtop-0.38-0/blib/lib/Bigtop/Parser.pm line 63, near "$keyword_type qw( app controller method )"
Global symbol "$keyword_type" requires explicit package name (did you forget to declare "my $keyword_type"?) at /home/cpansand/.cpan/build/2018032718/Bigtop-0.38-0/blib/lib/Bigtop/Parser.pm line 66.
BEGIN not safe after errors--compilation aborted at /home/cpansand/.cpan/build/2018032718/Bigtop-0.38-0/blib/lib/Bigtop/Parser.pm line 70.
Compilation failed in require at t/dbixclass/03_pk_stuff.t line 12.
BEGIN failed--compilation aborted at t/dbixclass/03_pk_stuff.t line 12.
# Looks like your test exited with 255 before it could output anything.
t/dbixclass/03_pk_stuff.t .......... 
Dubious, test returned 255 (wstat 65280, 0xff00)
Failed 1/1 subtests 
syntax error at /home/cpansand/.cpan/build/2018032718/Bigtop-0.38-0/blib/lib/Bigtop/Parser.pm line 63, near "$keyword_type qw( app controller method )"
Global symbol "$keyword_type" requires explicit package name (did you forget to declare "my $keyword_type"?) at /home/cpansand/.cpan/build/2018032718/Bigtop-0.38-0/blib/lib/Bigtop/Parser.pm line 66.
BEGIN not safe after errors--compilation aborted at /home/cpansand/.cpan/build/2018032718/Bigtop-0.38-0/blib/lib/Bigtop/Parser.pm line 70.
Compilation failed in require at t/cdbi/01_cdbisweet.t line 8.
BEGIN failed--compilation aborted at t/cdbi/01_cdbisweet.t line 8.
# Looks like your test exited with 255 before it could output anything.
t/cdbi/01_cdbisweet.t .............. 
Dubious, test returned 255 (wstat 65280, 0xff00)
Failed 1/1 subtests 
syntax error at /home/cpansand/.cpan/build/2018032718/Bigtop-0.38-0/blib/lib/Bigtop/Parser.pm line 63, near "$keyword_type qw( app controller method )"
Global symbol "$keyword_type" requires explicit package name (did you forget to declare "my $keyword_type"?) at /home/cpansand/.cpan/build/2018032718/Bigtop-0.38-0/blib/lib/Bigtop/Parser.pm line 66.
BEGIN not safe after errors--compilation aborted at /home/cpansand/.cpan/build/2018032718/Bigtop-0.38-0/blib/lib/Bigtop/Parser.pm line 70.
Compilation failed in require at t/cdbi/02_one_model_base.t line 8.
BEGIN failed--compilation aborted at t/cdbi/02_one_model_base.t line 8.
# Looks like your test exited with 255 before it could output anything.
t/cdbi/02_one_model_base.t ......... 
Dubious, test returned 255 (wstat 65280, 0xff00)
Failed 1/1 subtests 
syntax error at /home/cpansand/.cpan/build/2018032718/Bigtop-0.38-0/blib/lib/Bigtop/Parser.pm line 63, near "$keyword_type qw( app controller method )"
Global symbol "$keyword_type" requires explicit package name (did you forget to declare "my $keyword_type"?) at /home/cpansand/.cpan/build/2018032718/Bigtop-0.38-0/blib/lib/Bigtop/Parser.pm line 66.
BEGIN not safe after errors--compilation aborted at /home/cpansand/.cpan/build/2018032718/Bigtop-0.38-0/blib/lib/Bigtop/Parser.pm line 70.
Compilation failed in require at t/cdbi/03_pk_stuff.t line 12.
BEGIN failed--compilation aborted at t/cdbi/03_pk_stuff.t line 12.
# Looks like your test exited with 255 before it could output anything.
t/cdbi/03_pk_stuff.t ............... 
Dubious, test returned 255 (wstat 65280, 0xff00)
Failed 1/1 subtests 
syntax error at /home/cpansand/.cpan/build/2018032718/Bigtop-0.38-0/blib/lib/Bigtop/Parser.pm line 63, near "$keyword_type qw( app controller method )"
Global symbol "$keyword_type" requires explicit package name (did you forget to declare "my $keyword_type"?) at /home/cpansand/.cpan/build/2018032718/Bigtop-0.38-0/blib/lib/Bigtop/Parser.pm line 66.
BEGIN not safe after errors--compilation aborted at /home/cpansand/.cpan/build/2018032718/Bigtop-0.38-0/blib/lib/Bigtop/Parser.pm line 70.
Compilation failed in require at t/diagram/01_tiny.t line 5.
BEGIN failed--compilation aborted at t/diagram/01_tiny.t line 5.
# Looks like your test exited with 255 before it could output anything.
t/diagram/01_tiny.t ................ 
Dubious, test returned 255 (wstat 65280, 0xff00)
Failed 1/1 subtests 
t/cleanup/99_kill_inline.t ......... ok

Test Summary Report
-------------------
t/01_use.t                       (Wstat: 768 Tests: 12 Failed: 3)
  Failed tests:  2, 5, 11
  Non-zero exit status: 3
t/02_tiny.t                      (Wstat: 65280 Tests: 0 Failed: 0)
  Non-zero exit status: 255
  Parse errors: Bad plan.  You planned 3 tests but ran 0.
t/03_config.t                    (Wstat: 65280 Tests: 0 Failed: 0)
  Non-zero exit status: 255
  Parse errors: Bad plan.  You planned 1 tests but ran 0.
t/04_parse_errors.t              (Wstat: 65280 Tests: 0 Failed: 0)
  Non-zero exit status: 255
  Parse errors: Bad plan.  You planned 10 tests but ran 0.
t/05_lookuphash.t                (Wstat: 65280 Tests: 0 Failed: 0)
  Non-zero exit status: 255
  Parse errors: Bad plan.  You planned 1 tests but ran 0.
t/06_create_die.t                (Wstat: 65280 Tests: 0 Failed: 0)
  Non-zero exit status: 255
  Parse errors: Bad plan.  You planned 1 tests but ran 0.
t/07_deparse.t                   (Wstat: 65280 Tests: 0 Failed: 0)
  Non-zero exit status: 255
  Parse errors: Bad plan.  You planned 3 tests but ran 0.
t/scripthelp/01_shmodule.t       (Wstat: 65280 Tests: 0 Failed: 0)
  Non-zero exit status: 255
  Parse errors: Bad plan.  You planned 8 tests but ran 0.
t/tentmaker/01_use.t             (Wstat: 256 Tests: 1 Failed: 1)
  Failed test:  1
  Non-zero exit status: 1
t/tentmaker/02_top_levels.t      (Wstat: 65280 Tests: 0 Failed: 0)
  Non-zero exit status: 255
  Parse errors: Bad plan.  You planned 8 tests but ran 0.
t/tentmaker/03_app_config.t      (Wstat: 65280 Tests: 0 Failed: 0)
  Non-zero exit status: 255
  Parse errors: Bad plan.  You planned 4 tests but ran 0.
t/tentmaker/04_sql_blocks.t      (Wstat: 65280 Tests: 0 Failed: 0)
  Non-zero exit status: 255
  Parse errors: Bad plan.  You planned 28 tests but ran 0.
t/tentmaker/05_control_blocks.t  (Wstat: 65280 Tests: 0 Failed: 0)
  Non-zero exit status: 255
  Parse errors: Bad plan.  You planned 14 tests but ran 0.
t/tentmaker/06_literal_blocks.t  (Wstat: 65280 Tests: 0 Failed: 0)
  Non-zero exit status: 255
  Parse errors: Bad plan.  You planned 4 tests but ran 0.
t/tentmaker/07_dates.t           (Wstat: 65280 Tests: 0 Failed: 0)
  Non-zero exit status: 255
  Parse errors: Bad plan.  You planned 2 tests but ran 0.
t/tentmaker/08_save.t            (Wstat: 65280 Tests: 0 Failed: 0)
  Non-zero exit status: 255
  Parse errors: Bad plan.  You planned 2 tests but ran 0.
t/init/01_tiny.t                 (Wstat: 65280 Tests: 0 Failed: 0)
  Non-zero exit status: 255
  Parse errors: Bad plan.  You planned 3 tests but ran 0.
t/postgres/01_tiny.t             (Wstat: 65280 Tests: 0 Failed: 0)
  Non-zero exit status: 255
  Parse errors: Bad plan.  You planned 1 tests but ran 0.
t/postgres/02_external_template.t (Wstat: 65280 Tests: 0 Failed: 0)
  Non-zero exit status: 255
  Parse errors: Bad plan.  You planned 1 tests but ran 0.
t/postgres/03_gen.t              (Wstat: 65280 Tests: 0 Failed: 0)
  Non-zero exit status: 255
  Parse errors: Bad plan.  You planned 1 tests but ran 0.
t/postgres/04_config_template.t  (Wstat: 65280 Tests: 0 Failed: 0)
  Non-zero exit status: 255
  Parse errors: Bad plan.  You planned 1 tests but ran 0.
t/sqlite/01_tiny.t               (Wstat: 65280 Tests: 0 Failed: 0)
  Non-zero exit status: 255
  Parse errors: Bad plan.  You planned 1 tests but ran 0.
t/sqlite/02_external_template.t  (Wstat: 65280 Tests: 0 Failed: 0)
  Non-zero exit status: 255
  Parse errors: Bad plan.  You planned 1 tests but ran 0.
t/sqlite/03_gen.t                (Wstat: 65280 Tests: 0 Failed: 0)
  Non-zero exit status: 255
  Parse errors: Bad plan.  You planned 1 tests but ran 0.
t/sqlite/04_config_template.t    (Wstat: 65280 Tests: 0 Failed: 0)
  Non-zero exit status: 255
  Parse errors: Bad plan.  You planned 1 tests but ran 0.
t/mysql/01_tiny.t                (Wstat: 65280 Tests: 0 Failed: 0)
  Non-zero exit status: 255
  Parse errors: Bad plan.  You planned 1 tests but ran 0.
t/mysql/02_external_template.t   (Wstat: 65280 Tests: 0 Failed: 0)
  Non-zero exit status: 255
  Parse errors: Bad plan.  You planned 1 tests but ran 0.
t/mysql/03_gen.t                 (Wstat: 65280 Tests: 0 Failed: 0)
  Non-zero exit status: 255
  Parse errors: Bad plan.  You planned 1 tests but ran 0.
t/mysql/04_config_template.t     (Wstat: 65280 Tests: 0 Failed: 0)
  Non-zero exit status: 255
  Parse errors: Bad plan.  You planned 1 tests but ran 0.
t/db2/01_tiny.t                  (Wstat: 65280 Tests: 0 Failed: 0)
  Non-zero exit status: 255
  Parse errors: Bad plan.  You planned 1 tests but ran 0.
t/db2/02_external_template.t     (Wstat: 65280 Tests: 0 Failed: 0)
  Non-zero exit status: 255
  Parse errors: Bad plan.  You planned 1 tests but ran 0.
t/db2/03_gen.t                   (Wstat: 65280 Tests: 0 Failed: 0)
  Non-zero exit status: 255
  Parse errors: Bad plan.  You planned 1 tests but ran 0.
t/db2/04_config_template.t       (Wstat: 65280 Tests: 0 Failed: 0)
  Non-zero exit status: 255
  Parse errors: Bad plan.  You planned 1 tests but ran 0.
t/gantry/01_tiny.t               (Wstat: 65280 Tests: 0 Failed: 0)
  Non-zero exit status: 255
  Parse errors: Bad plan.  You planned 6 tests but ran 0.
t/gantry/02_controllers.t        (Wstat: 65280 Tests: 0 Failed: 0)
  Non-zero exit status: 255
  Parse errors: Bad plan.  You planned 4 tests but ran 0.
t/gantry/03_parse_errors.t       (Wstat: 65280 Tests: 0 Failed: 0)
  Non-zero exit status: 255
  Parse errors: Bad plan.  You planned 3 tests but ran 0.
t/gantry/04_no_gen.t             (Wstat: 65280 Tests: 0 Failed: 0)
  Non-zero exit status: 255
  Parse errors: Bad plan.  You planned 3 tests but ran 0.
t/gantry/05_cgi.t                (Wstat: 65280 Tests: 0 Failed: 0)
  Non-zero exit status: 255
  Parse errors: Bad plan.  You planned 8 tests but ran 0.
t/gantry/06_conf.t               (Wstat: 65280 Tests: 0 Failed: 0)
  Non-zero exit status: 255
  Parse errors: Bad plan.  You planned 3 tests but ran 0.
t/gantry/07_base_cont.t          (Wstat: 65280 Tests: 0 Failed: 0)
  Non-zero exit status: 255
  Parse errors: Bad plan.  You planned 1 tests but ran 0.
t/gantry/08_soap.t               (Wstat: 65280 Tests: 0 Failed: 0)
  Non-zero exit status: 255
  Parse errors: Bad plan.  You planned 2 tests but ran 0.
t/gantry/09_crud.t               (Wstat: 65280 Tests: 0 Failed: 0)
  Non-zero exit status: 255
  Parse errors: Bad plan.  You planned 1 tests but ran 0.
t/sitelook/01_tiny.t             (Wstat: 65280 Tests: 0 Failed: 0)
  Non-zero exit status: 255
  Parse errors: Bad plan.  You planned 2 tests but ran 0.
t/dbixclass/01_dbixclass.t       (Wstat: 65280 Tests: 0 Failed: 0)
  Non-zero exit status: 255
  Parse errors: Bad plan.  You planned 3 tests but ran 0.
t/dbixclass/02_one_model_base.t  (Wstat: 65280 Tests: 0 Failed: 0)
  Non-zero exit status: 255
  Parse errors: Bad plan.  You planned 1 tests but ran 0.
t/dbixclass/03_pk_stuff.t        (Wstat: 65280 Tests: 0 Failed: 0)
  Non-zero exit status: 255
  Parse errors: Bad plan.  You planned 1 tests but ran 0.
t/cdbi/01_cdbisweet.t            (Wstat: 65280 Tests: 0 Failed: 0)
  Non-zero exit status: 255
  Parse errors: Bad plan.  You planned 1 tests but ran 0.
t/cdbi/02_one_model_base.t       (Wstat: 65280 Tests: 0 Failed: 0)
  Non-zero exit status: 255
  Parse errors: Bad plan.  You planned 1 tests but ran 0.
t/cdbi/03_pk_stuff.t             (Wstat: 65280 Tests: 0 Failed: 0)
  Non-zero exit status: 255
  Parse errors: Bad plan.  You planned 1 tests but ran 0.
t/diagram/01_tiny.t              (Wstat: 65280 Tests: 0 Failed: 0)
  Non-zero exit status: 255
  Parse errors: Bad plan.  You planned 1 tests but ran 0.
Files=56, Tests=20,  7 wallclock secs ( 0.09 usr  0.30 sys +  4.74 cusr  0.94 csys =  6.07 CPU)
Result: FAIL
Failed 50/56 test programs. 4/20 subtests failed.

------------------------------
PREREQUISITES
------------------------------

Prerequisite modules loaded:

requires:

    Module               Need Have    
    -------------------- ---- --------
    Config::General      0    2.63    
    DBIx::Class          0    0.082841
    File::HomeDir        0    1.002   
    Gantry               3.48 3.64    
    HTTP::Server::Simple 0.27 0.52    
    Inline               0.4  0.80    
    Inline::TT           0.06 0.07    
    IO::Prompt           0    0.997004
    JSON                 0    2.97001 
    Parse::RecDescent    0    1.967015
    Template             2    2.27    

build_requires:

    Module               Need Have    
    -------------------- ---- --------
    Test                 0    1.28_01 
    Test::Files          0.13 0.14    
    Test::More           0    1.302133
    Test::Warn           0    0.32    


------------------------------
ENVIRONMENT AND OTHER CONTEXT
------------------------------

Environment variables:

    LANG = en_US.UTF-8
    LC_ALL = de_DE.UTF-8
    PATH = /usr/local/bin:/usr/bin:/bin:/usr/local/sbin:/usr/sbin:/sbin:/home/cpansand/bin/linux-gnu:/home/cpansand/bin/sh:/home/cpansand/bin:/usr/games:/home/cpansand/devel:/home/eserte/src/srezic-misc/scripts
    PERL5LIB = 
    PERL5OPT = 
    PERL5_CPANPLUS_IS_RUNNING = 10016
    PERL5_CPAN_IS_RUNNING = 10016
    PERL5_CPAN_IS_RUNNING_IN_RECURSION = 29921,10016
    PERLDOC = -MPod::Perldoc::ToTextOverstrike
    PERL_BATCH = yes
    PERL_CANARY_STABILITY_NOPROMPT = 1
    PERL_CPAN_REPORTER_CONFIG = /var/tmp/cpansmoker-1023/2018032715/cpanreporter_000_config.ini
    PERL_EXTUTILS_AUTOINSTALL = --defaultdeps
    PERL_PARALLEL_SMOKER = yes
    SHELL = /usr/bin/zsh
    TERM = screen
    TMPDIR = /var/tmp/cpansmoker-1023/2018032715

Perl special variables (and OS-specific diagnostics, for MSWin32):

    $^X = /opt/perl-5.24.4-RC1/bin/perl
    $UID/$EUID = 1023 / 1023
    $GID = 1023 1023
    $EGID = 1023 1023

Perl module toolchain versions installed:

    Module              Have    
    ------------------- --------
    CPAN                2.16    
    CPAN::Meta          2.150010
    Cwd                 3.74    
    ExtUtils::CBuilder  0.280230
    ExtUtils::Command   7.34    
    ExtUtils::Install   2.14    
    ExtUtils::MakeMaker 7.34    
    ExtUtils::Manifest  1.70    
    ExtUtils::ParseXS   3.35    
    File::Spec          3.74    
    JSON                2.97001 
    JSON::PP            2.97001 
    Module::Build       0.4224  
    Module::Signature   0.81    
    Parse::CPAN::Meta   2.150010
    Test::Harness       3.42    
    Test::More          1.302133
    YAML                1.24    
    YAML::Syck          1.30    
    version             0.9918  


--

Summary of my perl5 (revision 5 version 24 subversion 4) configuration:
   
  Platform:
    osname=linux, osvers=4.4.0-116-generic, archname=x86_64-linux
    uname='linux ubuntu16 4.4.0-116-generic #140-ubuntu smp mon feb 12 21:23:04 utc 2018 x86_64 x86_64 x86_64 gnulinux '
    config_args='-ds -e -Dprefix=/opt/perl-5.24.4-RC1 -Dcf_email=srezic@cpan.org'
    hint=recommended, useposix=true, d_sigaction=define
    useithreads=undef, usemultiplicity=undef
    use64bitint=define, use64bitall=define, uselongdouble=undef
    usemymalloc=n, bincompat5005=undef
  Compiler:
    cc='cc', ccflags ='-fwrapv -fno-strict-aliasing -pipe -fstack-protector-strong -I/usr/local/include -D_LARGEFILE_SOURCE -D_FILE_OFFSET_BITS=64',
    optimize='-O2',
    cppflags='-fwrapv -fno-strict-aliasing -pipe -fstack-protector-strong -I/usr/local/include'
    ccversion='', gccversion='5.4.0 20160609', gccosandvers=''
    intsize=4, longsize=8, ptrsize=8, doublesize=8, byteorder=12345678, doublekind=3
    d_longlong=define, longlongsize=8, d_longdbl=define, longdblsize=16, longdblkind=3
    ivtype='long', ivsize=8, nvtype='double', nvsize=8, Off_t='off_t', lseeksize=8
    alignbytes=8, prototype=define
  Linker and Libraries:
    ld='cc', ldflags =' -fstack-protector-strong -L/usr/local/lib'
    libpth=/usr/local/lib /usr/lib/gcc/x86_64-linux-gnu/5/include-fixed /usr/include/x86_64-linux-gnu /usr/lib /lib/x86_64-linux-gnu /lib/../lib /usr/lib/x86_64-linux-gnu /usr/lib/../lib /lib
    libs=-lpthread -lnsl -lgdbm -ldb -ldl -lm -lcrypt -lutil -lc -lgdbm_compat
    perllibs=-lpthread -lnsl -ldl -lm -lcrypt -lutil -lc
    libc=libc-2.23.so, so=so, useshrplib=false, libperl=libperl.a
    gnulibc_version='2.23'
  Dynamic Linking:
    dlsrc=dl_dlopen.xs, dlext=so, d_dlsymun=undef, ccdlflags='-Wl,-E'
    cccdlflags='-fPIC', lddlflags='-shared -O2 -L/usr/local/lib -fstack-protector-strong'


Characteristics of this binary (from libperl): 
  Compile-time options: HAS_TIMES PERLIO_LAYERS PERL_COPY_ON_WRITE
                        PERL_DONT_CREATE_GVSV
                        PERL_HASH_FUNC_ONE_AT_A_TIME_HARD PERL_MALLOC_WRAP
                        PERL_PRESERVE_IVUV USE_64_BIT_ALL USE_64_BIT_INT
                        USE_LARGE_FILES USE_LOCALE USE_LOCALE_COLLATE
                        USE_LOCALE_CTYPE USE_LOCALE_NUMERIC USE_LOCALE_TIME
                        USE_PERLIO USE_PERL_ATOF
  Locally applied patches:
	RC1
  Built under linux
  Compiled at Mar 24 2018 19:56:23
  %ENV:
    PERL5LIB=""
    PERL5OPT=""
    PERL5_CPANPLUS_IS_RUNNING="10016"
    PERL5_CPAN_IS_RUNNING="10016"
    PERL5_CPAN_IS_RUNNING_IN_RECURSION="29921,10016"
    PERLDOC="-MPod::Perldoc::ToTextOverstrike"
    PERL_BATCH="yes"
    PERL_CANARY_STABILITY_NOPROMPT="1"
    PERL_CPAN_REPORTER_CONFIG="/var/tmp/cpansmoker-1023/2018032715/cpanreporter_000_config.ini"
    PERL_EXTUTILS_AUTOINSTALL="--defaultdeps"
    PERL_PARALLEL_SMOKER="yes"
  @INC:
    /opt/perl-5.24.4-RC1/lib/site_perl/5.24.4/x86_64-linux
    /opt/perl-5.24.4-RC1/lib/site_perl/5.24.4
    /opt/perl-5.24.4-RC1/lib/5.24.4/x86_64-linux
    /opt/perl-5.24.4-RC1/lib/5.24.4
    .