ETL-Yertl v0.044 Perl 5 v5.28.2 MSWin32-x86-multi-thread-64int

Status
Fail
From
Alexandr Ciornii (CHORNY)
Dist
ETL-Yertl v0.044
Platform
Perl 5 v5.28.2 MSWin32-x86-multi-thread-64int
Date
2020-07-28 08:29:20
ID
ccac837f-6bf4-1014-ab8f-9b240878661c
This distribution has been tested as part of the CPAN Testers
project, supporting the Perl programming language.  See
http://wiki.cpantesters.org/ for more information or email
questions to cpan-testers-discuss@perl.org


--
Dear Doug Bell,

This is a computer-generated report for ETL-Yertl-0.044
on perl 5.28.2, created by CPAN-Reporter-1.2018.

Thank you for uploading your work to CPAN.  However, there was a problem
testing your distribution.

If you think this report is invalid, please consult the CPAN Testers Wiki
for suggestions on how to avoid getting FAIL reports for missing library
or binary dependencies, unsupported operating systems, and so on:

http://wiki.cpantesters.org/wiki/CPANAuthorNotes

Sections of this report:

    * Tester comments
    * Program output
    * Prerequisites
    * Environment and other context

------------------------------
TESTER COMMENTS
------------------------------

Additional comments from tester:

this report is from an automated smoke testing program
and was not reviewed by a human for accuracy

------------------------------
PROGRAM OUTPUT
------------------------------

Output from 'C:\STRAWB~1\c\bin\gmake.exe test':

"C:\Strawberry282\perl\bin\perl.exe" "-MExtUtils::Command::MM" "-MTest::Harness" "-e" "undef *Test::Harness::Switches; test_harness(0, 'blib\lib', 'blib\arch')" t/*.t t/adapter/*.t t/bin/*.t t/command/ygrok/*.t t/command/ygrok/pattern/*.t t/command/yq/*.t t/format/*.t t/integration/*.t
t/00-compile.t ........................... ok
# 
# Versions for all modules listed in MYMETA.json (including optional ones):
# 
# === Configure Requires ===
# 
#     Module              Want Have
#     ------------------- ---- ----
#     ExtUtils::MakeMaker  any 7.34
# 
# === Build Requires ===
# 
#     Module              Want Have
#     ------------------- ---- ----
#     ExtUtils::MakeMaker  any 7.34
# 
# === Test Requires ===
# 
#     Module                  Want     Have
#     ------------------- -------- --------
#     Capture::Tiny            any     0.48
#     Dir::Self                any     0.11
#     ExtUtils::MakeMaker      any     7.34
#     File::Spec               any     3.75
#     Future                   any     0.39
#     IO::Handle               any     1.39
#     IPC::Open3               any     1.20
#     JSON::PP                 any     4.02
#     Mock::MonkeyPatch        any     0.04
#     Test::Deep               any    1.128
#     Test::Differences        any     0.67
#     Test::Exception          any     0.43
#     Test::Lib                any    0.002
#     Test::More          1.001005 1.302162
# 
# === Test Recommends ===
# 
#     Module         Want     Have
#     ---------- -------- --------
#     CPAN::Meta 2.120900 2.150010
# 
# === Runtime Requires ===
# 
#     Module                    Want       Have
#     ------------------- ---------- ----------
#     File::HomeDir              any      1.004
#     File::Spec                 any       3.75
#     Getopt::Long              2.36        2.5
#     Hash::Merge::Simple        any      0.051
#     IO::Async                 0.77       0.77
#     IO::Interactive            any      1.022
#     Import::Base             0.010      1.004
#     JSON::MaybeXS              any   1.004000
#     List::Util                 any       1.50
#     Module::Runtime            any      0.016
#     Net::Async::HTTP           any       0.47
#     Path::Tiny               0.072      0.108
#     Pod::Usage::Return         any      0.003
#     Regexp::Common      2013031301 2017060201
#     SQL::Abstract              any       1.86
#     Time::Local                any       1.28
#     Time::Piece                any       1.33
#     URI                        any       1.76
#     YAML::Tiny                 any       1.73
#     boolean                    any       0.46
# 
# === Runtime Recommends ===
# 
#     Module       Want  Have
#     ------------ ---- -----
#     DBD::SQLite   any  1.62
#     DBI           any 1.642
#     JSON::PP      any  4.02
#     JSON::XS      any  4.02
#     Text::CSV     any  1.99
#     Text::CSV_XS  any  1.39
#     YAML::Syck    any  1.31
#     YAML::XS      any  0.77
# 
t/00-report-prereqs.t .................... ok
t/adapter/graphite.t ..................... ok
t/adapter/influxdb.t ..................... ok
        # No tests run!

    #   Failed test 'No tests run for subtest "filename"'
    #   at t/bin/yfrom.t line 37.
    # Looks like you failed 1 test of 1.

#   Failed test 'JSON -> DOC'
#   at t/bin/yfrom.t line 46.
Your vendor has not defined Fcntl macro F_GETFL, used at C:\STRAWB~1\cpan\build\ETL-Yertl-0.044-0\blib\lib/ETL/Yertl/FormatStream.pm line 65
# Tests were run but no plan was declared and done_testing() was not seen.
# Looks like your test exited with 255 just after 2.
t/bin/yfrom.t ............................ 
Dubious, test returned 255 (wstat 65280, 0xff00)
Failed 1/2 subtests 

        #   Failed test 'exit 0'
        #   at t/bin/ygrok.t line 26.
        #          got: '2'
        #     expected: '0'

        #   Failed test 'nothing on stderr'
        #   at t/bin/ygrok.t line 27.
        # ERROR: Your vendor has not defined Fcntl macro F_GETFL, used at C:\STRAWB~1\cpan\build\ETL-Yertl-0.044-0\blib\lib/ETL/Yertl/FormatStream.pm line 65
        # 
        # Usage:
        #         ygrok [-l|--loose] <pattern> [<file>...]
        #         ygrok --pattern [<pattern_name> [<pattern>]]
        #         yfrom -h|--help|--version
        # 

        #   Failed test at t/bin/ygrok.t line 29.
        # Compared array length of $data
        #    got : array with 0 element(s)
        # expect : array with 3 element(s)
        # []
        # Looks like you failed 3 tests of 3.

    #   Failed test 'filename'
    #   at t/bin/ygrok.t line 30.

        #   Failed test 'exit 0'
        #   at t/bin/ygrok.t line 35.
        #          got: '2'
        #     expected: '0'

        #   Failed test 'nothing on stderr'
        #   at t/bin/ygrok.t line 36.
        # ERROR: Your vendor has not defined Fcntl macro F_GETFL, used at C:\STRAWB~1\cpan\build\ETL-Yertl-0.044-0\blib\lib/ETL/Yertl/FormatStream.pm line 65
        # 
        # Usage:
        #         ygrok [-l|--loose] <pattern> [<file>...]
        #         ygrok --pattern [<pattern_name> [<pattern>]]
        #         yfrom -h|--help|--version
        # 

        #   Failed test at t/bin/ygrok.t line 38.
        # Compared array length of $data
        #    got : array with 0 element(s)
        # expect : array with 3 element(s)
        # []
        # Looks like you failed 3 tests of 3.

    #   Failed test 'stdin'
    #   at t/bin/ygrok.t line 39.

            #   Failed test 'exit 0'
            #   at t/bin/ygrok.t line 26.
            #          got: '2'
            #     expected: '0'

            #   Failed test 'nothing on stderr'
            #   at t/bin/ygrok.t line 27.
            # ERROR: Your vendor has not defined Fcntl macro F_GETFL, used at C:\STRAWB~1\cpan\build\ETL-Yertl-0.044-0\blib\lib/ETL/Yertl/FormatStream.pm line 65
            # 
            # Usage:
            #         ygrok [-l|--loose] <pattern> [<file>...]
            #         ygrok --pattern [<pattern_name> [<pattern>]]
            #         yfrom -h|--help|--version
            # 

            #   Failed test at t/bin/ygrok.t line 29.
            # Compared array length of $data
            #    got : array with 0 element(s)
            # expect : array with 3 element(s)
            # []
            # Looks like you failed 3 tests of 3.

        #   Failed test 'filename'
        #   at t/bin/ygrok.t line 30.

            #   Failed test 'exit 0'
            #   at t/bin/ygrok.t line 35.
            #          got: '2'
            #     expected: '0'

            #   Failed test 'nothing on stderr'
            #   at t/bin/ygrok.t line 36.
            # ERROR: Your vendor has not defined Fcntl macro F_GETFL, used at C:\STRAWB~1\cpan\build\ETL-Yertl-0.044-0\blib\lib/ETL/Yertl/FormatStream.pm line 65
            # 
            # Usage:
            #         ygrok [-l|--loose] <pattern> [<file>...]
            #         ygrok --pattern [<pattern_name> [<pattern>]]
            #         yfrom -h|--help|--version
            # 

            #   Failed test at t/bin/ygrok.t line 38.
            # Compared array length of $data
            #    got : array with 0 element(s)
            # expect : array with 3 element(s)
            # []
            # Looks like you failed 3 tests of 3.

        #   Failed test 'stdin'
        #   at t/bin/ygrok.t line 39.
        # Looks like you failed 2 tests of 2.

    #   Failed test 'loose parsing'
    #   at t/bin/ygrok.t line 84.
    # Looks like you failed 3 tests of 3.

#   Failed test 'parse lines'
#   at t/bin/ygrok.t line 85.
# Looks like you failed 1 test of 2.
t/bin/ygrok.t ............................ 
Dubious, test returned 1 (wstat 256, 0x100)
Failed 1/2 subtests 
    # No tests run!

#   Failed test 'No tests run for subtest "empty does not print"'
#   at t/bin/yq.t line 36.
Your vendor has not defined Fcntl macro F_GETFL, used at C:\STRAWB~1\cpan\build\ETL-Yertl-0.044-0\blib\lib/ETL/Yertl/FormatStream.pm line 65
# Tests were run but no plan was declared and done_testing() was not seen.
# Looks like your test exited with 255 just after 3.
t/bin/yq.t ............................... 
Dubious, test returned 255 (wstat 65280, 0xff00)
Failed 1/3 subtests 
cannot unlink file for C:\DOCUME~1\a\LOCALS~1\Temp\YvAAh1N6mX\test.db: Permission denied at C:/Strawberry282/perl/lib/File/Temp.pm line 2628.
cannot remove directory for C:\DOCUME~1\a\LOCALS~1\Temp\YvAAh1N6mX: Directory not empty at C:/Strawberry282/perl/lib/File/Temp.pm line 2628.
cannot unlink file for C:\DOCUME~1\a\LOCALS~1\Temp\kxNIqt9d74\test.db: Permission denied at C:/Strawberry282/perl/lib/File/Temp.pm line 2628.
cannot remove directory for C:\DOCUME~1\a\LOCALS~1\Temp\kxNIqt9d74: Directory not empty at C:/Strawberry282/perl/lib/File/Temp.pm line 2628.
cannot unlink file for C:\DOCUME~1\a\LOCALS~1\Temp\YHARKP63OU\test.db: Permission denied at C:/Strawberry282/perl/lib/File/Temp.pm line 2628.
cannot remove directory for C:\DOCUME~1\a\LOCALS~1\Temp\YHARKP63OU: Directory not empty at C:/Strawberry282/perl/lib/File/Temp.pm line 2628.
cannot unlink file for C:\DOCUME~1\a\LOCALS~1\Temp\XZG4xLbhYe\test.db: Permission denied at C:/Strawberry282/perl/lib/File/Temp.pm line 2628.
cannot remove directory for C:\DOCUME~1\a\LOCALS~1\Temp\XZG4xLbhYe: Directory not empty at C:/Strawberry282/perl/lib/File/Temp.pm line 2628.
cannot unlink file for C:\DOCUME~1\a\LOCALS~1\Temp\7MYYp8vMW7\test.db: Permission denied at C:/Strawberry282/perl/lib/File/Temp.pm line 2628.
cannot remove directory for C:\DOCUME~1\a\LOCALS~1\Temp\7MYYp8vMW7: Directory not empty at C:/Strawberry282/perl/lib/File/Temp.pm line 2628.
t/bin/ysql.t ............................. ok
        # No tests run!

    #   Failed test 'No tests run for subtest "filename"'
    #   at t/bin/yto.t line 33.
    # Looks like you failed 1 test of 1.

#   Failed test 'DOC -> JSON'
#   at t/bin/yto.t line 44.
Your vendor has not defined Fcntl macro F_GETFL, used at C:\STRAWB~1\cpan\build\ETL-Yertl-0.044-0\blib\lib/ETL/Yertl/FormatStream.pm line 65
# Tests were run but no plan was declared and done_testing() was not seen.
# Looks like your test exited with 255 just after 2.
t/bin/yto.t .............................. 
Dubious, test returned 255 (wstat 65280, 0xff00)
Failed 1/2 subtests 
t/bin/yts.t .............................. ok
            # No tests run!

        #   Failed test 'No tests run for subtest "filename"'
        #   at t/command/ygrok/edit_patterns.t line 20.
        # Looks like you failed 1 test of 1.

    #   Failed test 'use pattern'
    #   at t/command/ygrok/edit_patterns.t line 72.
    # Looks like you failed 1 test of 2.

#   Failed test 'plain pattern'
#   at t/command/ygrok/edit_patterns.t line 95.
Your vendor has not defined Fcntl macro F_GETFL, used at C:\STRAWB~1\cpan\build\ETL-Yertl-0.044-0\blib\lib/ETL/Yertl/FormatStream.pm line 65
# Tests were run but no plan was declared and done_testing() was not seen.
# Looks like your test exited with 255 just after 1.
t/command/ygrok/edit_patterns.t .......... 
Dubious, test returned 255 (wstat 65280, 0xff00)
Failed 1/1 subtests 
        # No tests run!

    #   Failed test 'No tests run for subtest "filename"'
    #   at t/command/ygrok/pattern/http_combined.t line 20.
    # Looks like you failed 1 test of 1.

#   Failed test 'http combined log format'
#   at t/command/ygrok/pattern/http_combined.t line 114.
Your vendor has not defined Fcntl macro F_GETFL, used at C:\STRAWB~1\cpan\build\ETL-Yertl-0.044-0\blib\lib/ETL/Yertl/FormatStream.pm line 65
# Tests were run but no plan was declared and done_testing() was not seen.
# Looks like your test exited with 255 just after 1.
t/command/ygrok/pattern/http_combined.t .. 
Dubious, test returned 255 (wstat 65280, 0xff00)
Failed 1/1 subtests 
        # No tests run!

    #   Failed test 'No tests run for subtest "filename"'
    #   at t/command/ygrok/pattern/http_common.t line 20.
    # Looks like you failed 1 test of 1.

#   Failed test 'http common log format'
#   at t/command/ygrok/pattern/http_common.t line 106.
Your vendor has not defined Fcntl macro F_GETFL, used at C:\STRAWB~1\cpan\build\ETL-Yertl-0.044-0\blib\lib/ETL/Yertl/FormatStream.pm line 65
# Tests were run but no plan was declared and done_testing() was not seen.
# Looks like your test exited with 255 just after 1.
t/command/ygrok/pattern/http_common.t .... 
Dubious, test returned 255 (wstat 65280, 0xff00)
Failed 1/1 subtests 
        # No tests run!

    #   Failed test 'No tests run for subtest "filename"'
    #   at t/command/ygrok/pattern/linux_proc.t line 20.
    # Looks like you failed 1 test of 1.

#   Failed test '/proc/loadavg'
#   at t/command/ygrok/pattern/linux_proc.t line 51.
Your vendor has not defined Fcntl macro F_GETFL, used at C:\STRAWB~1\cpan\build\ETL-Yertl-0.044-0\blib\lib/ETL/Yertl/FormatStream.pm line 65
# Tests were run but no plan was declared and done_testing() was not seen.
# Looks like your test exited with 255 just after 1.
t/command/ygrok/pattern/linux_proc.t ..... 
Dubious, test returned 255 (wstat 65280, 0xff00)
Failed 1/1 subtests 
        # No tests run!

    #   Failed test 'No tests run for subtest "filename"'
    #   at t/command/ygrok/pattern/ls-l.t line 20.
    # Looks like you failed 1 test of 1.

#   Failed test 'ls -l'
#   at t/command/ygrok/pattern/ls-l.t line 87.
Your vendor has not defined Fcntl macro F_GETFL, used at C:\STRAWB~1\cpan\build\ETL-Yertl-0.044-0\blib\lib/ETL/Yertl/FormatStream.pm line 65
# Tests were run but no plan was declared and done_testing() was not seen.
# Looks like your test exited with 255 just after 1.
t/command/ygrok/pattern/ls-l.t ........... 
Dubious, test returned 255 (wstat 65280, 0xff00)
Failed 1/1 subtests 
            # No tests run!

        #   Failed test 'No tests run for subtest "filename"'
        #   at t/command/ygrok/pattern/ps-u.t line 20.
        # Looks like you failed 1 test of 1.

    #   Failed test 'Mac OSX'
    #   at t/command/ygrok/pattern/ps-u.t line 82.
    # Looks like you failed 1 test of 1.

#   Failed test 'ps -u'
#   at t/command/ygrok/pattern/ps-u.t line 152.
Your vendor has not defined Fcntl macro F_GETFL, used at C:\STRAWB~1\cpan\build\ETL-Yertl-0.044-0\blib\lib/ETL/Yertl/FormatStream.pm line 65
# Tests were run but no plan was declared and done_testing() was not seen.
# Looks like your test exited with 255 just after 1.
t/command/ygrok/pattern/ps-u.t ........... 
Dubious, test returned 255 (wstat 65280, 0xff00)
Failed 1/1 subtests 
            # No tests run!

        #   Failed test 'No tests run for subtest "filename"'
        #   at t/command/ygrok/pattern/ps-x.t line 20.
        # Looks like you failed 1 test of 1.

    #   Failed test 'Mac OSX'
    #   at t/command/ygrok/pattern/ps-x.t line 71.
    # Looks like you failed 1 test of 1.

#   Failed test 'ps -x'
#   at t/command/ygrok/pattern/ps-x.t line 125.
Your vendor has not defined Fcntl macro F_GETFL, used at C:\STRAWB~1\cpan\build\ETL-Yertl-0.044-0\blib\lib/ETL/Yertl/FormatStream.pm line 65
# Tests were run but no plan was declared and done_testing() was not seen.
# Looks like your test exited with 255 just after 1.
t/command/ygrok/pattern/ps-x.t ........... 
Dubious, test returned 255 (wstat 65280, 0xff00)
Failed 1/1 subtests 
            # No tests run!

        #   Failed test 'No tests run for subtest "filename"'
        #   at t/command/ygrok/pattern/ps.t line 20.
        # Looks like you failed 1 test of 1.

    #   Failed test 'Mac OSX'
    #   at t/command/ygrok/pattern/ps.t line 62.
    # Looks like you failed 1 test of 1.

#   Failed test 'ps'
#   at t/command/ygrok/pattern/ps.t line 108.
Your vendor has not defined Fcntl macro F_GETFL, used at C:\STRAWB~1\cpan\build\ETL-Yertl-0.044-0\blib\lib/ETL/Yertl/FormatStream.pm line 65
# Tests were run but no plan was declared and done_testing() was not seen.
# Looks like your test exited with 255 just after 1.
t/command/ygrok/pattern/ps.t ............. 
Dubious, test returned 255 (wstat 65280, 0xff00)
Failed 1/1 subtests 
        # No tests run!

    #   Failed test 'No tests run for subtest "filename"'
    #   at t/command/ygrok/pattern/syslog.t line 20.
    # Looks like you failed 1 test of 1.

#   Failed test 'syslog'
#   at t/command/ygrok/pattern/syslog.t line 77.
Your vendor has not defined Fcntl macro F_GETFL, used at C:\STRAWB~1\cpan\build\ETL-Yertl-0.044-0\blib\lib/ETL/Yertl/FormatStream.pm line 65
# Tests were run but no plan was declared and done_testing() was not seen.
# Looks like your test exited with 255 just after 1.
t/command/ygrok/pattern/syslog.t ......... 
Dubious, test returned 255 (wstat 65280, 0xff00)
Failed 1/1 subtests 
t/command/yq/combinator.t ................ ok
t/command/yq/comparison.t ................ ok
t/command/yq/conditional.t ............... ok
t/command/yq/filter.t .................... ok
t/command/yq/functions.t ................. ok
t/command/yq/regression.t ................ ok
t/command/yq/values.t .................... ok
t/format.t ............................... ok
t/format/csv.t ........................... ok
Prototype mismatch: sub main::decode_json ($) vs none at C:/Strawberry282/perl/lib/Exporter.pm line 66.
 at (eval 88) line 1.
t/format/json.t .......................... ok
t/format/yaml.t .......................... ok
        # No tests run!

    #   Failed test 'No tests run for subtest "write_handle and write()"'
    #   at t/format_stream.t line 60.
    # Looks like you failed 1 test of 2.

#   Failed test 'default format'
#   at t/format_stream.t line 63.
Your vendor has not defined Fcntl macro F_GETFL, used at C:\STRAWB~1\cpan\build\ETL-Yertl-0.044-0\blib\lib/ETL/Yertl/FormatStream.pm line 65
# Tests were run but no plan was declared and done_testing() was not seen.
# Looks like your test exited with 255 just after 1.
t/format_stream.t ........................ 
Dubious, test returned 255 (wstat 65280, 0xff00)
Failed 1/1 subtests 
    # No tests run!

#   Failed test 'No tests run for subtest "stdout"'
#   at t/helpers.t line 70.
Your vendor has not defined Fcntl macro F_GETFL, used at C:\STRAWB~1\cpan\build\ETL-Yertl-0.044-0\blib\lib/ETL/Yertl/FormatStream.pm line 65
# Tests were run but no plan was declared and done_testing() was not seen.
# Looks like your test exited with 255 just after 4.
t/helpers.t .............................. 
Dubious, test returned 255 (wstat 65280, 0xff00)
Failed 1/4 subtests 
t/input_series.t ......................... ok
    # No tests run!

#   Failed test 'No tests run for subtest "1: parse apache log with ygrok"'
#   at t/integration/parse_apache_log.t line 57.
Your vendor has not defined Fcntl macro F_GETFL, used at C:\STRAWB~1\cpan\build\ETL-Yertl-0.044-0\blib\lib/ETL/Yertl/FormatStream.pm line 65
# Tests were run but no plan was declared and done_testing() was not seen.
# Looks like your test exited with 255 just after 1.
t/integration/parse_apache_log.t ......... 
Dubious, test returned 255 (wstat 65280, 0xff00)
Failed 1/1 subtests 
    # No tests run!

#   Failed test 'No tests run for subtest "transform with output"'
#   at t/transform.t line 105.
Your vendor has not defined Fcntl macro F_GETFL, used at C:\STRAWB~1\cpan\build\ETL-Yertl-0.044-0\blib\lib/ETL/Yertl/FormatStream.pm line 65
# Tests were run but no plan was declared and done_testing() was not seen.
# Looks like your test exited with 255 just after 3.
t/transform.t ............................ 
Dubious, test returned 255 (wstat 65280, 0xff00)
Failed 1/3 subtests 

Test Summary Report
-------------------
t/bin/yfrom.t                          (Wstat: 65280 Tests: 2 Failed: 1)
  Failed test:  2
  Non-zero exit status: 255
  Parse errors: No plan found in TAP output
t/bin/ygrok.t                          (Wstat: 256 Tests: 2 Failed: 1)
  Failed test:  2
  Non-zero exit status: 1
t/bin/yq.t                             (Wstat: 65280 Tests: 3 Failed: 1)
  Failed test:  3
  Non-zero exit status: 255
  Parse errors: No plan found in TAP output
t/bin/yto.t                            (Wstat: 65280 Tests: 2 Failed: 1)
  Failed test:  2
  Non-zero exit status: 255
  Parse errors: No plan found in TAP output
t/command/ygrok/edit_patterns.t        (Wstat: 65280 Tests: 1 Failed: 1)
  Failed test:  1
  Non-zero exit status: 255
  Parse errors: No plan found in TAP output
t/command/ygrok/pattern/http_combined.t (Wstat: 65280 Tests: 1 Failed: 1)
  Failed test:  1
  Non-zero exit status: 255
  Parse errors: No plan found in TAP output
t/command/ygrok/pattern/http_common.t  (Wstat: 65280 Tests: 1 Failed: 1)
  Failed test:  1
  Non-zero exit status: 255
  Parse errors: No plan found in TAP output
t/command/ygrok/pattern/linux_proc.t   (Wstat: 65280 Tests: 1 Failed: 1)
  Failed test:  1
  Non-zero exit status: 255
  Parse errors: No plan found in TAP output
t/command/ygrok/pattern/ls-l.t         (Wstat: 65280 Tests: 1 Failed: 1)
  Failed test:  1
  Non-zero exit status: 255
  Parse errors: No plan found in TAP output
t/command/ygrok/pattern/ps-u.t         (Wstat: 65280 Tests: 1 Failed: 1)
  Failed test:  1
  Non-zero exit status: 255
  Parse errors: No plan found in TAP output
t/command/ygrok/pattern/ps-x.t         (Wstat: 65280 Tests: 1 Failed: 1)
  Failed test:  1
  Non-zero exit status: 255
  Parse errors: No plan found in TAP output
t/command/ygrok/pattern/ps.t           (Wstat: 65280 Tests: 1 Failed: 1)
  Failed test:  1
  Non-zero exit status: 255
  Parse errors: No plan found in TAP output
t/command/ygrok/pattern/syslog.t       (Wstat: 65280 Tests: 1 Failed: 1)
  Failed test:  1
  Non-zero exit status: 255
  Parse errors: No plan found in TAP output
t/format_stream.t                      (Wstat: 65280 Tests: 1 Failed: 1)
  Failed test:  1
  Non-zero exit status: 255
  Parse errors: No plan found in TAP output
t/helpers.t                            (Wstat: 65280 Tests: 4 Failed: 1)
  Failed test:  4
  Non-zero exit status: 255
  Parse errors: No plan found in TAP output
t/integration/parse_apache_log.t       (Wstat: 65280 Tests: 1 Failed: 1)
  Failed test:  1
  Non-zero exit status: 255
  Parse errors: No plan found in TAP output
t/transform.t                          (Wstat: 65280 Tests: 3 Failed: 1)
  Failed test:  3
  Non-zero exit status: 255
  Parse errors: No plan found in TAP output
Files=35, Tests=105, 70 wallclock secs ( 0.24 usr +  0.30 sys =  0.54 CPU)
Result: FAIL
Failed 17/35 test programs. 17/105 subtests failed.
gmake: *** [Makefile:984: test_dynamic] Error 255

------------------------------
PREREQUISITES
------------------------------

Prerequisite modules loaded:

requires:

    Module              Need       Have      
    ------------------- ---------- ----------
    boolean             0          0.46      
    File::HomeDir       0          1.004     
    File::Spec          0          3.75      
    Getopt::Long        2.36       2.5       
    Hash::Merge::Simple 0          0.051     
    Import::Base        0.010      1.004     
    IO::Async           0.77       0.77      
    IO::Interactive     0          1.022     
    JSON::MaybeXS       0          1.004000  
    List::Util          0          1.50      
    Module::Runtime     0          0.016     
    Net::Async::HTTP    0          0.47      
    Path::Tiny          0.072      0.108     
    perl                5.010      5.028002  
    Pod::Usage::Return  0          0.003     
    Regexp::Common      2013031301 2017060201
    SQL::Abstract       0          1.86      
    Time::Local         0          1.28      
    Time::Piece         0          1.33      
    URI                 0          1.76      
    YAML::Tiny          0          1.73      

build_requires:

    Module              Need       Have      
    ------------------- ---------- ----------
    Capture::Tiny       0          0.48      
    Dir::Self           0          0.11      
    ExtUtils::MakeMaker 0          7.34      
    File::Spec          0          3.75      
    Future              0          0.39      
    IO::Handle          0          1.39      
    IPC::Open3          0          1.20      
    JSON::PP            0          4.02      
    Mock::MonkeyPatch   0          0.04      
    Test::Deep          0          1.128     
    Test::Differences   0          0.67      
    Test::Exception     0          0.43      
    Test::Lib           0          0.002     
    Test::More          1.001005   1.302162  

configure_requires:

    Module              Need       Have      
    ------------------- ---------- ----------
    ExtUtils::MakeMaker 0          7.34      


------------------------------
ENVIRONMENT AND OTHER CONTEXT
------------------------------

Environment variables:

    AUTOMATED_TESTING = 1
    COMSPEC = C:\WINDOWS\system32\cmd.exe
    NUMBER_OF_PROCESSORS = 1
    PATH = C:\WINDOWS\system32;C:\WINDOWS;C:\WINDOWS\System32\Wbem;C:\Git\cmd;C:\Strawberry282\c\bin;C:\Strawberry282\perl\site\bin;C:\Strawberry282\perl\bin
    PERL5LIB = C:\STRAWB~1\cpan\build\Pod-Usage-Return-0.003-0/blib/arch;C:\STRAWB~1\cpan\build\Pod-Usage-Return-0.003-0/blib/lib;C:\STRAWB~1\cpan\build\Net-Async-HTTP-0.47-0/blib/arch;C:\STRAWB~1\cpan\build\Net-Async-HTTP-0.47-0/blib/lib;C:\STRAWB~1\cpan\build\Mock-MonkeyPatch-0.04-0/blib/arch;C:\STRAWB~1\cpan\build\Mock-MonkeyPatch-0.04-0/blib/lib;C:\STRAWB~1\cpan\build\Import-Base-1.004-0/blib/arch;C:\STRAWB~1\cpan\build\Import-Base-1.004-0/blib/lib;C:\STRAWB~1\cpan\build\IO-Async-0.77-0/blib/arch;C:\STRAWB~1\cpan\build\IO-Async-0.77-0/blib/lib;C:\STRAWB~1\cpan\build\Test-Metrics-Any-0.01-0/blib/arch;C:\STRAWB~1\cpan\build\Test-Metrics-Any-0.01-0/blib/lib;C:\STRAWB~1\cpan\build\Metrics-Any-0.06-0/blib/arch;C:\STRAWB~1\cpan\build\Metrics-Any-0.06-0/blib/lib
    PERL5OPT = 
    PERL5_CPANPLUS_IS_RUNNING = 184
    PERL5_CPAN_IS_RUNNING = 184
    PERL5_CPAN_IS_RUNNING_IN_RECURSION = 1588,184
    PERL_CR_SMOKER_CURRENT = ETL-Yertl-0.044
    PERL_CR_SMOKER_RUNONCE = 1
    PERL_EXTUTILS_AUTOINSTALL = --defaultdeps
    PERL_MM_USE_DEFAULT = 1
    PERL_USE_UNSAFE_INC = 1
    PROCESSOR_IDENTIFIER = x86 Family 16 Model 5 Stepping 3, AuthenticAMD
    TEMP = C:\DOCUME~1\a\LOCALS~1\Temp

Perl special variables (and OS-specific diagnostics, for MSWin32):

    $^X = C:\Strawberry282\perl\bin\perl.exe
    $UID/$EUID = 0 / 0
    $GID = 0
    $EGID = 0
    Win32::GetOSName = WinXP/.Net
    Win32::GetOSVersion = Service Pack 3, 5, 1, 2600, 2, 3, 0, 256, 1
    Win32::FsType = NTFS
    Win32::IsAdminUser = 1

Perl module toolchain versions installed:

    Module              Have    
    ------------------- --------
    CPAN                2.26    
    CPAN::Meta          2.150010
    Cwd                 3.75    
    ExtUtils::CBuilder  0.280231
    ExtUtils::Command   7.34    
    ExtUtils::Install   2.14    
    ExtUtils::MakeMaker 7.34    
    ExtUtils::Manifest  1.72    
    ExtUtils::ParseXS   3.39    
    File::Spec          3.75    
    JSON                4.02    
    JSON::PP            4.02    
    Module::Build       0.4229  
    Module::Signature   n/a     
    Parse::CPAN::Meta   2.150010
    Test::Harness       3.42    
    Test::More          1.302162
    YAML                1.27    
    YAML::Syck          1.31    
    version             0.9924  


--

Summary of my perl5 (revision 5 version 28 subversion 2) configuration:
   
  Platform:
    osname=MSWin32
    osvers=5.1.2600
    archname=MSWin32-x86-multi-thread-64int
    uname='Win32 strawberry-perl 5.28.2.1 #1 Mon Apr 22 21:59:01 2019 i386'
    config_args='undef'
    hint=recommended
    useposix=true
    d_sigaction=undef
    useithreads=define
    usemultiplicity=define
    use64bitint=define
    use64bitall=undef
    uselongdouble=undef
    usemymalloc=n
    default_inc_excludes_dot=define
    bincompat5005=undef
  Compiler:
    cc='gcc'
    ccflags =' -s -O2 -DWIN32 -D__USE_MINGW_ANSI_STDIO -DPERL_TEXTMODE_SCRIPTS -DPERL_IMPLICIT_CONTEXT -DPERL_IMPLICIT_SYS -DUSE_PERLIO -fwrapv -fno-strict-aliasing -mms-bitfields'
    optimize='-s -O2'
    cppflags='-DWIN32'
    ccversion=''
    gccversion='7.1.0'
    gccosandvers=''
    intsize=4
    longsize=4
    ptrsize=4
    doublesize=8
    byteorder=12345678
    doublekind=3
    d_longlong=define
    longlongsize=8
    d_longdbl=define
    longdblsize=12
    longdblkind=3
    ivtype='long long'
    ivsize=8
    nvtype='double'
    nvsize=8
    Off_t='long long'
    lseeksize=8
    alignbytes=8
    prototype=define
  Linker and Libraries:
    ld='g++'
    ldflags ='-s -L"C:\STRAWB~1\perl\lib\CORE" -L"C:\STRAWB~1\c\lib"'
    libpth=C:\STRAWB~1\c\lib C:\STRAWB~1\c\i686-w64-mingw32\lib C:\STRAWB~1\c\lib\gcc\i686-w64-mingw32\7.1.0
    libs= -lmoldname -lkernel32 -luser32 -lgdi32 -lwinspool -lcomdlg32 -ladvapi32 -lshell32 -lole32 -loleaut32 -lnetapi32 -luuid -lws2_32 -lmpr -lwinmm -lversion -lodbc32 -lodbccp32 -lcomctl32
    perllibs= -lmoldname -lkernel32 -luser32 -lgdi32 -lwinspool -lcomdlg32 -ladvapi32 -lshell32 -lole32 -loleaut32 -lnetapi32 -luuid -lws2_32 -lmpr -lwinmm -lversion -lodbc32 -lodbccp32 -lcomctl32
    libc=
    so=dll
    useshrplib=true
    libperl=libperl528.a
    gnulibc_version=''
  Dynamic Linking:
    dlsrc=dl_win32.xs
    dlext=xs.dll
    d_dlsymun=undef
    ccdlflags=' '
    cccdlflags=' '
    lddlflags='-mdll -s -L"C:\STRAWB~1\perl\lib\CORE" -L"C:\STRAWB~1\c\lib"'


Characteristics of this binary (from libperl): 
  Compile-time options:
    HAS_TIMES
    HAVE_INTERP_INTERN
    MULTIPLICITY
    PERLIO_LAYERS
    PERL_COPY_ON_WRITE
    PERL_DONT_CREATE_GVSV
    PERL_IMPLICIT_CONTEXT
    PERL_IMPLICIT_SYS
    PERL_MALLOC_WRAP
    PERL_OP_PARENT
    PERL_PRESERVE_IVUV
    USE_64_BIT_INT
    USE_ITHREADS
    USE_LARGE_FILES
    USE_LOCALE
    USE_LOCALE_COLLATE
    USE_LOCALE_CTYPE
    USE_LOCALE_NUMERIC
    USE_LOCALE_TIME
    USE_PERLIO
    USE_PERL_ATOF
  Built under MSWin32
  Compiled at Apr 22 2019 22:09:26
  %ENV:
    PERL5LIB="C:\STRAWB~1\cpan\build\Pod-Usage-Return-0.003-0/blib/arch;C:\STRAWB~1\cpan\build\Pod-Usage-Return-0.003-0/blib/lib;C:\STRAWB~1\cpan\build\Net-Async-HTTP-0.47-0/blib/arch;C:\STRAWB~1\cpan\build\Net-Async-HTTP-0.47-0/blib/lib;C:\STRAWB~1\cpan\build\Mock-MonkeyPatch-0.04-0/blib/arch;C:\STRAWB~1\cpan\build\Mock-MonkeyPatch-0.04-0/blib/lib;C:\STRAWB~1\cpan\build\Import-Base-1.004-0/blib/arch;C:\STRAWB~1\cpan\build\Import-Base-1.004-0/blib/lib;C:\STRAWB~1\cpan\build\IO-Async-0.77-0/blib/arch;C:\STRAWB~1\cpan\build\IO-Async-0.77-0/blib/lib;C:\STRAWB~1\cpan\build\Test-Metrics-Any-0.01-0/blib/arch;C:\STRAWB~1\cpan\build\Test-Metrics-Any-0.01-0/blib/lib;C:\STRAWB~1\cpan\build\Metrics-Any-0.06-0/blib/arch;C:\STRAWB~1\cpan\build\Metrics-Any-0.06-0/blib/lib"
    PERL5_CPANPLUS_IS_RUNNING="184"
    PERL5_CPAN_IS_RUNNING="184"
    PERL5_CPAN_IS_RUNNING_IN_RECURSION="1588,184"
    PERL_CR_SMOKER_CURRENT="ETL-Yertl-0.044"
    PERL_CR_SMOKER_RUNONCE="1"
    PERL_EXTUTILS_AUTOINSTALL="--defaultdeps"
    PERL_MM_USE_DEFAULT="1"
    PERL_USE_UNSAFE_INC="1"
  @INC:
    C:\STRAWB~1\cpan\build\Pod-Usage-Return-0.003-0/blib/arch
    C:\STRAWB~1\cpan\build\Pod-Usage-Return-0.003-0/blib/lib
    C:\STRAWB~1\cpan\build\Net-Async-HTTP-0.47-0/blib/arch
    C:\STRAWB~1\cpan\build\Net-Async-HTTP-0.47-0/blib/lib
    C:\STRAWB~1\cpan\build\Mock-MonkeyPatch-0.04-0/blib/arch
    C:\STRAWB~1\cpan\build\Mock-MonkeyPatch-0.04-0/blib/lib
    C:\STRAWB~1\cpan\build\Import-Base-1.004-0/blib/arch
    C:\STRAWB~1\cpan\build\Import-Base-1.004-0/blib/lib
    C:\STRAWB~1\cpan\build\IO-Async-0.77-0/blib/arch
    C:\STRAWB~1\cpan\build\IO-Async-0.77-0/blib/lib
    C:\STRAWB~1\cpan\build\Test-Metrics-Any-0.01-0/blib/arch
    C:\STRAWB~1\cpan\build\Test-Metrics-Any-0.01-0/blib/lib
    C:\STRAWB~1\cpan\build\Metrics-Any-0.06-0/blib/arch
    C:\STRAWB~1\cpan\build\Metrics-Any-0.06-0/blib/lib
    C:/Strawberry282/perl/site/lib
    C:/Strawberry282/perl/vendor/lib
    C:/Strawberry282/perl/lib
    .