Parse-Java v0.01_01 Perl 5 v5.14.4 x86_64-linux-ld

Status
Fail
From
Andreas J. König (ANDK)
Dist
Parse-Java v0.01_01
Platform
Perl 5 v5.14.4 x86_64-linux-ld
Date
2017-08-15 13:22:34
ID
ccb2d34e-81bc-11e7-9106-55f4cbeb77fc
This distribution has been tested as part of the CPAN Testers
project, supporting the Perl programming language.  See
http://wiki.cpantesters.org/ for more information or email
questions to cpan-testers-discuss@perl.org


--
Dear Claes Jakobsson,

This is a computer-generated report for Parse-Java-0.01_01
on perl 5.14.4, created by CPAN-Reporter-1.2018.

Thank you for uploading your work to CPAN.  However, there was a problem
testing your distribution.

If you think this report is invalid, please consult the CPAN Testers Wiki
for suggestions on how to avoid getting FAIL reports for missing library
or binary dependencies, unsupported operating systems, and so on:

http://wiki.cpantesters.org/wiki/CPANAuthorNotes

Sections of this report:

    * Tester comments
    * Program output
    * Prerequisites
    * Environment and other context

------------------------------
TESTER COMMENTS
------------------------------

Additional comments from tester:

this report is from an automated smoke testing program
and was not reviewed by a human for accuracy

------------------------------
PROGRAM OUTPUT
------------------------------

Output from '/usr/bin/make test':

PERL_DL_NONLAZY=1 "/home/sand/src/perl/repoperls/installed-perls/host/k93msid/v5.14.4/0a29/bin/perl" "-MExtUtils::Command::MM" "-MTest::Harness" "-e" "undef *Test::Harness::Switches; test_harness(0, 'blib/lib', 'blib/arch')" t/*.t
t/00-init.t ............. ok
t/01-lexer-code.t ....... ok
t/02-lexer-tokenlist.t .. ok
Ouch.. we shouldn't really end up here for 'Mac OS X        	2~°ATTR#þ?°˜˜com.macromates.caret{column = 0; line = 0; }' at t/03-lexer-stress.t line 27.


#   Failed test '._ActionServlet.java failed'
#   at t/03-lexer-stress.t line 33.
Ouch.. we shouldn't really end up here for 'Mac OS X        	2~°ATTR#þH°˜˜com.macromates.caret{column = 0; line = 0; }' at t/03-lexer-stress.t line 27.


#   Failed test '._Basket.java failed'
#   at t/03-lexer-stress.t line 33.
Ouch.. we shouldn't really end up here for 'Mac OS X        	2³ATTR#þG³˜˜com.macromates.caret{column = 41; line = 122; }' at t/03-lexer-stress.t line 27.


#   Failed test '._BasketServlet.java failed'
#   at t/03-lexer-stress.t line 33.
Ouch.. we shouldn't really end up here for 'Mac OS X        	2~°ATTR#þF°˜˜com.macromates.caret{column = 0; line = 0; }' at t/03-lexer-stress.t line 27.


#   Failed test '._Book.java failed'
#   at t/03-lexer-stress.t line 33.
Ouch.. we shouldn't really end up here for 'Mac OS X        	2~°ATTR#þE°˜˜com.macromates.caret{column = 0; line = 0; }' at t/03-lexer-stress.t line 27.


#   Failed test '._BookManager.java failed'
#   at t/03-lexer-stress.t line 33.
Ouch.. we shouldn't really end up here for 'Mac OS X        	2~°ATTR#þD°˜˜com.macromates.caret{column = 0; line = 0; }' at t/03-lexer-stress.t line 27.


#   Failed test '._DbConnection.java failed'
#   at t/03-lexer-stress.t line 33.
Ouch.. we shouldn't really end up here for 'Mac OS X        	2€²ATTR#þC²˜˜com.macromates.caret{column = 51; line = 52; }' at t/03-lexer-stress.t line 27.


#   Failed test '._EmailServlet.java failed'
#   at t/03-lexer-stress.t line 33.
Ouch.. we shouldn't really end up here for 'Mac OS X        	2~°ATTR#þB°˜˜com.macromates.caret{column = 0; line = 0; }' at t/03-lexer-stress.t line 27.


#   Failed test '._EmailUtils.java failed'
#   at t/03-lexer-stress.t line 33.
Ouch.. we shouldn't really end up here for 'Mac OS X        	2~°ATTR#þA°˜˜com.macromates.caret{column = 0; line = 0; }' at t/03-lexer-stress.t line 27.


#   Failed test '._User.java failed'
#   at t/03-lexer-stress.t line 33.
Ouch.. we shouldn't really end up here for 'Mac OS X        	2~°ATTR#þ@°˜˜com.macromates.caret{column = 0; line = 0; }' at t/03-lexer-stress.t line 27.


#   Failed test '._UserManager.java failed'
#   at t/03-lexer-stress.t line 33.
Ouch.. we shouldn't really end up here for 'Mac OS X        	2³ATTR#þI³˜˜com.macromates.caret{column = 48; line = 180; }' at t/03-lexer-stress.t line 27.


#   Failed test '._UserServlet.java failed'
#   at t/03-lexer-stress.t line 33.
# Looks like you failed 11 tests of 24.
t/03-lexer-stress.t ..... 
Dubious, test returned 11 (wstat 2816, 0xb00)
Failed 11/24 subtests 
t/04-parse-class.t ...... ok
t/05-parse-interface.t .. ok

#   Failed test 'Pod coverage on Parse::Java'
#   at t/pod-coverage.t line 7.
# Parse::Java: requiring 'Parse::Java' failed
# Looks like you failed 1 test of 1.
t/pod-coverage.t ........ 
Dubious, test returned 1 (wstat 256, 0x100)
Failed 1/1 subtests 
t/pod.t ................. ok

Test Summary Report
-------------------
t/03-lexer-stress.t   (Wstat: 2816 Tests: 24 Failed: 11)
  Failed tests:  3-13
  Non-zero exit status: 11
t/pod-coverage.t      (Wstat: 256 Tests: 1 Failed: 1)
  Failed test:  1
  Non-zero exit status: 1
Files=8, Tests=397,  3 wallclock secs ( 0.06 usr  0.04 sys +  0.89 cusr  0.13 csys =  1.12 CPU)
Result: FAIL
Failed 2/8 test programs. 12/397 subtests failed.
Makefile:962: recipe for target 'test_dynamic' failed
make: *** [test_dynamic] Error 255

------------------------------
PREREQUISITES
------------------------------

Prerequisite modules loaded:

requires:

    Module              Need Have    
    ------------------- ---- --------
    Class::Accessor     0    0.34    
    Parse::Yapp         0    1.21    
    Test::More          0    1.302088
    version             0    0.9918  

build_requires:

    Module              Need Have    
    ------------------- ---- --------
    ExtUtils::MakeMaker 0    7.30    


------------------------------
ENVIRONMENT AND OTHER CONTEXT
------------------------------

Environment variables:

    AUTOMATED_TESTING = 1
    LANG = en_US.UTF-8
    PATH = /home/sand/bin:/usr/local/bin:/usr/bin:/bin:/usr/games:/usr/local/perl/bin:/usr/X11/bin:/sbin:/usr/sbin
    PERL5LIB = 
    PERL5OPT = 
    PERL5_CPANPLUS_IS_RUNNING = 2535
    PERL5_CPAN_IS_RUNNING = 2535
    PERL_CANARY_STABILITY_NOPROMPT = 1
    PERL_MM_USE_DEFAULT = 1
    PERL_USE_UNSAFE_INC = 1
    SHELL = /usr/bin/zsh
    TERM = screen

Perl special variables (and OS-specific diagnostics, for MSWin32):

    $^X = /home/sand/src/perl/repoperls/installed-perls/host/k93msid/v5.14.4/0a29/bin/perl
    $UID/$EUID = 1005 / 1005
    $GID = 1005 1005
    $EGID = 1005 1005

Perl module toolchain versions installed:

    Module              Have    
    ------------------- --------
    CPAN                2.18    
    CPAN::Meta          2.150010
    Cwd                 3.62    
    ExtUtils::CBuilder  0.280224
    ExtUtils::Command   7.30    
    ExtUtils::Install   2.06    
    ExtUtils::MakeMaker 7.30    
    ExtUtils::Manifest  1.70    
    ExtUtils::ParseXS   3.35    
    File::Spec          3.62    
    JSON                2.94    
    JSON::PP            2.94    
    Module::Build       0.4224  
    Module::Signature   0.81    
    Parse::CPAN::Meta   2.150010
    Test::Harness       3.39    
    Test::More          1.302088
    YAML                1.23    
    YAML::Syck          1.30    
    version             0.9918  


--

Summary of my perl5 (revision 5 version 14 subversion 4) configuration:
  Derived from: 26c5c13a4ece9084f310610bb17fb2f24c72a73e
  Platform:
    osname=linux, osvers=4.9.0-2-amd64, archname=x86_64-linux-ld
    uname='linux k93msid 4.9.0-2-amd64 #1 smp debian 4.9.18-1 (2017-03-30) x86_64 gnulinux '
    config_args='-Dprefix=/home/sand/src/perl/repoperls/installed-perls/host/k93msid/v5.14.4/0a29 -Dmyhostname=k93msid -Dinstallusrbinperl=n -Uversiononly -Dusedevel -des -Ui_db -Dlibswanted=cl pthread socket inet nsl gdbm dbm malloc dl ld sun m crypt sec util c cposix posix ucb BSD gdbm_compat -Uuseithreads -Duselongdouble -DDEBUGGING=both'
    hint=recommended, useposix=true, d_sigaction=define
    useithreads=undef, usemultiplicity=undef
    useperlio=define, d_sfio=undef, uselargefiles=define, usesocks=undef
    use64bitint=define, use64bitall=define, uselongdouble=define
    usemymalloc=n, bincompat5005=undef
  Compiler:
    cc='cc', ccflags ='-DDEBUGGING -fno-strict-aliasing -pipe -fstack-protector -I/usr/local/include -D_LARGEFILE_SOURCE -D_FILE_OFFSET_BITS=64',
    optimize='-O2 -g',
    cppflags='-DDEBUGGING -fno-strict-aliasing -pipe -fstack-protector -I/usr/local/include'
    ccversion='', gccversion='6.3.0 20170406', gccosandvers=''
    intsize=4, longsize=8, ptrsize=8, doublesize=8, byteorder=12345678
    d_longlong=define, longlongsize=8, d_longdbl=define, longdblsize=16
    ivtype='long', ivsize=8, nvtype='long double', nvsize=16, Off_t='off_t', lseeksize=8
    alignbytes=16, prototype=define
  Linker and Libraries:
    ld='cc', ldflags =' -fstack-protector -L/usr/local/lib'
    libpth=/usr/local/lib /lib/x86_64-linux-gnu /lib/../lib /usr/lib/x86_64-linux-gnu /usr/lib/../lib /lib /usr/lib
    libs=-lpthread -lnsl -ldl -lm -lcrypt -lutil -lc
    perllibs=-lpthread -lnsl -ldl -lm -lcrypt -lutil -lc
    libc=libc-2.24.so, so=so, useshrplib=false, libperl=libperl.a
    gnulibc_version='2.24'
  Dynamic Linking:
    dlsrc=dl_dlopen.xs, dlext=so, d_dlsymun=undef, ccdlflags='-Wl,-E'
    cccdlflags='-fPIC', lddlflags='-shared -O2 -g -L/usr/local/lib -fstack-protector'


Characteristics of this binary (from libperl): 
  Compile-time options: DEBUGGING PERL_DONT_CREATE_GVSV PERL_MALLOC_WRAP
                        PERL_PRESERVE_IVUV PERL_USE_DEVEL USE_64_BIT_ALL
                        USE_64_BIT_INT USE_LARGE_FILES USE_LONG_DOUBLE
                        USE_PERLIO USE_PERL_ATOF
  Locally applied patches:
	uncommitted-changes
  Built under linux
  Compiled at Jun 20 2017 23:23:44
  %ENV:
    PERL5LIB=""
    PERL5OPT=""
    PERL5_CPANPLUS_IS_RUNNING="2535"
    PERL5_CPAN_IS_RUNNING="2535"
    PERL_CANARY_STABILITY_NOPROMPT="1"
    PERL_MM_USE_DEFAULT="1"
    PERL_USE_UNSAFE_INC="1"
  @INC:
    /home/sand/src/perl/repoperls/installed-perls/host/k93msid/v5.14.4/0a29/lib/site_perl/5.14.4/x86_64-linux-ld
    /home/sand/src/perl/repoperls/installed-perls/host/k93msid/v5.14.4/0a29/lib/site_perl/5.14.4
    /home/sand/src/perl/repoperls/installed-perls/host/k93msid/v5.14.4/0a29/lib/5.14.4/x86_64-linux-ld
    /home/sand/src/perl/repoperls/installed-perls/host/k93msid/v5.14.4/0a29/lib/5.14.4
    .