Net-Statsd-Tiny vv0.2.0 Perl 5 v5.16.3 x86_64-linux-thread-multi

Status
Fail
From
Nigel Horne
Dist
Net-Statsd-Tiny vv0.2.0
Platform
Perl 5 v5.16.3 x86_64-linux-thread-multi
Date
2018-02-05 19:07:24
ID
cccbdfdc-0aa7-11e8-af2b-acaf1d79aee4
This distribution has been tested as part of the CPAN Testers
project, supporting the Perl programming language.  See
http://wiki.cpantesters.org/ for more information or email
questions to cpan-testers-discuss@perl.org


--
Dear Robert Rothenberg,

This is a computer-generated report for Net-Statsd-Tiny-v0.2.0
on perl 5.16.3, created by CPAN-Reporter-1.2018.

Thank you for uploading your work to CPAN.  However, there was a problem
testing your distribution.

If you think this report is invalid, please consult the CPAN Testers Wiki
for suggestions on how to avoid getting FAIL reports for missing library
or binary dependencies, unsupported operating systems, and so on:

http://wiki.cpantesters.org/wiki/CPANAuthorNotes

Sections of this report:

    * Tester comments
    * Program output
    * Prerequisites
    * Environment and other context

------------------------------
TESTER COMMENTS
------------------------------

Additional comments from tester:

this report is from an automated smoke testing program
and was not reviewed by a human for accuracy

------------------------------
PROGRAM OUTPUT
------------------------------

Output from '/usr/bin/make test':

PERL_DL_NONLAZY=1 "/home/njh/perl5/perlbrew/perls/perl-5.16.3/bin/perl" "-MExtUtils::Command::MM" "-MTest::Harness" "-e" "undef *Test::Harness::Switches; test_harness(0, 'blib/lib', 'blib/arch')" t/*.t
"listen_socket" is not exported by the Net::EmptyPort module
Can't continue after import errors at t/lib/Net/Statsd/Tiny/Test.pm line 8.
BEGIN failed--compilation aborted at t/lib/Net/Statsd/Tiny/Test.pm line 8.
Compilation failed in require at /home/njh/perl5/perlbrew/perls/perl-5.16.3/lib/site_perl/5.16.3/Module/Runtime.pm line 317.
t/01-basic.t ................. 
Dubious, test returned 2 (wstat 512, 0x200)
No subtests run 
t/author-critic.t ............ skipped: these tests are for testing by the author
t/author-eof.t ............... skipped: these tests are for testing by the author
t/author-eol.t ............... skipped: these tests are for testing by the author
t/author-no-tabs.t ........... skipped: these tests are for testing by the author
t/author-pod-coverage.t ...... skipped: these tests are for testing by the author
t/author-pod-linkcheck.t ..... skipped: these tests are for testing by the author
t/author-pod-syntax.t ........ skipped: these tests are for testing by the author
t/author-portability.t ....... skipped: these tests are for testing by the author
t/release-check-manifest.t ... skipped: these tests are for release candidate testing
t/release-fixme.t ............ skipped: these tests are for release candidate testing
t/release-kwalitee.t ......... skipped: these tests are for release candidate testing
t/release-minimum-version.t .. skipped: these tests are for release candidate testing
# 
# Versions for all modules listed in MYMETA.json (including optional ones):
# 
# === Configure Requires ===
# 
#     Module              Want Have
#     ------------------- ---- ----
#     ExtUtils::MakeMaker  any 7.18
# 
# === Build Requires ===
# 
#     Module              Want Have
#     ------------------- ---- ----
#     ExtUtils::MakeMaker  any 7.18
# 
# === Test Requires ===
# 
#     Module                Want     Have
#     --------------------- ---- --------
#     Carp                   any     1.26
#     Devel::StrictMode      any    0.003
#     File::Spec             any     3.47
#     IO::Select             any     1.21
#     Module::Metadata       any 1.000026
#     Net::EmptyPort         any    undef
#     Test::More             any 1.302122
#     Test::Roo              any    1.004
#     Test::Roo::DataDriven  any   v0.3.1
#     Test::Roo::Role        any    1.004
#     curry                  any 1.001000
#     if                     any   0.0602
#     lib                    any     0.63
#     utf8                   any     1.09
# 
# === Test Recommends ===
# 
#     Module         Want     Have
#     ---------- -------- --------
#     CPAN::Meta 2.120900 2.150005
# 
# === Runtime Requires ===
# 
#     Module                   Want     Have
#     -------------------- -------- --------
#     IO::Socket               1.18     1.34
#     IO::String                any     1.08
#     Moo                  1.000000 1.007000
#     MooX::TypeTiny            any 0.001003
#     Sub::Quote                any 1.007000
#     Sub::Util                1.40     1.41
#     Type::Library             any 1.002001
#     Type::Utils               any 1.002001
#     Types::Standard           any 1.002001
#     namespace::autoclean      any     0.24
#     strict                    any     1.07
#     warnings                  any     1.13
# 
# === Runtime Recommends ===
# 
#     Module         Want    Have
#     -------------- ---- -------
#     Type::Tiny::XS  any missing
# 
t/release-trailing-space.t ... skipped: these tests are for release candidate testing
t/00-report-prereqs.t ........ ok

Test Summary Report
-------------------
t/01-basic.t               (Wstat: 512 Tests: 0 Failed: 0)
  Non-zero exit status: 2
  Parse errors: No plan found in TAP output
Files=15, Tests=1,  0 wallclock secs ( 0.06 usr  0.03 sys +  0.33 cusr  0.05 csys =  0.47 CPU)
Result: FAIL
Failed 1/15 test programs. 0/1 subtests failed.
Makefile:904: recipe for target 'test_dynamic' failed
make: *** [test_dynamic] Error 255

------------------------------
PREREQUISITES
------------------------------

Prerequisite modules loaded:

requires:

    Module                Need     Have    
    --------------------- -------- --------
    IO::Socket            1.18     1.34    
    IO::String            0        1.08    
    Moo                   1.000000 1.007000
    MooX::TypeTiny        0        0.001003
    namespace::autoclean  0        0.24    
    perl                  5.010000 5.016003
    strict                0        1.07    
    Sub::Quote            0        1.007000
    Sub::Util             1.40     1.41    
    Type::Library         0        1.002001
    Type::Utils           0        1.002001
    Types::Standard       0        1.002001
    warnings              0        1.13    

build_requires:

    Module                Need     Have    
    --------------------- -------- --------
    Carp                  0        1.26    
    curry                 0        1.001000
    Devel::StrictMode     0        0.003   
    ExtUtils::MakeMaker   0        7.18    
    File::Spec            0        3.47    
    if                    0        0.0602  
    IO::Select            0        1.21    
    lib                   0        0.63    
    Module::Metadata      0        1.000026
    Net::EmptyPort        0        0       
    Test::More            0        1.302122
    Test::Roo             0        1.004   
    Test::Roo::DataDriven 0        v0.3.1  
    Test::Roo::Role       0        1.004   
    utf8                  0        1.09    

configure_requires:

    Module                Need     Have    
    --------------------- -------- --------
    ExtUtils::MakeMaker   0        7.18    


------------------------------
ENVIRONMENT AND OTHER CONTEXT
------------------------------

Environment variables:

    AUTOMATED_TESTING = 1
    HARNESS_OPTIONS = j2
    LANG = en_US.UTF-8
    PATH = /home/njh/perl5/perlbrew/bin:/home/njh/perl5/perlbrew/perls/perl-5.16.3/bin:src/njh/smoker/bin:/usr/bin:/bin
    PERL5LIB = /home/njh/.cpan/build/Test-Roo-DataDriven-v0.3.1-5/blib/arch:/home/njh/.cpan/build/Test-Roo-DataDriven-v0.3.1-5/blib/lib:/home/njh/.cpan/build/curry-1.001000-5/blib/arch:/home/njh/.cpan/build/curry-1.001000-5/blib/lib:/home/njh/.cpan/build/Ref-Util-0.203-8/blib/arch:/home/njh/.cpan/build/Ref-Util-0.203-8/blib/lib:/home/njh/.cpan/build/Ref-Util-XS-0.117-8/blib/arch:/home/njh/.cpan/build/Ref-Util-XS-0.117-8/blib/lib:/home/njh/.cpan/build/Class-Unload-0.11-5/blib/arch:/home/njh/.cpan/build/Class-Unload-0.11-5/blib/lib:/home/njh/.cpan/build/Test-Roo-1.004-10/blib/arch:/home/njh/.cpan/build/Test-Roo-1.004-10/blib/lib:/home/njh/.cpan/build/MooX-TypeTiny-0.001003-5/blib/arch:/home/njh/.cpan/build/MooX-TypeTiny-0.001003-5/blib/lib:/home/njh/.cpan/build/Type-Tiny-1.002001-31/blib/arch:/home/njh/.cpan/build/Type-Tiny-1.002001-31/blib/lib:/home/njh/.cpan/build/Exporter-Tiny-1.000000-18/blib/arch:/home/njh/.cpan/build/Exporter-Tiny-1.000000-18/blib/lib:/home/njh/.cpan/build/Devel-StrictMode-0.003-5/blib/arch:/home/njh/.cpan/build/Devel-StrictMode-0.003-5/blib/lib:/home/njh/.cpan/build/Lingua-Conjunction-v2.1.2-0/blib/arch:/home/njh/.cpan/build/Lingua-Conjunction-v2.1.2-0/blib/lib:/home/njh/.cpan/build/Test-Simple-1.302122-0/blib/arch:/home/njh/.cpan/build/Test-Simple-1.302122-0/blib/lib
    PERL5OPT = 
    PERL5_CPANPLUS_IS_RUNNING = 6589
    PERL5_CPAN_IS_RUNNING = 6589
    PERLBREW_BASHRC_VERSION = 0.75
    PERLBREW_HOME = /home/njh/.perlbrew
    PERLBREW_MANPATH = /home/njh/perl5/perlbrew/perls/perl-5.16.3/man
    PERLBREW_PATH = /home/njh/perl5/perlbrew/bin:/home/njh/perl5/perlbrew/perls/perl-5.16.3/bin
    PERLBREW_PERL = perl-5.16.3
    PERLBREW_ROOT = /home/njh/perl5/perlbrew
    PERLBREW_VERSION = 0.75
    SHELL = /bin/sh

Perl special variables (and OS-specific diagnostics, for MSWin32):

    $^X = /home/njh/perl5/perlbrew/perls/perl-5.16.3/bin/perl
    $UID/$EUID = 1000 / 1000
    $GID = 1000 4 24 25 29 30 44 46 103 108 115 123 1000
    $EGID = 1000 4 24 25 29 30 44 46 103 108 115 123 1000

Perl module toolchain versions installed:

    Module              Have    
    ------------------- --------
    CPAN                2.16    
    CPAN::Meta          2.150005
    Cwd                 3.47    
    ExtUtils::CBuilder  0.280220
    ExtUtils::Command   7.18    
    ExtUtils::Install   1.58    
    ExtUtils::MakeMaker 7.18    
    ExtUtils::Manifest  1.70    
    ExtUtils::ParseXS   3.24    
    File::Spec          3.47    
    JSON                2.90    
    JSON::PP            2.27400 
    Module::Build       0.4211  
    Module::Signature   n/a     
    Parse::CPAN::Meta   1.4422  
    Test::Harness       3.35    
    Test::More          1.302122
    YAML                1.23    
    YAML::Syck          1.30    
    version             0.99    


--

Summary of my perl5 (revision 5 version 16 subversion 3) configuration:
   
  Platform:
    osname=linux, osvers=3.16-3-amd64, archname=x86_64-linux-thread-multi
    uname='linux amelia 3.16-3-amd64 #1 smp debian 3.16.5-1 (2014-10-10) x86_64 gnulinux '
    config_args='-de -Dprefix=/home/njh/perl5/perlbrew/perls/perl-5.16.3 -Duseithreads -Dusemultiplicity -Dusedevel -Accflags= -Aeval:scriptdir=/home/njh/perl5/perlbrew/perls/perl-5.16.3/bin'
    hint=recommended, useposix=true, d_sigaction=define
    useithreads=define, usemultiplicity=define
    useperlio=define, d_sfio=undef, uselargefiles=define, usesocks=undef
    use64bitint=define, use64bitall=define, uselongdouble=undef
    usemymalloc=n, bincompat5005=undef
  Compiler:
    cc='cc', ccflags ='-D_REENTRANT -D_GNU_SOURCE -fno-strict-aliasing -pipe -fstack-protector -I/usr/local/include -D_LARGEFILE_SOURCE -D_FILE_OFFSET_BITS=64',
    optimize='-O2',
    cppflags='-D_REENTRANT -D_GNU_SOURCE -fno-strict-aliasing -pipe -fstack-protector -I/usr/local/include'
    ccversion='', gccversion='4.9.2', gccosandvers=''
    intsize=4, longsize=8, ptrsize=8, doublesize=8, byteorder=12345678
    d_longlong=define, longlongsize=8, d_longdbl=define, longdblsize=16
    ivtype='long', ivsize=8, nvtype='double', nvsize=8, Off_t='off_t', lseeksize=8
    alignbytes=8, prototype=define
  Linker and Libraries:
    ld='cc', ldflags =' -fstack-protector -L/usr/local/lib'
    libpth=/usr/local/lib /lib/x86_64-linux-gnu /lib/../lib /usr/lib/x86_64-linux-gnu /usr/lib/../lib /lib /usr/lib
    libs=-lnsl -lgdbm -ldb -ldl -lm -lcrypt -lutil -lpthread -lc -lgdbm_compat
    perllibs=-lnsl -ldl -lm -lcrypt -lutil -lpthread -lc
    libc=libc-2.19.so, so=so, useshrplib=false, libperl=libperl.a
    gnulibc_version='2.19'
  Dynamic Linking:
    dlsrc=dl_dlopen.xs, dlext=so, d_dlsymun=undef, ccdlflags='-Wl,-E'
    cccdlflags='-fPIC', lddlflags='-shared -O2 -L/usr/local/lib -fstack-protector'


Characteristics of this binary (from libperl): 
  Compile-time options: HAS_TIMES MULTIPLICITY PERLIO_LAYERS
                        PERL_DONT_CREATE_GVSV PERL_IMPLICIT_CONTEXT
                        PERL_MALLOC_WRAP PERL_PRESERVE_IVUV PERL_USE_DEVEL
                        USE_64_BIT_ALL USE_64_BIT_INT USE_ITHREADS
                        USE_LARGE_FILES USE_LOCALE USE_LOCALE_COLLATE
                        USE_LOCALE_CTYPE USE_LOCALE_NUMERIC USE_PERLIO
                        USE_PERL_ATOF USE_REENTRANT_API
  Built under linux
  Compiled at Nov 15 2014 01:24:27
  %ENV:
    PERL5LIB="/home/njh/.cpan/build/Test-Roo-DataDriven-v0.3.1-5/blib/arch:/home/njh/.cpan/build/Test-Roo-DataDriven-v0.3.1-5/blib/lib:/home/njh/.cpan/build/curry-1.001000-5/blib/arch:/home/njh/.cpan/build/curry-1.001000-5/blib/lib:/home/njh/.cpan/build/Ref-Util-0.203-8/blib/arch:/home/njh/.cpan/build/Ref-Util-0.203-8/blib/lib:/home/njh/.cpan/build/Ref-Util-XS-0.117-8/blib/arch:/home/njh/.cpan/build/Ref-Util-XS-0.117-8/blib/lib:/home/njh/.cpan/build/Class-Unload-0.11-5/blib/arch:/home/njh/.cpan/build/Class-Unload-0.11-5/blib/lib:/home/njh/.cpan/build/Test-Roo-1.004-10/blib/arch:/home/njh/.cpan/build/Test-Roo-1.004-10/blib/lib:/home/njh/.cpan/build/MooX-TypeTiny-0.001003-5/blib/arch:/home/njh/.cpan/build/MooX-TypeTiny-0.001003-5/blib/lib:/home/njh/.cpan/build/Type-Tiny-1.002001-31/blib/arch:/home/njh/.cpan/build/Type-Tiny-1.002001-31/blib/lib:/home/njh/.cpan/build/Exporter-Tiny-1.000000-18/blib/arch:/home/njh/.cpan/build/Exporter-Tiny-1.000000-18/blib/lib:/home/njh/.cpan/build/Devel-StrictMode-0.003-5/blib/arch:/home/njh/.cpan/build/Devel-StrictMode-0.003-5/blib/lib:/home/njh/.cpan/build/Lingua-Conjunction-v2.1.2-0/blib/arch:/home/njh/.cpan/build/Lingua-Conjunction-v2.1.2-0/blib/lib:/home/njh/.cpan/build/Test-Simple-1.302122-0/blib/arch:/home/njh/.cpan/build/Test-Simple-1.302122-0/blib/lib"
    PERL5OPT=""
    PERL5_CPANPLUS_IS_RUNNING="6589"
    PERL5_CPAN_IS_RUNNING="6589"
    PERLBREW_BASHRC_VERSION="0.75"
    PERLBREW_HOME="/home/njh/.perlbrew"
    PERLBREW_MANPATH="/home/njh/perl5/perlbrew/perls/perl-5.16.3/man"
    PERLBREW_PATH="/home/njh/perl5/perlbrew/bin:/home/njh/perl5/perlbrew/perls/perl-5.16.3/bin"
    PERLBREW_PERL="perl-5.16.3"
    PERLBREW_ROOT="/home/njh/perl5/perlbrew"
    PERLBREW_VERSION="0.75"
  @INC:
    /home/njh/.cpan/build/Test-Roo-DataDriven-v0.3.1-5/blib/arch
    /home/njh/.cpan/build/Test-Roo-DataDriven-v0.3.1-5/blib/lib
    /home/njh/.cpan/build/curry-1.001000-5/blib/arch
    /home/njh/.cpan/build/curry-1.001000-5/blib/lib
    /home/njh/.cpan/build/Ref-Util-0.203-8/blib/arch
    /home/njh/.cpan/build/Ref-Util-0.203-8/blib/lib
    /home/njh/.cpan/build/Ref-Util-XS-0.117-8/blib/arch
    /home/njh/.cpan/build/Ref-Util-XS-0.117-8/blib/lib
    /home/njh/.cpan/build/Class-Unload-0.11-5/blib/arch
    /home/njh/.cpan/build/Class-Unload-0.11-5/blib/lib
    /home/njh/.cpan/build/Test-Roo-1.004-10/blib/arch
    /home/njh/.cpan/build/Test-Roo-1.004-10/blib/lib
    /home/njh/.cpan/build/MooX-TypeTiny-0.001003-5/blib/arch
    /home/njh/.cpan/build/MooX-TypeTiny-0.001003-5/blib/lib
    /home/njh/.cpan/build/Type-Tiny-1.002001-31/blib/arch
    /home/njh/.cpan/build/Type-Tiny-1.002001-31/blib/lib
    /home/njh/.cpan/build/Exporter-Tiny-1.000000-18/blib/arch
    /home/njh/.cpan/build/Exporter-Tiny-1.000000-18/blib/lib
    /home/njh/.cpan/build/Devel-StrictMode-0.003-5/blib/arch
    /home/njh/.cpan/build/Devel-StrictMode-0.003-5/blib/lib
    /home/njh/.cpan/build/Lingua-Conjunction-v2.1.2-0/blib/arch
    /home/njh/.cpan/build/Lingua-Conjunction-v2.1.2-0/blib/lib
    /home/njh/.cpan/build/Test-Simple-1.302122-0/blib/arch
    /home/njh/.cpan/build/Test-Simple-1.302122-0/blib/lib
    /home/njh/perl5/perlbrew/perls/perl-5.16.3/lib/site_perl/5.16.3/x86_64-linux-thread-multi
    /home/njh/perl5/perlbrew/perls/perl-5.16.3/lib/site_perl/5.16.3
    /home/njh/perl5/perlbrew/perls/perl-5.16.3/lib/5.16.3/x86_64-linux-thread-multi
    /home/njh/perl5/perlbrew/perls/perl-5.16.3/lib/5.16.3
    .