Net-Ident v1.22 Perl 5 v5.12.1 i386-freebsd

Status
Na
From
Chris Williams (BINGOS)
Dist
Net-Ident v1.22
Platform
Perl 5 v5.12.1 i386-freebsd
Date
2010-06-17 09:00:39
ID
cd558b1c-79ee-11df-ae63-e0e88fbefd91
This distribution has been tested as part of the CPAN Testers
project, supporting the Perl programming language.  See
http://wiki.cpantesters.org/ for more information or email
questions to cpan-testers-discuss@perl.org


--

Dear TODDR,
    
This is a computer-generated error report created automatically by
CPANPLUS, version 0.9004. Testers personal comments may appear 
at the end of this report.


Thank you for uploading your work to CPAN.  However, it appears that
there were some problems testing your distribution.

TEST RESULTS:

Below is the error stack from stage 'make test':

[MSG] [Thu Jun 17 10:00:38 2010] Checking if your kit is complete...
Looks good
Do not worry if any of the following items are not found
Checking for previous Net::Ident... Not found.

You could force installing the backwards-compatible Net::Ident, for
example because you want to use scripts that rely on the backwards
compatible calling syntax [not that that's very likely; I'm not aware
of any existing scripts that use it -- JohnPC].

To enable this, re-run this Makefile.PL using:

	perl Makefile.PL --force-compat


Checking for Apache.pm... not found
Writing Makefile for Net::Ident

[MSG] [Thu Jun 17 10:00:38 2010] DEFAULT 'filter_prereqs' HANDLER RETURNING 'sub return value'
[MSG] [Thu Jun 17 10:00:38 2010] Checking for previous PASS result for "Net-Ident-1.22"
[ERROR] [Thu Jun 17 10:00:38 2010] No such module 'Config' found on CPAN
[MSG] [Thu Jun 17 10:00:39 2010] cp Ident.pm blib/lib/Net/Ident.pm
Manifying blib/man3/Net::Ident.3

[ERROR] [Thu Jun 17 10:00:39 2010] MAKE TEST failed: No such file or directory PERL_DL_NONLAZY=1 /usr/home/cpan/pit/bare/perl-5.12.1/bin/perl "-MExtUtils::Command::MM" "-e" "test_harness(0, 'blib/lib', 'blib/arch')" t/*.t
t/0use.t .... ok
t/apache.t .. skipped: (no reason given)
t/compat.t .. skipped: (no reason given)
ERRNO hash is read only! at /usr/home/cpan/pit/bare/perl-5.12.1/lib/5.12.1/i386-freebsd/Errno.pm line 160
	Errno::STORE('Errno=ARRAY(0x283d0340)', 'EINPROGRESS', 0) called at /usr/home/cpan/pit/bare/conf/perl-5.12.1/.cpanplus/5.12.1/build/Net-Ident-1.22/blib/lib/Net/Ident.pm line 207
	Net::Ident::newFromInAddr('Net::Ident', '\x{10}\x{2}\x{d0}Y\x{7f}\x{0}\x{0}\x{1}\x{0}\x{0}\x{0}\x{0}\x{0}\x{0}\x{0}\x{0}', '\x{10}\x{2}\x{0}q\x{7f}\x{0}\x{0}\x{1}\x{0}\x{0}\x{0}\x{0}\x{0}\x{0}\x{0}\x{0}', 30) called at /usr/home/cpan/pit/bare/conf/perl-5.12.1/.cpanplus/5.12.1/build/Net-Ident-1.22/blib/lib/Net/Ident.pm line 137
	Net::Ident::new('Net::Ident', 'FileHandle=GLOB(0x2831b1d0)', 30) called at /usr/home/cpan/pit/bare/conf/perl-5.12.1/.cpanplus/5.12.1/build/Net-Ident-1.22/blib/lib/Net/Ident.pm line 481
	Net::Ident::lookup('FileHandle=GLOB(0x2831b1d0)', 30) called at t/Ident.t line 119
t/Ident.t ... 
Dubious, test returned 255 (wstat 65280, 0xff00)
Failed 7/7 subtests 

Test Summary Report
-------------------
t/Ident.t (Wstat: 65280 Tests: 0 Failed: 0)
  Non-zero exit status: 255
  Parse errors: Bad plan.  You planned 7 tests but ran 0.
Files=4, Tests=1,  0 wallclock secs ( 0.06 usr  0.03 sys +  0.18 cusr  0.15 csys =  0.42 CPU)
Result: FAIL
Failed 1/4 test programs. 0/1 subtests failed.
*** Error code 255

Stop in /usr/home/cpan/pit/bare/conf/perl-5.12.1/.cpanplus/5.12.1/build/Net-Ident-1.22.

[MSG] [Thu Jun 17 10:00:39 2010] DEFAULT 'proceed_on_test_failure' HANDLER RETURNING 'sub return value'


******************************** NOTE ********************************
The comments above are created mechanically, possibly without manual
checking by the sender.  As there are many people performing automatic
tests on each upload to CPAN, it is likely that you will receive 
identical messages about the same problem.

If you believe that the message is mistaken, please reply to the first
one with correction and/or additional informations, and do not take
it personally.  We appreciate your patience. :)
**********************************************************************

Additional comments:
 

This report was machine-generated by CPANPLUS::Dist::YACSmoke 0.56.
Powered by minismokebox version 0.26

------------------------------
ENVIRONMENT AND OTHER CONTEXT
------------------------------

Environment variables:

    AUTOMATED_TESTING = 1
    PATH = /sbin:/bin:/usr/sbin:/usr/bin:/usr/games:/usr/local/sbin:/usr/local/bin:/home/cpan/bin
    PERL5LIB = :/usr/home/cpan/pit/bare/conf/perl-5.12.1/.cpanplus/5.12.1/build/Net-Ident-1.22/blib/lib:/usr/home/cpan/pit/bare/conf/perl-5.12.1/.cpanplus/5.12.1/build/Net-Ident-1.22/blib/arch
    PERL5_CPANPLUS_IS_RUNNING = 95546
    PERL5_CPANPLUS_IS_VERSION = 0.9004
    PERL5_MINISMOKEBOX = 0.26
    PERL5_YACSMOKE_BASE = /usr/home/cpan/pit/bare/conf/perl-5.12.1
    PERL_EXTUTILS_AUTOINSTALL = --defaultdeps
    PERL_MM_USE_DEFAULT = 1
    SHELL = /usr/local/bin/bash
    TERM = screen

Perl special variables (and OS-specific diagnostics, for MSWin32):

    Perl: $^X = /usr/home/cpan/pit/bare/perl-5.12.1/bin/perl
    UID:  $<  = 1003
    EUID: $>  = 1003
    GID:  $(  = 1003 1003 1003
    EGID: $)  = 1003 1003 1003


-------------------------------


--

Summary of my perl5 (revision 5 version 12 subversion 1) configuration:
   
  Platform:
    osname=freebsd, osvers=7.2-release, archname=i386-freebsd
    uname='freebsd wintermute.staffordshire.gov.uk 7.2-release freebsd 7.2-release #0: fri may 1 08:49:13 utc 2009 root@walker.cse.buffalo.edu:usrobjusrsrcsysgeneric i386 '
    config_args='-des -Dprefix=/usr/home/cpan/pit/bare/perl-5.12.1'
    hint=recommended, useposix=true, d_sigaction=define
    useithreads=undef, usemultiplicity=undef
    useperlio=define, d_sfio=undef, uselargefiles=define, usesocks=undef
    use64bitint=undef, use64bitall=undef, uselongdouble=undef
    usemymalloc=n, bincompat5005=undef
  Compiler:
    cc='cc', ccflags ='-DHAS_FPSETMASK -DHAS_FLOATINGPOINT_H -fno-strict-aliasing -pipe -fstack-protector -I/usr/local/include',
    optimize='-O',
    cppflags='-DHAS_FPSETMASK -DHAS_FLOATINGPOINT_H -fno-strict-aliasing -pipe -fstack-protector -I/usr/local/include'
    ccversion='', gccversion='4.2.1 20070719  [FreeBSD]', gccosandvers=''
    intsize=4, longsize=4, ptrsize=4, doublesize=8, byteorder=1234
    d_longlong=define, longlongsize=8, d_longdbl=define, longdblsize=12
    ivtype='long', ivsize=4, nvtype='double', nvsize=8, Off_t='off_t', lseeksize=8
    alignbytes=4, prototype=define
  Linker and Libraries:
    ld='cc', ldflags ='-Wl,-E  -fstack-protector -L/usr/local/lib'
    libpth=/usr/lib /usr/local/lib
    libs=-lgdbm -lm -lcrypt -lutil -lc
    perllibs=-lm -lcrypt -lutil -lc
    libc=, so=so, useshrplib=false, libperl=libperl.a
    gnulibc_version=''
  Dynamic Linking:
    dlsrc=dl_dlopen.xs, dlext=so, d_dlsymun=undef, ccdlflags=' '
    cccdlflags='-DPIC -fPIC', lddlflags='-shared  -L/usr/local/lib -fstack-protector'


Characteristics of this binary (from libperl): 
  Compile-time options: PERL_DONT_CREATE_GVSV PERL_MALLOC_WRAP
                        USE_LARGE_FILES USE_PERLIO USE_PERL_ATOF
  Built under freebsd
  Compiled at Jun  6 2010 00:15:34
  %ENV:
    PERL5LIB=":/usr/home/cpan/pit/bare/conf/perl-5.12.1/.cpanplus/5.12.1/build/Net-Ident-1.22/blib/lib:/usr/home/cpan/pit/bare/conf/perl-5.12.1/.cpanplus/5.12.1/build/Net-Ident-1.22/blib/arch"
    PERL5_CPANPLUS_IS_RUNNING="95546"
    PERL5_CPANPLUS_IS_VERSION="0.9004"
    PERL5_MINISMOKEBOX="0.26"
    PERL5_YACSMOKE_BASE="/usr/home/cpan/pit/bare/conf/perl-5.12.1"
    PERL_EXTUTILS_AUTOINSTALL="--defaultdeps"
    PERL_MM_USE_DEFAULT="1"
  @INC:
    /usr/home/cpan/pit/bare/conf/perl-5.12.1/.cpanplus/5.12.1/build/Net-Ident-1.22/blib/lib
    /usr/home/cpan/pit/bare/conf/perl-5.12.1/.cpanplus/5.12.1/build/Net-Ident-1.22/blib/arch
    /usr/home/cpan/pit/bare/perl-5.12.1/lib/site_perl/5.12.1/i386-freebsd
    /usr/home/cpan/pit/bare/perl-5.12.1/lib/site_perl/5.12.1
    /usr/home/cpan/pit/bare/perl-5.12.1/lib/5.12.1/i386-freebsd
    /usr/home/cpan/pit/bare/perl-5.12.1/lib/5.12.1
    .