Report for Carp-Diagnostics-0.05.3

Back
From: metabase:user:cd035d39-6d5b-1014-ab3a-39c0c09612a1
Subject: FAIL Carp-Diagnostics-0.05.3 v5.22.0 
Date: 2015-08-26T15:52:05Z

This distribution has been tested as part of the CPAN Testers
project, supporting the Perl programming language.  See
http://wiki.cpantesters.org/ for more information or email
questions to cpan-testers-discuss@perl.org


--
Dear Nadim Ibn Hamouda El Khemir,

This is a computer-generated report for Carp-Diagnostics-0.05.3
on perl 5.22.0, created by CPAN-Reporter-1.2014.

Thank you for uploading your work to CPAN.  However, there was a problem
testing your distribution.

If you think this report is invalid, please consult the CPAN Testers Wiki
for suggestions on how to avoid getting FAIL reports for missing library
or binary dependencies, unsupported operating systems, and so on:

http://wiki.cpantesters.org/wiki/CPANAuthorNotes

Sections of this report:

    * Tester comments
    * Program output
    * Prerequisites
    * Environment and other context

------------------------------
TESTER COMMENTS
------------------------------

Additional comments from tester:

this report is from an automated smoke testing program
and was not reviewed by a human for accuracy

------------------------------
PROGRAM OUTPUT
------------------------------

Output from 'C:\Strawberry\perl\bin\perl.exe ./Build test':

t\001_load.t ......... ok

#   Failed test 'cluck'
#   at t\004_diagnostics.t line 21.
# found carped warning: long at t\004_diagnostics.t line 20.
# expected to find warning: (?^:long at t/004_diagnostics\.t line 20)

#   Failed test 'carp'
#   at t\004_diagnostics.t line 26.
# found carped warning: long at t\004_diagnostics.t line 25.
# expected to find warning: (?^:long at t/004_diagnostics\.t line 25)

#   Failed test 'croak'
#   at t\004_diagnostics.t line 31.
# expecting: Regexp ((?^:long at t/004_diagnostics\.t line 30))
# found: long at t\004_diagnostics.t line 30.
# 	Test::Exception::throws_ok() called at t\004_diagnostics.t line 31

#   Failed test 'confess'
#   at t\004_diagnostics.t line 36.
# expecting: Regexp ((?^:long at t/004_diagnostics\.t line 35))
# found: long at t\004_diagnostics.t line 35.
# 	Test::Exception::throws_ok() called at t\004_diagnostics.t line 36

#   Failed test 'short cluck'
#   at t\004_diagnostics.t line 46.
# found carped warning: short at t\004_diagnostics.t line 45.
# expected to find warning: (?^:short at t/004_diagnostics\.t line 45)

#   Failed test 'short carp'
#   at t\004_diagnostics.t line 51.
# found carped warning: short at t\004_diagnostics.t line 50.
# expected to find warning: (?^:short at t/004_diagnostics\.t line 50)

#   Failed test 'short croak'
#   at t\004_diagnostics.t line 56.
# expecting: Regexp ((?^:short at t/004_diagnostics\.t line 55))
# found: short at t\004_diagnostics.t line 55.
# 	Test::Exception::throws_ok() called at t\004_diagnostics.t line 56

#   Failed test 'short confess'
#   at t\004_diagnostics.t line 61.
# expecting: Regexp ((?^:short at t/004_diagnostics\.t line 60))
# found: short at t\004_diagnostics.t line 60.
# 	Test::Exception::throws_ok() called at t\004_diagnostics.t line 61
# Looks like you failed 8 tests of 11.
t\004_diagnostics.t .. 
Dubious, test returned 8 (wstat 2048, 0x800)
Failed 8/11 subtests 

#   Failed test 'cluck'
#   at t\005_arguments.t line 21.
# found carped warning: message at t\005_arguments.t line 20.
# expected to find warning: (?^:message at t/005_arguments\.t line 20)

#   Failed test 'carp'
#   at t\005_arguments.t line 26.
# found carped warning: message at t\005_arguments.t line 25.
# expected to find warning: (?^:message at t/005_arguments\.t line 25)

#   Failed test 'croak'
#   at t\005_arguments.t line 31.
# expecting: Regexp ((?^:message at t/005_arguments\.t line 30))
# found: message at t\005_arguments.t line 30.
# 	Test::Exception::throws_ok() called at t\005_arguments.t line 31

#   Failed test 'confess'
#   at t\005_arguments.t line 36.
# expecting: Regexp ((?^:message at t/005_arguments\.t line 35))
# found: message at t\005_arguments.t line 35.
# 	Test::Exception::throws_ok() called at t\005_arguments.t line 36

#   Failed test 'cluck'
#   at t\005_arguments.t line 46.
# found carped warning:  at t\005_arguments.t line 45.
# expected to find warning: (?^:^ at t/005_arguments\.t line 45)

#   Failed test 'carp'
#   at t\005_arguments.t line 51.
# found carped warning:  at t\005_arguments.t line 50.
# expected to find warning: (?^:^ at t/005_arguments\.t line 50)

#   Failed test 'croak'
#   at t\005_arguments.t line 56.
# expecting: Regexp ((?^:^ at t/005_arguments\.t line 55))
# found:  at t\005_arguments.t line 55.
# 	Test::Exception::throws_ok() called at t\005_arguments.t line 56

#   Failed test 'confess'
#   at t\005_arguments.t line 61.
# expecting: Regexp ((?^:^ at t/005_arguments\.t line 60))
# found:  at t\005_arguments.t line 60.
# 	Test::Exception::throws_ok() called at t\005_arguments.t line 61
# Looks like you failed 8 tests of 11.
t\005_arguments.t .... 
Dubious, test returned 8 (wstat 2048, 0x800)
Failed 8/11 subtests 

Test Summary Report
-------------------
t\004_diagnostics.t (Wstat: 2048 Tests: 11 Failed: 8)
  Failed tests:  1-8
  Non-zero exit status: 8
t\005_arguments.t  (Wstat: 2048 Tests: 11 Failed: 8)
  Failed tests:  1-8
  Non-zero exit status: 8
Files=3, Tests=24,  2 wallclock secs ( 0.09 usr +  0.02 sys =  0.11 CPU)
Result: FAIL
Failed 2/3 test programs. 16/24 subtests failed.

------------------------------
PREREQUISITES
------------------------------

Prerequisite modules loaded:

requires:

    Module           Need Have 
    ---------------- ---- -----
    IO::String       0    1.08 
    Pod::Text        0    3.18 
    Readonly         0    2.00 
    Sub::Exporter    0    0.987
    Test::Block      0    0.13 
    Test::Exception  0    0.40 
    Test::NoWarnings 0    1.04 
    Test::Warn       0    0.30 
    Win32::Console   0    0.10 


------------------------------
ENVIRONMENT AND OTHER CONTEXT
------------------------------

Environment variables:

    AUTOMATED_TESTING = 1
    COMSPEC = C:\WINDOWS.0\system32\cmd.exe
    NONINTERACTIVE_TESTING = 1
    NUMBER_OF_PROCESSORS = 1
    PATH = C:\WINDOWS.0\system32;C:\strawberry\c\bin;C:\strawberry\perl\site\bin;C:\strawberry\perl\bin
    PERL5LIB = C:\cpan\build\Test-Block-0.13-fC20sF/blib/arch;C:\cpan\build\Test-Block-0.13-fC20sF/blib/lib
    PERL5OPT = 
    PERL5_CPANPLUS_IS_RUNNING = 1596
    PERL5_CPAN_IS_RUNNING = 1596
    PERL5_CPAN_IS_RUNNING_IN_RECURSION = 2552,1596
    PERL_CR_SMOKER_CURRENT = Carp-Diagnostics-0.05.3
    PERL_EXTUTILS_AUTOINSTALL = --defaultdeps
    PERL_MM_USE_DEFAULT = 1
    PROCESSOR_IDENTIFIER = x86 Family 6 Model 14 Stepping 8, GenuineIntel
    TEMP = C:\DOKUME~1\smoker\LOKALE~1\Temp
    TERM = dumb

Perl special variables (and OS-specific diagnostics, for MSWin32):

    $^X = C:\Strawberry\perl\bin\perl.exe
    $UID/$EUID = 0 / 0
    $GID = 0
    $EGID = 0
    Win32::GetOSName = WinXP/.Net
    Win32::GetOSVersion = Service Pack 3, 5, 1, 2600, 2, 3, 0, 256, 1
    Win32::FsType = NTFS
    Win32::IsAdminUser = 1

Perl module toolchain versions installed:

    Module              Have    
    ------------------- --------
    CPAN                2.11    
    CPAN::Meta          2.150005
    Cwd                 3.56    
    ExtUtils::CBuilder  0.280223
    ExtUtils::Command   1.20    
    ExtUtils::Install   2.04    
    ExtUtils::MakeMaker 7.04_01 
    ExtUtils::Manifest  1.70    
    ExtUtils::ParseXS   3.28    
    File::Spec          3.56    
    JSON                2.90    
    JSON::PP            2.27300 
    Module::Build       0.4214  
    Module::Signature   n/a     
    Parse::CPAN::Meta   1.4414  
    Test::Harness       3.35    
    Test::More          1.001014
    YAML                1.15    
    YAML::Syck          n/a     
    version             0.9912  


--

Summary of my perl5 (revision 5 version 22 subversion 0) configuration:
   
  Platform:
    osname=MSWin32, osvers=6.3, archname=MSWin32-x86-multi-thread-64int
    uname='Win32 strawberry-perl 5.22.0.1 #1 Mon Jun  1 20:04:50 2015 i386'
    config_args='undef'
    hint=recommended, useposix=true, d_sigaction=undef
    useithreads=define, usemultiplicity=define
    use64bitint=define, use64bitall=undef, uselongdouble=undef
    usemymalloc=n, bincompat5005=undef
  Compiler:
    cc='gcc', ccflags =' -s -O2 -DWIN32  -DPERL_TEXTMODE_SCRIPTS -DPERL_IMPLICIT_CONTEXT -DPERL_IMPLICIT_SYS -fwrapv -fno-strict-aliasing -mms-bitfields',
    optimize='-s -O2',
    cppflags='-DWIN32'
    ccversion='', gccversion='4.9.2', gccosandvers=''
    intsize=4, longsize=4, ptrsize=4, doublesize=8, byteorder=12345678, doublekind=3
    d_longlong=define, longlongsize=8, d_longdbl=define, longdblsize=8, longdblkind=3
    ivtype='long long', ivsize=8, nvtype='double', nvsize=8, Off_t='long long', lseeksize=8
    alignbytes=8, prototype=define
  Linker and Libraries:
    ld='g++', ldflags ='-s -L"C:\STRAWB~1\perl\lib\CORE" -L"C:\STRAWB~1\c\lib"'
    libpth=C:\STRAWB~1\c\lib C:\STRAWB~1\c\i686-w64-mingw32\lib C:\STRAWB~1\c\lib\gcc\i686-w64-mingw32\4.9.2
    libs=-lmoldname -lkernel32 -luser32 -lgdi32 -lwinspool -lcomdlg32 -ladvapi32 -lshell32 -lole32 -loleaut32 -lnetapi32 -luuid -lws2_32 -lmpr -lwinmm -lversion -lodbc32 -lodbccp32 -lcomctl32
    perllibs=-lmoldname -lkernel32 -luser32 -lgdi32 -lwinspool -lcomdlg32 -ladvapi32 -lshell32 -lole32 -loleaut32 -lnetapi32 -luuid -lws2_32 -lmpr -lwinmm -lversion -lodbc32 -lodbccp32 -lcomctl32
    libc=, so=dll, useshrplib=true, libperl=libperl522.a
    gnulibc_version=''
  Dynamic Linking:
    dlsrc=dl_win32.xs, dlext=xs.dll, d_dlsymun=undef, ccdlflags=' '
    cccdlflags=' ', lddlflags='-mdll -s -L"C:\STRAWB~1\perl\lib\CORE" -L"C:\STRAWB~1\c\lib"'


Characteristics of this binary (from libperl): 
  Compile-time options: HAS_TIMES HAVE_INTERP_INTERN MULTIPLICITY
                        PERLIO_LAYERS PERL_DONT_CREATE_GVSV
                        PERL_HASH_FUNC_ONE_AT_A_TIME_HARD
                        PERL_IMPLICIT_CONTEXT PERL_IMPLICIT_SYS
                        PERL_MALLOC_WRAP PERL_NEW_COPY_ON_WRITE
                        PERL_PRESERVE_IVUV USE_64_BIT_INT USE_ITHREADS
                        USE_LARGE_FILES USE_LOCALE USE_LOCALE_COLLATE
                        USE_LOCALE_CTYPE USE_LOCALE_NUMERIC USE_LOCALE_TIME
                        USE_PERLIO USE_PERL_ATOF
  Built under MSWin32
  Compiled at Jun  1 2015 20:09:13
  %ENV:
    PERL5LIB="C:\cpan\build\Test-Block-0.13-fC20sF/blib/arch;C:\cpan\build\Test-Block-0.13-fC20sF/blib/lib"
    PERL5_CPANPLUS_IS_RUNNING="1596"
    PERL5_CPAN_IS_RUNNING="1596"
    PERL5_CPAN_IS_RUNNING_IN_RECURSION="2552,1596"
    PERL_CR_SMOKER_CURRENT="Carp-Diagnostics-0.05.3"
    PERL_EXTUTILS_AUTOINSTALL="--defaultdeps"
    PERL_MM_USE_DEFAULT="1"
  @INC:
    C:\cpan\build\Test-Block-0.13-fC20sF/blib/arch
    C:\cpan\build\Test-Block-0.13-fC20sF/blib/lib
    C:/Strawberry/perl/site/lib
    C:/Strawberry/perl/vendor/lib
    C:/Strawberry/perl/lib
    .