Git-LowLevel v0.2 Perl 5 v5.22.4 amd64-freebsd

Status
Fail
From
Slaven Rezić (SREZIC)
Dist
Git-LowLevel v0.2
Platform
Perl 5 v5.22.4 amd64-freebsd
Date
2018-09-10 21:02:18
ID
cd9cb09a-b53c-11e8-a91e-cfde5b5db00f
This distribution has been tested as part of the CPAN Testers
project, supporting the Perl programming language.  See
http://wiki.cpantesters.org/ for more information or email
questions to cpan-testers-discuss@perl.org


--
Dear Dominik Meyer,

This is a computer-generated report for Git-LowLevel-0.2
on perl 5.22.4, created by CPAN-Reporter-1.2018.

Thank you for uploading your work to CPAN.  However, there was a problem
testing your distribution.

If you think this report is invalid, please consult the CPAN Testers Wiki
for suggestions on how to avoid getting FAIL reports for missing library
or binary dependencies, unsupported operating systems, and so on:

http://wiki.cpantesters.org/wiki/CPANAuthorNotes

Sections of this report:

    * Tester comments
    * Program output
    * Prerequisites
    * Environment and other context

------------------------------
TESTER COMMENTS
------------------------------

Additional comments from tester:

none provided

------------------------------
PROGRAM OUTPUT
------------------------------

Output from '/usr/bin/make test':

PERL_DL_NONLAZY=1 "/usr/perl5.22.4d/bin/perl5.22.4" "-MExtUtils::Command::MM" "-MTest::Harness" "-e" "undef *Test::Harness::Switches; test_harness(0, 'blib/lib', 'blib/arch')" t/*.t
t/01_base.t ....... ok
fatal: input format error: -e 100644 blob 90bfcb510602aa11ae53a42dcec18ea39fbd8cec	test
usage: git commit-tree [(-p <sha1>)...] [-S[<keyid>]] [-m <message>] [-F <file>] <sha1>
usage: git update-ref [<options>] -d <refname> [<old-val>]
   or: git update-ref [<options>]    <refname> <new-val> [<old-val>]
   or: git update-ref [<options>] --stdin [-z]

    -m <reason>           reason of the update
    -d                    delete the reference
    --no-deref            update <refname> not the one it points to
    -z                    stdin has NUL-terminated arguments
    --stdin               read updates from stdin
    --create-reflog       create a reflog


#   Failed test 'creating/commiting worked'
#   at t/02_blob.t line 42.

#   Failed test 'tree ist not empty after creating blob'
#   at t/02_blob.t line 45.
# Looks like you failed 2 tests of 12.
t/02_blob.t ....... 
Dubious, test returned 2 (wstat 512, 0x200)
Failed 2/12 subtests 
fatal: input format error: -e 100644 blob 90bfcb510602aa11ae53a42dcec18ea39fbd8cec	test
fatal: input format error: -e 040000 tree 	tree
usage: git commit-tree [(-p <sha1>)...] [-S[<keyid>]] [-m <message>] [-F <file>] <sha1>
usage: git update-ref [<options>] -d <refname> [<old-val>]
   or: git update-ref [<options>]    <refname> <new-val> [<old-val>]
   or: git update-ref [<options>] --stdin [-z]

    -m <reason>           reason of the update
    -d                    delete the reference
    --no-deref            update <refname> not the one it points to
    -z                    stdin has NUL-terminated arguments
    --stdin               read updates from stdin
    --create-reflog       create a reflog


#   Failed test 'creating/commiting worked'
#   at t/03_tree.t line 48.

#   Failed test 'tree ist not empty after creating tree'
#   at t/03_tree.t line 51.
# Looks like you failed 2 tests of 16.
t/03_tree.t ....... 
Dubious, test returned 2 (wstat 512, 0x200)
Failed 2/16 subtests 
fatal: input format error: -e 100644 blob a8ec13bae048b804bcd698acb6b902c6eb954df6	dScgFduQeJ999xHNH1SIMULY5pbZoInmmLSJZXapHQsmVL6AVSV4IdPXAxnBTMlKUtooX3gOU9pD64j9o9ex4TJgQnK2RwVznSsTmgH57Q6JupfjXpJfcRao6zMyhwiqa7VZdGdyt0A8qziaD6wAhsGrv2dT0raS5olTlDcgBnWD2vzJtt8oNSRIi0Ttd645ffABdL15eUiX88Yt2qdim2nzt6p
usage: git commit-tree [(-p <sha1>)...] [-S[<keyid>]] [-m <message>] [-F <file>] <sha1>
usage: git update-ref [<options>] -d <refname> [<old-val>]
   or: git update-ref [<options>]    <refname> <new-val> [<old-val>]
   or: git update-ref [<options>] --stdin [-z]

    -m <reason>           reason of the update
    -d                    delete the reference
    --no-deref            update <refname> not the one it points to
    -z                    stdin has NUL-terminated arguments
    --stdin               read updates from stdin
    --create-reflog       create a reflog


#   Failed test 'find blob dScgFduQeJ999xHNH1SIMULY5pbZoInmmLSJZXapHQsmVL6AVSV4IdPXAxnBTMlKUtooX3gOU9pD64j9o9ex4TJgQnK2RwVznSsTmgH57Q6JupfjXpJfcRao6zMyhwiqa7VZdGdyt0A8qziaD6wAhsGrv2dT0raS5olTlDcgBnWD2vzJtt8oNSRIi0Ttd645ffABdL15eUiX88Yt2qdim2nzt6p'
#   at t/04_extensive.t line 61.

#   Failed test 'checking for Git::LowLevel::Blob object'
#   at t/04_extensive.t line 62.
Can't call method "content" on an undefined value at t/04_extensive.t line 63.
# Tests were run but no plan was declared and done_testing() was not seen.
# Looks like your test exited with 128 just after 7.
t/04_extensive.t .. 
Dubious, test returned 128 (wstat 32768, 0x8000)
Failed 2/7 subtests 

Test Summary Report
-------------------
t/02_blob.t     (Wstat: 512 Tests: 12 Failed: 2)
  Failed tests:  9-10
  Non-zero exit status: 2
t/03_tree.t     (Wstat: 512 Tests: 16 Failed: 2)
  Failed tests:  10-11
  Non-zero exit status: 2
t/04_extensive.t (Wstat: 32768 Tests: 7 Failed: 2)
  Failed tests:  6-7
  Non-zero exit status: 128
  Parse errors: No plan found in TAP output
Files=4, Tests=43,  3 wallclock secs ( 0.05 usr  0.01 sys +  1.91 cusr  0.62 csys =  2.58 CPU)
Result: FAIL
Failed 3/4 test programs. 6/43 subtests failed.
*** Error code 128

Stop.
make: stopped in /home/cpansand/.cpan/build/2018091105/Git-LowLevel-0.2-v5qjDb

------------------------------
PREREQUISITES
------------------------------

Prerequisite modules loaded:

requires:

    Module              Need Have    
    ------------------- ---- --------
    File::Basename      0    2.85    
    Moose               0    2.2010  
    MooseX::Privacy     0    0.05    
    strict              0    1.09    
    warnings            0    1.34    

build_requires:

    Module              Need Have    
    ------------------- ---- --------
    ExtUtils::MakeMaker 0    7.04_02 
    File::Temp          0    0.2304  
    String::Random      0    0.30    
    Test::Exception     0    0.43    
    Test::More          0    1.302133

configure_requires:

    Module              Need Have    
    ------------------- ---- --------
    ExtUtils::MakeMaker 0    7.04_02 


------------------------------
ENVIRONMENT AND OTHER CONTEXT
------------------------------

Environment variables:

    PATH = /usr/local/bin:/usr/bin:/bin:/usr/local/sbin:/usr/sbin:/sbin:/home/cpansand/bin/freebsd11.1:/home/cpansand/bin/sh:/home/cpansand/bin:/usr/games:/home/cpansand/devel:/home/eserte/src/srezic-misc/scripts
    PERL5LIB = /home/cpansand/.cpan/build/2018091105/MooseX-Privacy-0.05-vdg5Vi/blib/arch:/home/cpansand/.cpan/build/2018091105/MooseX-Privacy-0.05-vdg5Vi/blib/lib:/home/cpansand/.cpan/build/2018091105/MooseX-Role-Parameterized-1.10-gR7ZZN/blib/arch:/home/cpansand/.cpan/build/2018091105/MooseX-Role-Parameterized-1.10-gR7ZZN/blib/lib:/home/cpansand/.cpan/build/2018091105/MooseX-Role-WithOverloading-0.17-uDf7wY/blib/arch:/home/cpansand/.cpan/build/2018091105/MooseX-Role-WithOverloading-0.17-uDf7wY/blib/lib:/home/cpansand/.cpan/build/2018091105/aliased-0.34-SCdZqh/blib/arch:/home/cpansand/.cpan/build/2018091105/aliased-0.34-SCdZqh/blib/lib:/home/cpansand/.cpan/build/2018091105/MooseX-Types-0.50-AtqDsa/blib/arch:/home/cpansand/.cpan/build/2018091105/MooseX-Types-0.50-AtqDsa/blib/lib:/home/cpansand/.cpan/build/2018091105/Sub-Exporter-ForMethods-0.100052-0Uf9u1/blib/arch:/home/cpansand/.cpan/build/2018091105/Sub-Exporter-ForMethods-0.100052-0Uf9u1/blib/lib:/home/cpansand/.cpan/build/2018091105/Carp-Clan-6.06-bsWYhL/blib/arch:/home/cpansand/.cpan/build/2018091105/Carp-Clan-6.06-bsWYhL/blib/lib:/home/cpansand/.cpan/build/2018091105/String-Random-0.30-UX564o/blib/arch:/home/cpansand/.cpan/build/2018091105/String-Random-0.30-UX564o/blib/lib:/home/cpansand/.cpan/build/2018091105/Test-Exception-0.43-d0T8UD/blib/arch:/home/cpansand/.cpan/build/2018091105/Test-Exception-0.43-d0T8UD/blib/lib
    PERL5OPT = 
    PERL5_CPANPLUS_IS_RUNNING = 46274
    PERL5_CPAN_IS_RUNNING = 46274
    PERL5_CPAN_IS_RUNNING_IN_RECURSION = 46261,46274
    PERLDOC = -MPod::Perldoc::ToTextOverstrike
    PERL_BATCH = yes
    PERL_CANARY_STABILITY_NOPROMPT = 1
    PERL_CPAN_REPORTER_CONFIG = /var/tmp/cpansmoker-1023/2018091105/cpanreporter_000_config.ini
    PERL_EXTUTILS_AUTOINSTALL = --defaultdeps
    SHELL = /usr/local/bin/zsh
    TERM = screen
    TMPDIR = /var/tmp/cpansmoker-1023/2018091105

Perl special variables (and OS-specific diagnostics, for MSWin32):

    $^X = /usr/perl5.22.4d/bin/perl5.22.4
    $UID/$EUID = 1023 / 1023
    $GID = 1023 1023
    $EGID = 1023 1023

Perl module toolchain versions installed:

    Module              Have      
    ------------------- ----------
    CPAN                2.11_01   
    CPAN::Meta          2.150001  
    Cwd                 3.56_02   
    ExtUtils::CBuilder  0.280221  
    ExtUtils::Command   1.20_01   
    ExtUtils::Install   2.04      
    ExtUtils::MakeMaker 7.04_02   
    ExtUtils::Manifest  1.70      
    ExtUtils::ParseXS   3.28      
    File::Spec          3.56_02   
    JSON                2.97001   
    JSON::PP            2.27300_01
    Module::Build       0.4224    
    Module::Signature   n/a       
    Parse::CPAN::Meta   1.4414_001
    Test::Harness       3.35_01   
    Test::More          1.302133  
    YAML                1.24      
    YAML::Syck          1.30      
    version             0.9909    


--

Summary of my perl5 (revision 5 version 22 subversion 4) configuration:
   
  Platform:
    osname=freebsd, osvers=11.1-release-p4, archname=amd64-freebsd
    uname='freebsd ali2.bbbike.org 11.1-release-p4 freebsd 11.1-release-p4 #0: tue nov 14 06:12:40 utc 2017 root@amd64-builder.daemonology.net:usrobjusrsrcsysgeneric amd64 '
    config_args='-ds -e -Dprefix=/usr/perl5.22.4d -DDEBUGGING -Dcf_email=srezic@cpan.org -Doptimize=-O2 -pipe'
    hint=recommended, useposix=true, d_sigaction=define
    useithreads=undef, usemultiplicity=undef
    use64bitint=define, use64bitall=define, uselongdouble=undef
    usemymalloc=n, bincompat5005=undef
  Compiler:
    cc='cc', ccflags ='-DHAS_FPSETMASK -DHAS_FLOATINGPOINT_H -DDEBUGGING -fno-strict-aliasing -pipe -fstack-protector-strong -I/usr/local/include -D_FORTIFY_SOURCE=2',
    optimize='-O2 -pipe -g',
    cppflags='-DHAS_FPSETMASK -DHAS_FLOATINGPOINT_H -DDEBUGGING -fno-strict-aliasing -pipe -fstack-protector-strong -I/usr/local/include'
    ccversion='', gccversion='4.2.1 Compatible FreeBSD Clang 4.0.0 (tags/RELEASE_400/final 297347)', gccosandvers=''
    intsize=4, longsize=8, ptrsize=8, doublesize=8, byteorder=12345678, doublekind=3
    d_longlong=define, longlongsize=8, d_longdbl=define, longdblsize=16, longdblkind=3
    ivtype='long', ivsize=8, nvtype='double', nvsize=8, Off_t='off_t', lseeksize=8
    alignbytes=8, prototype=define
  Linker and Libraries:
    ld='cc', ldflags ='-Wl,-E  -fstack-protector-strong -L/usr/local/lib'
    libpth=/usr/lib /usr/local/lib /usr/bin/../lib/clang/4.0.0/lib /usr/lib
    libs=-lpthread -lgdbm -lm -lcrypt -lutil -lc
    perllibs=-lpthread -lm -lcrypt -lutil -lc
    libc=, so=so, useshrplib=false, libperl=libperl.a
    gnulibc_version=''
  Dynamic Linking:
    dlsrc=dl_dlopen.xs, dlext=so, d_dlsymun=undef, ccdlflags=' '
    cccdlflags='-DPIC -fPIC', lddlflags='-shared  -L/usr/local/lib -fstack-protector-strong'


Characteristics of this binary (from libperl): 
  Compile-time options: DEBUGGING HAS_TIMES PERLIO_LAYERS
                        PERL_DONT_CREATE_GVSV
                        PERL_HASH_FUNC_ONE_AT_A_TIME_HARD PERL_MALLOC_WRAP
                        PERL_NEW_COPY_ON_WRITE PERL_PRESERVE_IVUV
                        USE_64_BIT_ALL USE_64_BIT_INT USE_LARGE_FILES
                        USE_LOCALE USE_LOCALE_COLLATE USE_LOCALE_CTYPE
                        USE_LOCALE_NUMERIC USE_LOCALE_TIME USE_PERLIO
                        USE_PERL_ATOF
  Built under freebsd
  Compiled at Jan 31 2018 14:57:51
  %ENV:
    PERL5LIB="/home/cpansand/.cpan/build/2018091105/MooseX-Privacy-0.05-vdg5Vi/blib/arch:/home/cpansand/.cpan/build/2018091105/MooseX-Privacy-0.05-vdg5Vi/blib/lib:/home/cpansand/.cpan/build/2018091105/MooseX-Role-Parameterized-1.10-gR7ZZN/blib/arch:/home/cpansand/.cpan/build/2018091105/MooseX-Role-Parameterized-1.10-gR7ZZN/blib/lib:/home/cpansand/.cpan/build/2018091105/MooseX-Role-WithOverloading-0.17-uDf7wY/blib/arch:/home/cpansand/.cpan/build/2018091105/MooseX-Role-WithOverloading-0.17-uDf7wY/blib/lib:/home/cpansand/.cpan/build/2018091105/aliased-0.34-SCdZqh/blib/arch:/home/cpansand/.cpan/build/2018091105/aliased-0.34-SCdZqh/blib/lib:/home/cpansand/.cpan/build/2018091105/MooseX-Types-0.50-AtqDsa/blib/arch:/home/cpansand/.cpan/build/2018091105/MooseX-Types-0.50-AtqDsa/blib/lib:/home/cpansand/.cpan/build/2018091105/Sub-Exporter-ForMethods-0.100052-0Uf9u1/blib/arch:/home/cpansand/.cpan/build/2018091105/Sub-Exporter-ForMethods-0.100052-0Uf9u1/blib/lib:/home/cpansand/.cpan/build/2018091105/Carp-Clan-6.06-bsWYhL/blib/arch:/home/cpansand/.cpan/build/2018091105/Carp-Clan-6.06-bsWYhL/blib/lib:/home/cpansand/.cpan/build/2018091105/String-Random-0.30-UX564o/blib/arch:/home/cpansand/.cpan/build/2018091105/String-Random-0.30-UX564o/blib/lib:/home/cpansand/.cpan/build/2018091105/Test-Exception-0.43-d0T8UD/blib/arch:/home/cpansand/.cpan/build/2018091105/Test-Exception-0.43-d0T8UD/blib/lib"
    PERL5OPT=""
    PERL5_CPANPLUS_IS_RUNNING="46274"
    PERL5_CPAN_IS_RUNNING="46274"
    PERL5_CPAN_IS_RUNNING_IN_RECURSION="46261,46274"
    PERLDOC="-MPod::Perldoc::ToTextOverstrike"
    PERL_BATCH="yes"
    PERL_CANARY_STABILITY_NOPROMPT="1"
    PERL_CPAN_REPORTER_CONFIG="/var/tmp/cpansmoker-1023/2018091105/cpanreporter_000_config.ini"
    PERL_EXTUTILS_AUTOINSTALL="--defaultdeps"
  @INC:
    /home/cpansand/.cpan/build/2018091105/MooseX-Privacy-0.05-vdg5Vi/blib/arch
    /home/cpansand/.cpan/build/2018091105/MooseX-Privacy-0.05-vdg5Vi/blib/lib
    /home/cpansand/.cpan/build/2018091105/MooseX-Role-Parameterized-1.10-gR7ZZN/blib/arch
    /home/cpansand/.cpan/build/2018091105/MooseX-Role-Parameterized-1.10-gR7ZZN/blib/lib
    /home/cpansand/.cpan/build/2018091105/MooseX-Role-WithOverloading-0.17-uDf7wY/blib/arch
    /home/cpansand/.cpan/build/2018091105/MooseX-Role-WithOverloading-0.17-uDf7wY/blib/lib
    /home/cpansand/.cpan/build/2018091105/aliased-0.34-SCdZqh/blib/arch
    /home/cpansand/.cpan/build/2018091105/aliased-0.34-SCdZqh/blib/lib
    /home/cpansand/.cpan/build/2018091105/MooseX-Types-0.50-AtqDsa/blib/arch
    /home/cpansand/.cpan/build/2018091105/MooseX-Types-0.50-AtqDsa/blib/lib
    /home/cpansand/.cpan/build/2018091105/Sub-Exporter-ForMethods-0.100052-0Uf9u1/blib/arch
    /home/cpansand/.cpan/build/2018091105/Sub-Exporter-ForMethods-0.100052-0Uf9u1/blib/lib
    /home/cpansand/.cpan/build/2018091105/Carp-Clan-6.06-bsWYhL/blib/arch
    /home/cpansand/.cpan/build/2018091105/Carp-Clan-6.06-bsWYhL/blib/lib
    /home/cpansand/.cpan/build/2018091105/String-Random-0.30-UX564o/blib/arch
    /home/cpansand/.cpan/build/2018091105/String-Random-0.30-UX564o/blib/lib
    /home/cpansand/.cpan/build/2018091105/Test-Exception-0.43-d0T8UD/blib/arch
    /home/cpansand/.cpan/build/2018091105/Test-Exception-0.43-d0T8UD/blib/lib
    /usr/perl5.22.4d/lib/site_perl/5.22.4/amd64-freebsd
    /usr/perl5.22.4d/lib/site_perl/5.22.4
    /usr/perl5.22.4d/lib/5.22.4/amd64-freebsd
    /usr/perl5.22.4d/lib/5.22.4
    .