Image-Scale v0.14 Perl 5 v5.36.3 x86_64-linux

Status
Fail
From
Slaven Rezić
Dist
Image-Scale v0.14
Platform
Perl 5 v5.36.3 x86_64-linux
Date
2025-04-25 06:30:38
ID
cda2d3dc-219e-11f0-b44c-88496e8775ea
This distribution has been tested as part of the CPAN Testers
project, supporting the Perl programming language.  See
http://wiki.cpantesters.org/ for more information or email
questions to cpan-testers-discuss@perl.org


--
Dear Andy Grundman,

This is a computer-generated report for Image-Scale-0.14
on perl 5.36.3, created by CPAN-Reporter-1.2020.

Thank you for uploading your work to CPAN.  However, there was a problem
testing your distribution.

If you think this report is invalid, please consult the CPAN Testers Wiki
for suggestions on how to avoid getting FAIL reports for missing library
or binary dependencies, unsupported operating systems, and so on:

http://wiki.cpantesters.org/wiki/CPANAuthorNotes

Sections of this report:

    * Tester comments
    * Program output
    * Prerequisites
    * Environment and other context

------------------------------
TESTER COMMENTS
------------------------------

Additional comments from tester:

none provided

------------------------------
PROGRAM OUTPUT
------------------------------

Output from '/usr/bin/make test':

"/opt/perl-5.36.3/bin/perl" -MExtUtils::Command::MM -e 'cp_nonempty' -- Scale.bs blib/arch/auto/Image/Scale/Scale.bs 644
PERL_DL_NONLAZY=1 "/opt/perl-5.36.3/bin/perl" "-MExtUtils::Command::MM" "-MTest::Harness" "-e" "undef *Test::Harness::Switches; test_harness(0, 'blib/lib', 'blib/arch')" t/*.t
t/01use.t .......... ok
t/02pod.t .......... skipped: set TEST_POD to enable this test
t/03podcoverage.t .. skipped: set TEST_POD to enable this test
t/04critic.t ....... skipped: Critic test only for developers.

#   Failed test 'BMP 1bit resize_gd_fixed_point 127 file ok'
#   at t/bmp.t line 58.
#          got: ''
#     expected: '1'

#   Failed test 'BMP 4bit resize_gd_fixed_point 127 file ok'
#   at t/bmp.t line 58.
#          got: ''
#     expected: '1'

#   Failed test 'BMP 8bit resize_gd_fixed_point 127 file ok'
#   at t/bmp.t line 58.
#          got: ''
#     expected: '1'

#   Failed test 'BMP 16bit_555 resize_gd_fixed_point 127 file ok'
#   at t/bmp.t line 58.
#          got: ''
#     expected: '1'

#   Failed test 'BMP 16bit_565 resize_gd_fixed_point 127 file ok'
#   at t/bmp.t line 58.
#          got: ''
#     expected: '1'

#   Failed test 'BMP 24bit resize_gd_fixed_point 127 file ok'
#   at t/bmp.t line 58.
#          got: ''
#     expected: '1'

#   Failed test 'BMP 32bit resize_gd_fixed_point 127 file ok'
#   at t/bmp.t line 58.
#          got: ''
#     expected: '1'

#   Failed test 'BMP 32bit_alpha resize_gd_fixed_point 127 file ok'
#   at t/bmp.t line 58.
#          got: ''
#     expected: '1'

#   Failed test 'BMP multiple resize_gd_fixed_point ok'
#   at t/bmp.t line 76.
#          got: ''
#     expected: '1'

#   Failed test 'BMP resize_gd_fixed_point from scalar ok'
#   at t/bmp.t line 91.
#          got: ''
#     expected: '1'

#   Failed test 'BMP resize_gd_fixed_point multiple from scalar ok'
#   at t/bmp.t line 107.
#          got: ''
#     expected: '1'

#   Failed test 'BMP resize_gd_fixed_point from offset ID3 tag ok'
#   at t/bmp.t line 128.
#          got: ''
#     expected: '1'
# Looks like you failed 12 tests of 30.
t/bmp.t ............ 
Dubious, test returned 12 (wstat 3072, 0xc00)
Failed 12/30 subtests 

#   Failed test 'GIF transparent resize_gd_fixed_point 100 file ok'
#   at t/gif.t line 58.
#          got: ''
#     expected: '1'

#   Failed test 'GIF white resize_gd_fixed_point 100 file ok'
#   at t/gif.t line 58.
#          got: ''
#     expected: '1'

#   Failed test 'GIF interlaced_256 resize_gd_fixed_point 100 file ok'
#   at t/gif.t line 58.
#          got: ''
#     expected: '1'

#   Failed test 'GIF multiple resize_gd_fixed_point ok'
#   at t/gif.t line 98.
#          got: ''
#     expected: '1'

#   Failed test 'GIF resize_gd_fixed_point from scalar ok'
#   at t/gif.t line 113.
#          got: ''
#     expected: '1'

#   Failed test 'GIF resize_gd_fixed_point multiple from scalar ok'
#   at t/gif.t line 129.
#          got: ''
#     expected: '1'

#   Failed test 'GIF resize_gd_fixed_point from offset ID3 tag ok'
#   at t/gif.t line 150.
#          got: ''
#     expected: '1'
# giflib version: 5.2
# Looks like you failed 7 tests of 18.
t/gif.t ............ 
Dubious, test returned 7 (wstat 1792, 0x700)
Failed 7/18 subtests 
# libjpeg version: 62
t/jpeg.t ........... ok

#   Failed test 'PNG rgb resize_gd_fixed_point 100 file ok'
#   at t/png.t line 63.
#          got: ''
#     expected: '1'

#   Failed test 'PNG rgb resize_gd_fixed_point 100 scalar ok'
#   at t/png.t line 64.
#          got: ''
#     expected: '1'

#   Failed test 'PNG rgba resize_gd_fixed_point 100 file ok'
#   at t/png.t line 63.
#          got: ''
#     expected: '1'

#   Failed test 'PNG rgba resize_gd_fixed_point 100 scalar ok'
#   at t/png.t line 64.
#          got: ''
#     expected: '1'

#   Failed test 'PNG rgba_interlaced resize_gd_fixed_point 100 file ok'
#   at t/png.t line 63.
#          got: ''
#     expected: '1'

#   Failed test 'PNG rgba_interlaced resize_gd_fixed_point 100 scalar ok'
#   at t/png.t line 64.
#          got: ''
#     expected: '1'

#   Failed test 'PNG rgba16 resize_gd_fixed_point 100 file ok'
#   at t/png.t line 63.
#          got: ''
#     expected: '1'

#   Failed test 'PNG rgba16 resize_gd_fixed_point 100 scalar ok'
#   at t/png.t line 64.
#          got: ''
#     expected: '1'

#   Failed test 'PNG gray resize_gd_fixed_point 100 file ok'
#   at t/png.t line 63.
#          got: ''
#     expected: '1'

#   Failed test 'PNG gray resize_gd_fixed_point 100 scalar ok'
#   at t/png.t line 64.
#          got: ''
#     expected: '1'

#   Failed test 'PNG gray_alpha resize_gd_fixed_point 100 file ok'
#   at t/png.t line 63.
#          got: ''
#     expected: '1'

#   Failed test 'PNG gray_alpha resize_gd_fixed_point 100 scalar ok'
#   at t/png.t line 64.
#          got: ''
#     expected: '1'

#   Failed test 'PNG gray_interlaced resize_gd_fixed_point 100 file ok'
#   at t/png.t line 63.
#          got: ''
#     expected: '1'

#   Failed test 'PNG gray_interlaced resize_gd_fixed_point 100 scalar ok'
#   at t/png.t line 64.
#          got: ''
#     expected: '1'

#   Failed test 'PNG palette resize_gd_fixed_point 100 file ok'
#   at t/png.t line 63.
#          got: ''
#     expected: '1'

#   Failed test 'PNG palette resize_gd_fixed_point 100 scalar ok'
#   at t/png.t line 64.
#          got: ''
#     expected: '1'

#   Failed test 'PNG palette_alpha resize_gd_fixed_point 100 file ok'
#   at t/png.t line 63.
#          got: ''
#     expected: '1'

#   Failed test 'PNG palette_alpha resize_gd_fixed_point 100 scalar ok'
#   at t/png.t line 64.
#          got: ''
#     expected: '1'

#   Failed test 'PNG multiple resize resize_gd_fixed_point ok'
#   at t/png.t line 107.
#          got: ''
#     expected: '1'

#   Failed test 'PNG resize_gd_fixed_point from scalar ok'
#   at t/png.t line 120.
#          got: ''
#     expected: '1'

#   Failed test 'PNG resize_gd_fixed_point multiple from scalar ok'
#   at t/png.t line 133.
#          got: ''
#     expected: '1'

#   Failed test 'PNG resize_gd_fixed_point from offset ID3 tag ok'
#   at t/png.t line 150.
#          got: ''
#     expected: '1'
# libpng version: 1.6.40
# Looks like you failed 22 tests of 46.
t/png.t ............ 
Dubious, test returned 22 (wstat 5632, 0x1600)
Failed 22/46 subtests 
t/stringify.t ...... ok

Test Summary Report
-------------------
t/bmp.t          (Wstat: 3072 (exited 12) Tests: 30 Failed: 12)
  Failed tests:  17-27, 30
  Non-zero exit status: 12
t/gif.t          (Wstat: 1792 (exited 7) Tests: 18 Failed: 7)
  Failed tests:  7-9, 12-14, 17
  Non-zero exit status: 7
t/png.t          (Wstat: 5632 (exited 22) Tests: 46 Failed: 22)
  Failed tests:  19-36, 40-42, 45
  Non-zero exit status: 22
Files=9, Tests=215,  0 wallclock secs ( 0.04 usr  0.02 sys +  0.46 cusr  0.12 csys =  0.64 CPU)
Result: FAIL
Failed 3/9 test programs. 41/215 subtests failed.
make: *** [Makefile:1049: test_dynamic] Error 255

------------------------------
PREREQUISITES
------------------------------

Prerequisite modules loaded:

requires:

    Module              Need  Have    
    ------------------- ----- --------
    perl                5.008 5.036003
    Test::NoWarnings    0     1.06    

build_requires:

    Module              Need  Have    
    ------------------- ----- --------
    ExtUtils::MakeMaker 0     7.72    

configure_requires:

    Module              Need  Have    
    ------------------- ----- --------
    ExtUtils::MakeMaker 0     7.72    


------------------------------
ENVIRONMENT AND OTHER CONTEXT
------------------------------

Environment variables:

    LANG = en_US.UTF-8
    PATH = /usr/local/bin:/usr/bin:/bin:/usr/local/sbin:/usr/sbin:/sbin:/home/cpansand/bin/linux-gnu:/home/cpansand/bin/sh:/home/cpansand/bin:/usr/games:/home/cpansand/devel:/home/eserte/src/srezic-misc/scripts
    PERL5LIB = 
    PERL5OPT = 
    PERL5_CPANPLUS_IS_RUNNING = 2270218
    PERL5_CPAN_IS_RUNNING = 2270218
    PERL5_CPAN_IS_RUNNING_IN_RECURSION = 2266340,2270218
    PERLDOC = -MPod::Perldoc::ToTextOverstrike
    PERL_BATCH = yes
    PERL_CANARY_STABILITY_NOPROMPT = 1
    PERL_CPAN_REPORTER_CONFIG = /var/tmp/cpansmoker-1023/2025042416/cpanreporter_000_config.ini
    PERL_EXTUTILS_AUTOINSTALL = --defaultdeps
    PERL_USE_UNSAFE_INC = 1
    SHELL = /usr/bin/zsh
    TERM = screen
    TMPDIR = /var/tmp/cpansmoker-1023/2025042416

Perl special variables (and OS-specific diagnostics, for MSWin32):

    $^X = /opt/perl-5.36.3/bin/perl
    $UID/$EUID = 1023 / 1023
    $GID = 1023 1023
    $EGID = 1023 1023

Perl module toolchain versions installed:

    Module              Have    
    ------------------- --------
    CPAN                2.33    
    CPAN::Meta          2.150010
    Cwd                 3.84    
    ExtUtils::CBuilder  0.280236
    ExtUtils::Command   7.72    
    ExtUtils::Install   2.20    
    ExtUtils::MakeMaker 7.72    
    ExtUtils::Manifest  1.75    
    ExtUtils::ParseXS   3.51    
    File::Spec          3.84    
    JSON                4.10    
    JSON::PP            4.16    
    Module::Build       0.4234  
    Module::Signature   n/a     
    Parse::CPAN::Meta   2.150010
    Test2               1.302209
    Test::Harness       3.44    
    Test::More          1.302209
    YAML                1.31    
    YAML::Syck          1.34    
    version             0.9929  


--

Summary of my perl5 (revision 5 version 36 subversion 3) configuration:
   
  Platform:
    osname=linux
    osvers=6.12.11-200.fc41.x86_64
    archname=x86_64-linux
    uname='linux cloud4.bbbike.org 6.12.11-200.fc41.x86_64 #1 smp preempt_dynamic fri jan 24 04:59:58 utc 2025 x86_64 gnulinux '
    config_args='-ds -e -Dprefix=/opt/perl-5.36.3 -Uinstallusrbinperl -Dcf_email=srezic@cpan.org'
    hint=recommended
    useposix=true
    d_sigaction=define
    useithreads=undef
    usemultiplicity=undef
    use64bitint=define
    use64bitall=define
    uselongdouble=undef
    usemymalloc=n
    default_inc_excludes_dot=define
  Compiler:
    cc='cc'
    ccflags ='-fwrapv -fno-strict-aliasing -pipe -fstack-protector-strong -I/usr/local/include -D_LARGEFILE_SOURCE -D_FILE_OFFSET_BITS=64 -D_FORTIFY_SOURCE=2'
    optimize='-O2'
    cppflags='-fwrapv -fno-strict-aliasing -pipe -fstack-protector-strong -I/usr/local/include'
    ccversion=''
    gccversion='14.2.1 20250110 (Red Hat 14.2.1-7)'
    gccosandvers=''
    intsize=4
    longsize=8
    ptrsize=8
    doublesize=8
    byteorder=12345678
    doublekind=3
    d_longlong=define
    longlongsize=8
    d_longdbl=define
    longdblsize=16
    longdblkind=3
    ivtype='long'
    ivsize=8
    nvtype='double'
    nvsize=8
    Off_t='off_t'
    lseeksize=8
    alignbytes=8
    prototype=define
  Linker and Libraries:
    ld='cc'
    ldflags =' -fstack-protector-strong -L/usr/local/lib'
    libpth=/usr/local/lib /usr/lib /usr/lib64 /usr/local/lib64
    libs=-lpthread -ldb -ldl -lm -lcrypt -lutil -lc
    perllibs=-lpthread -ldl -lm -lcrypt -lutil -lc
    libc=/lib/../lib64/libc.so.6
    so=so
    useshrplib=false
    libperl=libperl.a
    gnulibc_version='2.40'
  Dynamic Linking:
    dlsrc=dl_dlopen.xs
    dlext=so
    d_dlsymun=undef
    ccdlflags='-Wl,-E'
    cccdlflags='-fPIC'
    lddlflags='-shared -O2 -L/usr/local/lib -fstack-protector-strong'


Characteristics of this binary (from libperl): 
  Compile-time options:
    HAS_TIMES
    PERLIO_LAYERS
    PERL_COPY_ON_WRITE
    PERL_DONT_CREATE_GVSV
    PERL_MALLOC_WRAP
    PERL_OP_PARENT
    PERL_PRESERVE_IVUV
    USE_64_BIT_ALL
    USE_64_BIT_INT
    USE_LARGE_FILES
    USE_LOCALE
    USE_LOCALE_COLLATE
    USE_LOCALE_CTYPE
    USE_LOCALE_NUMERIC
    USE_LOCALE_TIME
    USE_PERLIO
    USE_PERL_ATOF
  Built under linux
  Compiled at Feb  6 2025 21:03:46
  %ENV:
    PERL5LIB=""
    PERL5OPT=""
    PERL5_CPANPLUS_IS_RUNNING="2270218"
    PERL5_CPAN_IS_RUNNING="2270218"
    PERL5_CPAN_IS_RUNNING_IN_RECURSION="2266340,2270218"
    PERLDOC="-MPod::Perldoc::ToTextOverstrike"
    PERL_BATCH="yes"
    PERL_CANARY_STABILITY_NOPROMPT="1"
    PERL_CPAN_REPORTER_CONFIG="/var/tmp/cpansmoker-1023/2025042416/cpanreporter_000_config.ini"
    PERL_EXTUTILS_AUTOINSTALL="--defaultdeps"
    PERL_USE_UNSAFE_INC="1"
  @INC:
    /opt/perl-5.36.3/lib/site_perl/5.36.3/x86_64-linux
    /opt/perl-5.36.3/lib/site_perl/5.36.3
    /opt/perl-5.36.3/lib/5.36.3/x86_64-linux
    /opt/perl-5.36.3/lib/5.36.3
    .