Report for MRS-Client-0.600100

Back
From: metabase:user:6f0cc372-4c19-11e2-91ab-d83883dc70e1
Subject: FAIL MRS-Client-0.600100 v5.16.2 GNU/Linux
Date: 2013-04-07T21:04:57Z

This distribution has been tested as part of the CPAN Testers
project, supporting the Perl programming language.  See
http://wiki.cpantesters.org/ for more information or email
questions to cpan-testers-discuss@perl.org


--
Dear Martin Senger,

This is a computer-generated report for MRS-Client-0.600100
on perl 5.16.2, created by CPAN-Reporter-1.2009.

Thank you for uploading your work to CPAN.  However, there was a problem
testing your distribution.

If you think this report is invalid, please consult the CPAN Testers Wiki
for suggestions on how to avoid getting FAIL reports for missing library
or binary dependencies, unsupported operating systems, and so on:

http://wiki.cpantesters.org/wiki/CPANAuthorNotes

Sections of this report:

    * Tester comments
    * Program output
    * Prerequisites
    * Environment and other context

------------------------------
TESTER COMMENTS
------------------------------

Additional comments from tester:

this report is from an automated smoke testing program
and was not reviewed by a human for accuracy

------------------------------
PROGRAM OUTPUT
------------------------------

Output from '/usr/bin/make test':

PERL_DL_NONLAZY=1 /home/danaj/perl5/perlbrew/perls/perl-5.16.2/bin/perl "-MExtUtils::Command::MM" "-e" "test_harness(0, 'blib/lib', 'blib/arch')" t/*.t
t/00-compile.t .......... ok
# Testing MRS::Client 0.600100, Perl v5.16.2, /home/danaj/perl5/perlbrew/perls/perl-5.16.2/bin/perl
t/00-load.t ............. ok
# Data manipulation
t/01-data.t ............. ok
# Setting host and endpoints
t/02-endpoint.t ......... ok
# Calling MRS services

#   Failed test 'Databank name'
#   at t/03-network.t line 22.

#   Failed test 'Databank version'
#   at t/03-network.t line 23.

#   Failed test 'Databank parser'
#   at t/03-network.t line 25.

#   Failed test 'Databank URL'
#   at t/03-network.t line 26.

#   Failed test 'Databank files'
#   at t/03-network.t line 29.
Can't use an undefined value as an ARRAY reference at t/03-network.t line 30.
# Looks like you planned 30 tests but ran 8.
# Looks like you failed 5 tests of 8 run.
# Looks like your test exited with 255 just after 8.
t/03-network.t .......... 
Dubious, test returned 255 (wstat 65280, 0xff00)
Failed 27/30 subtests 
# Manipulation of hyperlinks
t/04-links.t ............ ok
t/author-critic.t ....... skipped: these tests are for testing by the author
t/author-pod-spell.t .... skipped: these tests are for testing by the author
t/release-distmeta.t .... skipped: these tests are for release candidate testing
t/release-eol.t ......... skipped: these tests are for release candidate testing
t/release-no-tabs.t ..... skipped: these tests are for release candidate testing
t/release-pod-syntax.t .. skipped: these tests are for release candidate testing

Test Summary Report
-------------------
t/03-network.t        (Wstat: 65280 Tests: 8 Failed: 5)
  Failed tests:  2-3, 5-6, 8
  Non-zero exit status: 255
  Parse errors: Bad plan.  You planned 30 tests but ran 8.
Files=12, Tests=121, 17 wallclock secs ( 0.48 usr  0.08 sys + 14.23 cusr  2.27 csys = 17.06 CPU)
Result: FAIL
Failed 1/12 test programs. 5/121 subtests failed.
make: *** [test_dynamic] Error 255

------------------------------
PREREQUISITES
------------------------------

Prerequisite modules loaded:

requires:

    Module                            Need Have   
    --------------------------------- ---- -------
    base                              0    2.18   
    Carp                              0    1.26   
    constant                          0    1.25   
    File::Basename                    0    2.84   
    FindBin                           0    1.51   
    Getopt::Std                       0    1.07   
    Math::BigInt                      0    1.998  
    overload                          0    1.18   
    strict                            0    1.07   
    vars                              0    1.02   
    warnings                          0    1.13   
    XML::Compile::SOAP11              2.26 2.35   
    XML::Compile::Transport::SOAPHTTP 0    2.35   
    XML::Compile::WSDL11              0    2.35   

build_requires:

    Module                            Need Have   
    --------------------------------- ---- -------
    English                           0    1.05   
    File::Find                        0    1.20   
    File::Spec                        0    3.39_02
    File::Temp                        0    0.22   
    Test::More                        0    0.98   
    Test::Requires                    0    0.06   

configure_requires:

    Module                            Need Have   
    --------------------------------- ---- -------
    ExtUtils::MakeMaker               6.30 6.63_02


------------------------------
ENVIRONMENT AND OTHER CONTEXT
------------------------------

Environment variables:

    AUTOMATED_TESTING = 1
    LANG = C
    PATH = /home/danaj/perl5/perlbrew/bin:/home/danaj/perl5/perlbrew/perls/perl-5.16.2/bin:/usr/local/bin:/usr/bin:/bin:/usr/bin/X11:/usr/games
    PERL5LIB = /home/danaj/.cpan/build/XML-Compile-SOAP-2.35-KyMxn4/blib/arch:/home/danaj/.cpan/build/XML-Compile-SOAP-2.35-KyMxn4/blib/lib:/home/danaj/.cpan/build/XML-Compile-Cache-0.992-1Edi2K/blib/arch:/home/danaj/.cpan/build/XML-Compile-Cache-0.992-1Edi2K/blib/lib:/home/danaj/.cpan/build/XML-LibXML-Simple-0.93-OaWK01/blib/arch:/home/danaj/.cpan/build/XML-LibXML-Simple-0.93-OaWK01/blib/lib:/home/danaj/.cpan/build/XML-Compile-1.32-58D9Pn/blib/arch:/home/danaj/.cpan/build/XML-Compile-1.32-58D9Pn/blib/lib:/home/danaj/.cpan/build/XML-LibXML-2.0014-ptdp4N/blib/arch:/home/danaj/.cpan/build/XML-LibXML-2.0014-ptdp4N/blib/lib:/home/danaj/.cpan/build/XML-SAX-0.99-b18moH/blib/arch:/home/danaj/.cpan/build/XML-SAX-0.99-b18moH/blib/lib:/home/danaj/.cpan/build/XML-NamespaceSupport-1.11-jrdOOs/blib/arch:/home/danaj/.cpan/build/XML-NamespaceSupport-1.11-jrdOOs/blib/lib:/home/danaj/.cpan/build/XML-SAX-Base-1.08-4xVvmr/blib/arch:/home/danaj/.cpan/build/XML-SAX-Base-1.08-4xVvmr/blib/lib:/home/danaj/.cpan/build/XML-Compile-Tester-0.90-Hvc77X/blib/arch:/home/danaj/.cpan/build/XML-Compile-Tester-0.90-Hvc77X/blib/lib:/home/danaj/.cpan/build/Test-Deep-0.110-nsykTH/blib/arch:/home/danaj/.cpan/build/Test-Deep-0.110-nsykTH/blib/lib:/home/danaj/.cpan/build/Log-Report-0.993-l8_JL6/blib/arch:/home/danaj/.cpan/build/Log-Report-0.993-l8_JL6/blib/lib
    PERL5OPT = 
    PERL5_CPANPLUS_IS_RUNNING = 9169
    PERL5_CPAN_IS_RUNNING = 9169
    PERL5_CPAN_IS_RUNNING_IN_RECURSION = 26428,9169
    PERLBREW_BASHRC_VERSION = 0.58
    PERLBREW_HOME = /home/danaj/.perlbrew
    PERLBREW_MANPATH = /home/danaj/perl5/perlbrew/perls/perl-5.16.2/man
    PERLBREW_PATH = /home/danaj/perl5/perlbrew/bin:/home/danaj/perl5/perlbrew/perls/perl-5.16.2/bin
    PERLBREW_PERL = perl-5.16.2
    PERLBREW_ROOT = /home/danaj/perl5/perlbrew
    PERLBREW_VERSION = 0.58
    PERL_CR_SMOKER_CURRENT = MRS-Client-0.600100
    PERL_EXTUTILS_AUTOINSTALL = --defaultdeps
    PERL_LWP_SSL_VERIFY_HOSTNAME = 0
    PERL_MM_USE_DEFAULT = 1
    SHELL = /bin/bash
    TERM = xterm

Perl special variables (and OS-specific diagnostics, for MSWin32):

    $^X = /home/danaj/perl5/perlbrew/perls/perl-5.16.2/bin/perl
    $UID/$EUID = 10339 / 10339
    $GID = 10000 10000
    $EGID = 10000 10000

Perl module toolchain versions installed:

    Module              Have    
    ------------------- --------
    CPAN                1.9800  
    CPAN::Meta          2.120630
    Cwd                 3.39_02 
    ExtUtils::CBuilder  0.280206
    ExtUtils::Command   1.17    
    ExtUtils::Install   1.58    
    ExtUtils::MakeMaker 6.63_02 
    ExtUtils::Manifest  1.61    
    ExtUtils::ParseXS   3.18    
    File::Spec          3.39_02 
    JSON                2.53    
    JSON::PP            2.27200 
    Module::Build       0.39_01 
    Module::Signature   n/a     
    Parse::CPAN::Meta   1.4402  
    Test::Harness       3.26    
    Test::More          0.98    
    YAML                0.84    
    YAML::Syck          1.24    
    version             0.9902  


--

Summary of my perl5 (revision 5 version 16 subversion 2) configuration:
   
  Platform:
    osname=linux, osvers=2.6.22.19, archname=parisc-linux
    uname='linux dingo 2.6.22.19 #10 smp tue mar 3 22:38:26 cet 2009 parisc gnulinux '
    config_args='-de -Dprefix=/home/danaj/perl5/perlbrew/perls/perl-5.16.2 -Aeval:scriptdir=/home/danaj/perl5/perlbrew/perls/perl-5.16.2/bin'
    hint=recommended, useposix=true, d_sigaction=define
    useithreads=undef, usemultiplicity=undef
    useperlio=define, d_sfio=undef, uselargefiles=define, usesocks=undef
    use64bitint=undef, use64bitall=undef, uselongdouble=undef
    usemymalloc=n, bincompat5005=undef
  Compiler:
    cc='cc', ccflags ='-fno-strict-aliasing -pipe -I/usr/local/include -D_LARGEFILE_SOURCE -D_FILE_OFFSET_BITS=64',
    optimize='-O2',
    cppflags='-fno-strict-aliasing -pipe -I/usr/local/include'
    ccversion='', gccversion='4.3.2', gccosandvers=''
    intsize=4, longsize=4, ptrsize=4, doublesize=8, byteorder=4321
    d_longlong=define, longlongsize=8, d_longdbl=define, longdblsize=8
    ivtype='long', ivsize=4, nvtype='double', nvsize=8, Off_t='off_t', lseeksize=8
    alignbytes=8, prototype=define
  Linker and Libraries:
    ld='cc', ldflags =' -L/usr/local/lib'
    libpth=/usr/local/lib /lib /usr/lib
    libs=-lnsl -ldb -ldl -lm -lcrypt -lutil -lc
    perllibs=-lnsl -ldl -lm -lcrypt -lutil -lc
    libc=/lib/libc-2.7.so, so=so, useshrplib=false, libperl=libperl.a
    gnulibc_version='2.7'
  Dynamic Linking:
    dlsrc=dl_dlopen.xs, dlext=so, d_dlsymun=undef, ccdlflags='-Wl,-E'
    cccdlflags='-fPIC', lddlflags='-shared -O2 -L/usr/local/lib'


Characteristics of this binary (from libperl): 
  Compile-time options: HAS_TIMES PERLIO_LAYERS PERL_DONT_CREATE_GVSV
                        PERL_MALLOC_WRAP PERL_PRESERVE_IVUV USE_LARGE_FILES
                        USE_LOCALE USE_LOCALE_COLLATE USE_LOCALE_CTYPE
                        USE_LOCALE_NUMERIC USE_PERLIO USE_PERL_ATOF
  Built under linux
  Compiled at Dec 22 2012 09:01:14
  %ENV:
    PERL5LIB="/home/danaj/.cpan/build/XML-Compile-SOAP-2.35-KyMxn4/blib/arch:/home/danaj/.cpan/build/XML-Compile-SOAP-2.35-KyMxn4/blib/lib:/home/danaj/.cpan/build/XML-Compile-Cache-0.992-1Edi2K/blib/arch:/home/danaj/.cpan/build/XML-Compile-Cache-0.992-1Edi2K/blib/lib:/home/danaj/.cpan/build/XML-LibXML-Simple-0.93-OaWK01/blib/arch:/home/danaj/.cpan/build/XML-LibXML-Simple-0.93-OaWK01/blib/lib:/home/danaj/.cpan/build/XML-Compile-1.32-58D9Pn/blib/arch:/home/danaj/.cpan/build/XML-Compile-1.32-58D9Pn/blib/lib:/home/danaj/.cpan/build/XML-LibXML-2.0014-ptdp4N/blib/arch:/home/danaj/.cpan/build/XML-LibXML-2.0014-ptdp4N/blib/lib:/home/danaj/.cpan/build/XML-SAX-0.99-b18moH/blib/arch:/home/danaj/.cpan/build/XML-SAX-0.99-b18moH/blib/lib:/home/danaj/.cpan/build/XML-NamespaceSupport-1.11-jrdOOs/blib/arch:/home/danaj/.cpan/build/XML-NamespaceSupport-1.11-jrdOOs/blib/lib:/home/danaj/.cpan/build/XML-SAX-Base-1.08-4xVvmr/blib/arch:/home/danaj/.cpan/build/XML-SAX-Base-1.08-4xVvmr/blib/lib:/home/danaj/.cpan/build/XML-Compile-Tester-0.90-Hvc77X/blib/arch:/home/danaj/.cpan/build/XML-Compile-Tester-0.90-Hvc77X/blib/lib:/home/danaj/.cpan/build/Test-Deep-0.110-nsykTH/blib/arch:/home/danaj/.cpan/build/Test-Deep-0.110-nsykTH/blib/lib:/home/danaj/.cpan/build/Log-Report-0.993-l8_JL6/blib/arch:/home/danaj/.cpan/build/Log-Report-0.993-l8_JL6/blib/lib"
    PERL5OPT=""
    PERL5_CPANPLUS_IS_RUNNING="9169"
    PERL5_CPAN_IS_RUNNING="9169"
    PERL5_CPAN_IS_RUNNING_IN_RECURSION="26428,9169"
    PERLBREW_BASHRC_VERSION="0.58"
    PERLBREW_HOME="/home/danaj/.perlbrew"
    PERLBREW_MANPATH="/home/danaj/perl5/perlbrew/perls/perl-5.16.2/man"
    PERLBREW_PATH="/home/danaj/perl5/perlbrew/bin:/home/danaj/perl5/perlbrew/perls/perl-5.16.2/bin"
    PERLBREW_PERL="perl-5.16.2"
    PERLBREW_ROOT="/home/danaj/perl5/perlbrew"
    PERLBREW_VERSION="0.58"
    PERL_CR_SMOKER_CURRENT="MRS-Client-0.600100"
    PERL_EXTUTILS_AUTOINSTALL="--defaultdeps"
    PERL_LWP_SSL_VERIFY_HOSTNAME="0"
    PERL_MM_USE_DEFAULT="1"
  @INC:
    /home/danaj/.cpan/build/XML-Compile-SOAP-2.35-KyMxn4/blib/arch
    /home/danaj/.cpan/build/XML-Compile-SOAP-2.35-KyMxn4/blib/lib
    /home/danaj/.cpan/build/XML-Compile-Cache-0.992-1Edi2K/blib/arch
    /home/danaj/.cpan/build/XML-Compile-Cache-0.992-1Edi2K/blib/lib
    /home/danaj/.cpan/build/XML-LibXML-Simple-0.93-OaWK01/blib/arch
    /home/danaj/.cpan/build/XML-LibXML-Simple-0.93-OaWK01/blib/lib
    /home/danaj/.cpan/build/XML-Compile-1.32-58D9Pn/blib/arch
    /home/danaj/.cpan/build/XML-Compile-1.32-58D9Pn/blib/lib
    /home/danaj/.cpan/build/XML-LibXML-2.0014-ptdp4N/blib/arch
    /home/danaj/.cpan/build/XML-LibXML-2.0014-ptdp4N/blib/lib
    /home/danaj/.cpan/build/XML-SAX-0.99-b18moH/blib/arch
    /home/danaj/.cpan/build/XML-SAX-0.99-b18moH/blib/lib
    /home/danaj/.cpan/build/XML-NamespaceSupport-1.11-jrdOOs/blib/arch
    /home/danaj/.cpan/build/XML-NamespaceSupport-1.11-jrdOOs/blib/lib
    /home/danaj/.cpan/build/XML-SAX-Base-1.08-4xVvmr/blib/arch
    /home/danaj/.cpan/build/XML-SAX-Base-1.08-4xVvmr/blib/lib
    /home/danaj/.cpan/build/XML-Compile-Tester-0.90-Hvc77X/blib/arch
    /home/danaj/.cpan/build/XML-Compile-Tester-0.90-Hvc77X/blib/lib
    /home/danaj/.cpan/build/Test-Deep-0.110-nsykTH/blib/arch
    /home/danaj/.cpan/build/Test-Deep-0.110-nsykTH/blib/lib
    /home/danaj/.cpan/build/Log-Report-0.993-l8_JL6/blib/arch
    /home/danaj/.cpan/build/Log-Report-0.993-l8_JL6/blib/lib
    /home/danaj/perl5/perlbrew/perls/perl-5.16.2/lib/site_perl/5.16.2/parisc-linux
    /home/danaj/perl5/perlbrew/perls/perl-5.16.2/lib/site_perl/5.16.2
    /home/danaj/perl5/perlbrew/perls/perl-5.16.2/lib/5.16.2/parisc-linux
    /home/danaj/perl5/perlbrew/perls/perl-5.16.2/lib/5.16.2
    .