Test-Kwalitee-Extra vv0.4.0 Perl 5 v5.32.0 i686-linux-quadmath
- Status
- Fail
- From
- David Cantrell (DCANTRELL)
- Dist
-
Test-Kwalitee-Extra vv0.4.0
- Platform
- Perl 5 v5.32.0 i686-linux-quadmath
- Date
- 2024-02-02 00:41:29
- ID
- ce2010c8-c163-11ee-aeb3-4c5d076235a6
This distribution has been tested as part of the CPAN Testers
project, supporting the Perl programming language. See
http://wiki.cpantesters.org/ for more information or email
questions to cpan-testers-discuss@perl.org
--
Dear Yasutaka ATARASHI,
This is a computer-generated report for Test-Kwalitee-Extra-v0.4.0
on perl 5.32.0, created by CPAN-Reporter-1.2018.
Thank you for uploading your work to CPAN. However, there was a problem
testing your distribution.
If you think this report is invalid, please consult the CPAN Testers Wiki
for suggestions on how to avoid getting FAIL reports for missing library
or binary dependencies, unsupported operating systems, and so on:
http://wiki.cpantesters.org/wiki/CPANAuthorNotes
Sections of this report:
* Tester comments
* Program output
* Prerequisites
* Environment and other context
------------------------------
TESTER COMMENTS
------------------------------
Additional comments from tester:
this report is from an automated smoke testing program
and was not reviewed by a human for accuracy
------------------------------
PROGRAM OUTPUT
------------------------------
Output from '/usr/bin/make test':
PERL_DL_NONLAZY=1 "/home/david/cpantesting/perl-5.32.0-quadmath/bin/perl" "-MExtUtils::Command::MM" "-MTest::Harness" "-e" "undef *Test::Harness::Switches; test_harness(0, 'blib/lib', 'blib/arch')" t/*.t
t/00-compile.t .................... ok
t/01-kwalitee.t ................... ok
t/02-exclude-class.t .............. ok
t/03-include.t .................... ok
t/04-prereq_maches_use.t .......... ok
# Failed test 'expected failure of build_prereq_matches_use'
# at t/05-build_prereq_matches_use.t line 35.
# STDOUT is:
# > ok 1 - build_prereq_matches_use by Test::Kwalitee::Extra
# not:
# > not ok 1 - build_prereq_matches_use by Test::Kwalitee::Extra
# as expected
# STDERR is:
# >
# >
# >
# >
# not:
# > /#\s+Failed\ test.*?\n?.*?at\ t\/05\-build_prereq_matches_use\.t line 33.*\n?/
# > # Detail: This distribution uses a module or a dist in its test suite that's not listed as a build prerequisite.
# > # Detail: Missing: Pod::Coverage::TrustPod in Pod-Coverage-TrustPod, Test::Pod in Test-Pod, Test::Pod::Coverage in Test-Pod-Coverage
# > # Remedy: List all modules used in the test suite in META.yml build_requires
# as expected
t/05-build_prereq_matches_use.t ...
Failed 1/1 subtests
# Failed test 'expected failure of build_prereq_matches_use'
# at t/06-minperlver.t line 29.
# STDOUT is:
# > ok 1 - build_prereq_matches_use by Test::Kwalitee::Extra
# not:
# > not ok 1 - build_prereq_matches_use by Test::Kwalitee::Extra
# as expected
# STDERR is:
# >
# >
# >
# >
# not:
# > /#\s+Failed\ test.*?\n?.*?at\ t\/06\-minperlver\.t line 27.*\n?/
# > # Detail: This distribution uses a module or a dist in its test suite that's not listed as a build prerequisite.
# > # Detail: Missing: File::Spec::Functions in PathTools, Pod::Coverage::TrustPod in Pod-Coverage-TrustPod, Term::ANSIColor in Term-ANSIColor, Test::Pod in Test-Pod, Test::Pod::Coverage in Test-Pod-Coverage
# > # Remedy: List all modules used in the test suite in META.yml build_requires
# as expected
t/06-minperlver.t .................
Failed 1/1 subtests
t/08-_get_packages_not_indexed.t .. ok
t/09-_count_tests.t ............... ok
t/author-critic.t ................. skipped: these tests are for testing by the author
t/author-pod-coverage.t ........... skipped: these tests are for testing by the author
t/author-pod-syntax.t ............. skipped: these tests are for testing by the author
Test Summary Report
-------------------
t/05-build_prereq_matches_use.t (Wstat: 0 Tests: 1 Failed: 1)
Failed test: 1
t/06-minperlver.t (Wstat: 0 Tests: 1 Failed: 1)
Failed test: 1
Files=12, Tests=64, 70 wallclock secs ( 0.13 usr 0.07 sys + 18.15 cusr 3.06 csys = 21.41 CPU)
Result: FAIL
Failed 2/12 test programs. 2/64 subtests failed.
make: *** [Makefile:871: test_dynamic] Error 255
------------------------------
PREREQUISITES
------------------------------
Prerequisite modules loaded:
requires:
Module Need Have
--------------------------- ------- ----------
MetaCPAN::Client 0 2.031000
Module::CoreList 2.31_01 5.20231129
Module::CPANTS::Analyse 0.87 1.02
Module::Extract::Namespaces 0 1.023
perl 5.006 5.032000
Test::Builder::Tester 0 1.302198
version 0.77 0.9930
warnings 0 1.47
build_requires:
Module Need Have
--------------------------- ------- ----------
ExtUtils::MakeMaker 0 7.70
File::Spec 0 3.75
IO::Handle 0 1.51
IPC::Open3 0 1.21
Test::More 0 1.302198
configure_requires:
Module Need Have
--------------------------- ------- ----------
ExtUtils::MakeMaker 0 7.70
perl 5.006 5.032000
------------------------------
ENVIRONMENT AND OTHER CONTEXT
------------------------------
Environment variables:
AUTOMATED_TESTING = 1
LANG = en_GB.UTF-8
LANGUAGE = en_GB:en
LC_TERMINAL = iTerm2
LC_TERMINAL_VERSION = 3.4.23
NONINTERACTIVE_TESTING = 1
PATH = /home/david/.cargo/bin:/home/david/perl5/perlbrew/bin:/home/david/perl5/perlbrew/perls/perl-5.32.0/bin:/home/david/bin:/usr/local/bin:/usr/bin:/bin:/usr/local/games:/usr/games
PERL = 5.32.0-quadmath
PERL5LIB =
PERL5OPT =
PERL5_CPANPLUS_IS_RUNNING = 25700
PERL5_CPAN_IS_RUNNING = 25700
PERLBREW_HOME = /home/david/.perlbrew
PERLBREW_MANPATH = /home/david/perl5/perlbrew/perls/perl-5.32.0/man
PERLBREW_PATH = /home/david/perl5/perlbrew/bin:/home/david/perl5/perlbrew/perls/perl-5.32.0/bin
PERLBREW_PERL = perl-5.32.0
PERLBREW_ROOT = /home/david/perl5/perlbrew
PERLBREW_SHELLRC_VERSION = 0.89
PERLBREW_VERSION = 0.89
PERLVER = 5.32.0-quadmath
PERL_INLINE_DIRECTORY = /home/david/.Inline-5.32.0-quadmath
PERL_MM_USE_DEFAULT = 1
PERL_USE_UNSAFE_INC = 0
SHELL = /bin/bash
TERM = screen
Perl special variables (and OS-specific diagnostics, for MSWin32):
$^X = /home/david/cpantesting/perl-5.32.0-quadmath/bin/perl
$UID/$EUID = 1000 / 1000
$GID = 1000 24 25 27 29 30 44 46 109 1000
$EGID = 1000 24 25 27 29 30 44 46 109 1000
Perl module toolchain versions installed:
Module Have
------------------- --------
CPAN 2.27
CPAN::Meta 2.150010
Cwd 3.75
ExtUtils::CBuilder 0.280236
ExtUtils::Command 7.70
ExtUtils::Install 2.22
ExtUtils::MakeMaker 7.70
ExtUtils::Manifest 1.75
ExtUtils::ParseXS 3.51
File::Spec 3.75
JSON 4.10
JSON::PP 4.16
Module::Build 0.4234
Module::Signature n/a
Parse::CPAN::Meta 2.150010
Test::Harness 3.48
Test::More 1.302198
YAML 1.30
YAML::Syck n/a
version 0.9930
--
Summary of my perl5 (revision 5 version 32 subversion 0) configuration:
Platform:
osname=linux
osvers=5.10.0-11-686-pae
archname=i686-linux-quadmath
uname='linux cpantesting-linux-32bit-utm 5.10.0-11-686-pae #1 smp debian 5.10.92-1 (2022-01-18) i686 gnulinux '
config_args='-de -Dusequadmath -Dprefix=/home/david/cpantesting/perl-5.32.0-quadmath'
hint=recommended
useposix=true
d_sigaction=define
useithreads=undef
usemultiplicity=undef
use64bitint=undef
use64bitall=undef
uselongdouble=undef
usemymalloc=n
default_inc_excludes_dot=define
bincompat5005=undef
Compiler:
cc='cc'
ccflags ='-fwrapv -fno-strict-aliasing -pipe -fstack-protector-strong -I/usr/local/include -D_LARGEFILE_SOURCE -D_FILE_OFFSET_BITS=64 -D_FORTIFY_SOURCE=2'
optimize='-O2'
cppflags='-fwrapv -fno-strict-aliasing -pipe -fstack-protector-strong -I/usr/local/include'
ccversion=''
gccversion='10.2.1 20210110'
gccosandvers=''
intsize=4
longsize=4
ptrsize=4
doublesize=8
byteorder=1234
doublekind=3
d_longlong=define
longlongsize=8
d_longdbl=define
longdblsize=12
longdblkind=3
ivtype='long'
ivsize=4
nvtype='__float128'
nvsize=16
Off_t='off_t'
lseeksize=8
alignbytes=16
prototype=define
Linker and Libraries:
ld='cc'
ldflags =' -fstack-protector-strong -L/usr/local/lib'
libpth=/usr/local/lib /usr/include/i386-linux-gnu /usr/lib /lib/i386-linux-gnu /lib/../lib /usr/lib/i386-linux-gnu /usr/lib/../lib /lib /lib64 /usr/lib64
libs=-lpthread -lnsl -ldl -lm -lcrypt -lutil -lc -lquadmath
perllibs=-lpthread -lnsl -ldl -lm -lcrypt -lutil -lc -lquadmath
libc=libc-2.31.so
so=so
useshrplib=false
libperl=libperl.a
gnulibc_version='2.31'
Dynamic Linking:
dlsrc=dl_dlopen.xs
dlext=so
d_dlsymun=undef
ccdlflags='-Wl,-E'
cccdlflags='-fPIC'
lddlflags='-shared -O2 -L/usr/local/lib -fstack-protector-strong'
Characteristics of this binary (from libperl):
Compile-time options:
HAS_TIMES
PERLIO_LAYERS
PERL_COPY_ON_WRITE
PERL_DONT_CREATE_GVSV
PERL_MALLOC_WRAP
PERL_OP_PARENT
PERL_PRESERVE_IVUV
USE_LARGE_FILES
USE_LOCALE
USE_LOCALE_COLLATE
USE_LOCALE_CTYPE
USE_LOCALE_NUMERIC
USE_LOCALE_TIME
USE_PERLIO
USE_PERL_ATOF
USE_QUADMATH
Built under linux
Compiled at Feb 8 2022 09:50:35
%ENV:
PERL="5.32.0-quadmath"
PERL5LIB=""
PERL5OPT=""
PERL5_CPANPLUS_IS_RUNNING="25700"
PERL5_CPAN_IS_RUNNING="25700"
PERLBREW_HOME="/home/david/.perlbrew"
PERLBREW_MANPATH="/home/david/perl5/perlbrew/perls/perl-5.32.0/man"
PERLBREW_PATH="/home/david/perl5/perlbrew/bin:/home/david/perl5/perlbrew/perls/perl-5.32.0/bin"
PERLBREW_PERL="perl-5.32.0"
PERLBREW_ROOT="/home/david/perl5/perlbrew"
PERLBREW_SHELLRC_VERSION="0.89"
PERLBREW_VERSION="0.89"
PERLVER="5.32.0-quadmath"
PERL_INLINE_DIRECTORY="/home/david/.Inline-5.32.0-quadmath"
PERL_MM_USE_DEFAULT="1"
PERL_USE_UNSAFE_INC="0"
@INC:
/home/david/cpantesting/perl-5.32.0-quadmath/lib/site_perl/5.32.0/i686-linux-quadmath
/home/david/cpantesting/perl-5.32.0-quadmath/lib/site_perl/5.32.0
/home/david/cpantesting/perl-5.32.0-quadmath/lib/5.32.0/i686-linux-quadmath
/home/david/cpantesting/perl-5.32.0-quadmath/lib/5.32.0