Report for Gtk2-1.245

Back
From: metabase:user:314402c4-2aae-11df-837a-5e0a49663a4f
Subject: FAIL Gtk2-1.245 v5.14.0 FreeBSD
Date: 2012-08-06T20:17:54Z

This distribution has been tested as part of the CPAN Testers
project, supporting the Perl programming language.  See
http://wiki.cpantesters.org/ for more information or email
questions to cpan-testers-discuss@perl.org


--
Dear Torsten Schoenfeld,

This is a computer-generated report for Gtk2-1.245
on perl 5.14.0, created by CPAN-Reporter-1.2006.

Thank you for uploading your work to CPAN.  However, there was a problem
testing your distribution.

If you think this report is invalid, please consult the CPAN Testers Wiki
for suggestions on how to avoid getting FAIL reports for missing library
or binary dependencies, unsupported operating systems, and so on:

http://wiki.cpantesters.org/wiki/CPANAuthorNotes

Sections of this report:

    * Tester comments
    * Program output
    * Prerequisites
    * Environment and other context

------------------------------
TESTER COMMENTS
------------------------------

Additional comments from tester:

none provided

------------------------------
PROGRAM OUTPUT
------------------------------

Output from '/usr/bin/make test':

PERL_DL_NONLAZY=1 /home2/cpansand/var/ctps/5140_1/install/perl-5.14.0/bin/perl5.14.0 "-MExtUtils::Command::MM" "-e" "test_harness(0, 'blib/lib', 'blib/arch')" t/*.t
# Testing Gtk2 1.245
#    Running against gtk+ 2.16.6
#   Compiled against gtk+ 2.16.6
#               and pango 1.24.5
t/00.Gtk2.t ........................ ok
t/01.GtkWindow.t ................... ok
t/02.GtkContainer.t ................ ok
t/Gdk.t ............................ ok
t/GdkCairo.t ....................... ok
t/GdkColor.t ....................... ok
t/GdkCursor.t ...................... ok
t/GdkDisplay.t ..................... ok
t/GdkDisplayManager.t .............. ok
t/GdkDnd.t ......................... ok
t/GdkDrawable.t .................... ok
t/GdkEvent.t ....................... ok
t/GdkGC.t .......................... ok
t/GdkImage.t ....................... ok
t/GdkInput.t ....................... ok
t/GdkKeys.t ........................ ok
t/GdkPango.t ....................... ok
t/GdkPixbuf.t ...................... ok
t/GdkPixbufLoader.t ................ ok
t/GdkPixbufSimpleAnim.t ............ ok
Gdk-WARNING **: XID collision, trouble ahead at t/GdkPixmap.t line 16.
Gdk-WARNING **: XID collision, trouble ahead at t/GdkPixmap.t line 25.
Gdk-WARNING **: XID collision, trouble ahead at t/GdkPixmap.t line 40.
t/GdkPixmap.t ...................... ok
t/GdkProperty.t .................... ok
t/GdkRegion.t ...................... ok
t/GdkRgb.t ......................... ok
t/GdkScreen.t ...................... ok
t/GdkSelection.t ................... ok
t/GdkVisual.t ...................... ok
Gdk-CRITICAL **: gdk_window_set_opacity: assertion `WINDOW_IS_TOPLEVEL (window)' failed at t/GdkWindow.t line 316.
t/GdkWindow.t ...................... ok
t/GdkX11.t ......................... ok
t/GtkAboutDialog.t ................. ok
t/GtkAccelGroup.t .................. ok
t/GtkAccelLabel.t .................. ok
t/GtkAccelMap.t .................... ok
t/GtkAction.t ...................... ok
t/GtkActionGroup.t ................. ok
t/GtkActivatable.t ................. ok
t/GtkAdjustment.t .................. ok
t/GtkAlignment.t ................... ok
t/GtkArrow.t ....................... ok
t/GtkAspectFrame.t ................. ok
t/GtkAssistant.t ................... ok
t/GtkBin.t ......................... ok
t/GtkBindings.t .................... ok
t/GtkBox.t ......................... ok
t/GtkBuildable.t ................... ok
t/GtkBuildableIface.t .............. ok
t/GtkBuilder.t ..................... ok
t/GtkButton.t ...................... ok
t/GtkButtonBox.t ................... ok
t/GtkCalendar.t .................... ok
t/GtkCellEditable.t ................ ok
t/GtkCellLayout.t .................. ok
t/GtkCellLayoutIface.t ............. ok
t/GtkCellRenderer.t ................ ok
t/GtkCellRendererAccel.t ........... ok
t/GtkCellRendererCombo.t ........... ok
t/GtkCellRendererIface-Chaining.t .. ok
t/GtkCellRendererPixbuf.t .......... ok
t/GtkCellRendererProgress.t ........ ok
t/GtkCellRendererSpin.t ............ ok
t/GtkCellRendererSpinner.t ......... skipped: Gtk2::CellRendererSpinner is new in 2.20
t/GtkCellRendererText.t ............ ok
t/GtkCellRendererToggle.t .......... ok
t/GtkCellView.t .................... ok
t/GtkCheckButton.t ................. ok
t/GtkCheckMenuItem.t ............... ok
t/GtkClipboard.t ................... ok
t/GtkColorButton.t ................. ok
t/GtkColorSelection.t .............. ok
t/GtkColorSelectionDialog.t ........ ok
t/GtkCombo.t ....................... ok
Gtk-CRITICAL **: gtk_tree_model_get_path: assertion `iter != NULL' failed at t/GtkComboBox.t line 38.
t/GtkComboBox.t .................... ok
t/GtkComboBoxEntry.t ............... ok
t/GtkCurve.t ....................... ok
t/GtkDialog.t ...................... ok
t/GtkDnd.t ......................... ok
t/GtkDrawingArea.t ................. ok
t/GtkEditable.t .................... ok
t/GtkEntry.t ....................... ok
t/GtkEntryBuffer.t ................. skipped: (no reason given)
t/GtkEntryCompletion.t ............. ok
t/GtkEventBox.t .................... ok
t/GtkExpander.t .................... ok
t/GtkFileChooser.t ................. skipped: this test is unreliable
t/GtkFileChooserButton.t ........... ok
t/GtkFileChooserDialog.t ........... ok
t/GtkFileChooserWidget.t ........... ok
t/GtkFileFilter.t .................. ok
t/GtkFileSelection.t ............... ok
t/GtkFixed.t ....................... ok
t/GtkFontButton.t .................. ok
t/GtkFontSelection.t ............... ok
t/GtkFrame.t ....................... ok
t/GtkGammaCurve.t .................. ok
t/GtkGC.t .......................... ok
t/GtkHandleBox.t ................... ok
t/GtkHBox.t ........................ ok
t/GtkHButtonBox.t .................. ok
t/GtkHPaned.t ...................... ok
t/GtkHRuler.t ...................... ok
t/GtkHScale.t ...................... ok
t/GtkHScrollbar.t .................. ok
t/GtkHSeparator.t .................. ok
t/GtkHSV.t ......................... ok
t/GtkIconFactory.t ................. ok
t/GtkIconTheme.t ................... ok
t/GtkIconView.t .................... ok
t/GtkImage.t ....................... ok
t/GtkImageMenuItem.t ............... ok
t/GtkIMContext.t ................... ok
t/GtkInfoBar.t ..................... skipped: (no reason given)
t/GtkInputDialog.t ................. ok
t/GtkInvisible.t ................... ok
t/GtkItemFactory.t ................. ok
t/GtkLabel.t ....................... ok
t/GtkLayout.t ...................... ok
t/GtkLinkButton.t .................. ok
t/GtkListStore.t ................... ok
t/GtkMenu.t ........................ ok
t/GtkMenuBar.t ..................... ok
t/GtkMenuItem.t .................... ok
t/GtkMenuShell.t ................... ok
t/GtkMenuToolButton.t .............. ok
t/GtkMessageDialog.t ............... ok
t/GtkMisc.t ........................ ok
t/GtkNotebook.t .................... ok
t/GtkObject.t ...................... ok
t/GtkOffscreenWindow.t ............. skipped: Gtk2::OffscreenWindow is new in 2.20
t/GtkOptionMenu.t .................. ok
t/GtkOrientable.t .................. ok
t/GtkPageSetup.t ................... ok
t/GtkPaned.t ....................... ok
t/GtkPaperSize.t ................... ok
t/GtkPrintContext.t ................ ok
t/GtkPrintOperation.t .............. ok
t/GtkPrintOperationPreview.t ....... ok
t/GtkPrintSettings.t ............... ok
t/GtkProgressBar.t ................. ok
t/GtkRadioAction.t ................. ok
t/GtkRadioButton.t ................. ok
t/GtkRadioMenuItem.t ............... ok
t/GtkRadioToolButton.t ............. ok
t/GtkRange.t ....................... ok
t/GtkRc.t .......................... ok
t/GtkRecentAction.t ................ ok
t/GtkRecentChooser.t ............... ok
t/GtkRecentChooserDialog.t ......... ok
t/GtkRecentChooserMenu.t ........... ok
t/GtkRecentChooserWidget.t ......... ok
t/GtkRecentFilter.t ................ ok
t/GtkRecentManager.t ............... ok
t/GtkRuler.t ....................... ok
t/GtkScale.t ....................... ok
t/GtkScaleButton.t ................. ok
t/GtkScrolledWindow.t .............. ok
t/GtkSelection.t ................... ok
t/GtkSeparatorMenuItem.t ........... ok
t/GtkSeparatorToolItem.t ........... ok
t/GtkShow.t ........................ skipped: can only test interactively
t/GtkSimpleList.t .................. ok
t/GtkSimpleMenu.t .................. ok
t/GtkSizeGroup.t ................... ok
The program 'GtkSocket-GtkPlug.t' received an X Window System error.
This probably reflects a bug in the program.
The error was 'BadWindow (invalid Window parameter)'.
  (Details: serial 196 error_code 3 request_code 146 minor_code 1)
  (Note to programmers: normally, X errors are reported asynchronously;
   that is, you will receive the error a while after causing it.
   To debug your program, run it with the --sync command line
   option to change this behavior. You can then get a meaningful
   backtrace from your debugger if you break on the gdk_x_error() function.)
t/GtkSocket-GtkPlug.t .............. 
Dubious, test returned 1 (wstat 256, 0x100)
Failed 8/12 subtests 
t/GtkSpinButton.t .................. ok
t/GtkSpinner.t ..................... skipped: Gtk2::Spinner is new in 2.20
t/GtkStatusbar.t ................... ok
t/GtkStatusIcon.t .................. ok
t/GtkStock.t ....................... ok
t/GtkStyle.t ....................... ok
t/GtkTable.t ....................... ok
t/GtkTearoffMenuItem.t ............. ok
t/GtkTextBuffer.t .................. ok
t/GtkTextBufferRichText.t .......... ok
t/GtkTextChildAnchor.t ............. ok
t/GtkTextIter.t .................... ok
t/GtkTextMark.t .................... ok
t/GtkTextTag.t ..................... ok
t/GtkTextTagTable.t ................ ok
t/GtkTextView.t .................... ok
t/GtkToggleAction.t ................ ok
t/GtkToggleButton.t ................ ok
t/GtkToggleToolButton.t ............ ok
t/GtkToolbar.t ..................... ok
t/GtkToolButton.t .................. ok
t/GtkToolItem.t .................... ok
t/GtkToolItemGroup.t ............... skipped: Gtk2::ToolItemGroup is new in 2.20
t/GtkToolPalette.t ................. skipped: Gtk2::ToolPalette is new in 2.20
t/GtkToolShell.t ................... ok
t/GtkTooltip.t ..................... ok
t/GtkTooltips.t .................... ok
t/GtkTreeDnd.t ..................... ok
t/GtkTreeModel.t ................... ok
t/GtkTreeModelFilter.t ............. ok
t/GtkTreeModelIface.t .............. ok
t/GtkTreeModelSort.t ............... ok
t/GtkTreeSelection.t ............... ok
t/GtkTreeSortable.t ................ ok
t/GtkTreeStore.t ................... ok
t/GtkTreeView-Dnd.t ................ skipped: this test is interactive
t/GtkTreeView.t .................... ok
t/GtkUIManager.t ................... ok
t/GtkVBox.t ........................ ok
t/GtkVButtonBox.t .................. ok
t/GtkViewport.t .................... ok
t/GtkVolumeButton.t ................ ok
t/GtkVPaned.t ...................... ok
t/GtkVRuler.t ...................... ok
t/GtkVScale.t ...................... ok
t/GtkVScrollbar.t .................. ok
t/GtkVSeparator.t .................. ok
t/GtkWidget.t ...................... ok
t/pango-compat.t ................... ok
t/PangoAttributes.t ................ ok
t/PangoCairo.t ..................... ok
t/PangoContext.t ................... ok
t/PangoFont.t ...................... ok
t/PangoFontMap.t ................... ok
t/PangoFontset.t ................... ok
t/PangoGravity.t ................... ok
t/PangoLayout.t .................... ok
t/PangoMatrix.t .................... ok
t/PangoRenderer.t .................. ok
t/PangoScript.t .................... ok
t/PangoTabs.t ...................... ok
t/PangoTypes.t ..................... ok
t/set-scroll-adjustments-signal.t .. ok
t/signal-chaining.t ................ ok
t/tied-objects.t ................... ok
t/version-checks.t ................. ok

Test Summary Report
-------------------
t/GtkSocket-GtkPlug.t            (Wstat: 256 Tests: 4 Failed: 0)
  Non-zero exit status: 1
  Parse errors: Bad plan.  You planned 12 tests but ran 4.
Files=229, Tests=5011, 48 wallclock secs ( 1.34 usr  0.41 sys + 30.55 cusr  8.27 csys = 40.56 CPU)
Result: FAIL
Failed 1/229 test programs. 0/5011 subtests failed.
*** Error code 255

Stop in /var/tmp/CPAN-build/Gtk2-1.245-N7ArV0.

------------------------------
PREREQUISITES
------------------------------

Prerequisite modules loaded:

requires:

    Module              Need  Have 
    ------------------- ----- -----
    Cairo               1.000 1.101
    ExtUtils::Depends   0.300 0.304
    ExtUtils::PkgConfig 1.030 1.12 
    Glib                1.240 1.262
    Pango               1.220 1.221

build_requires:

    Module              Need  Have 
    ------------------- ----- -----
    ExtUtils::MakeMaker 0     6.62 

configure_requires:

    Module              Need  Have 
    ------------------- ----- -----
    Cairo               1.000 1.101
    ExtUtils::Depends   0.300 0.304
    ExtUtils::MakeMaker 0     6.62 
    ExtUtils::PkgConfig 1.030 1.12 
    Glib                1.240 1.262
    Pango               1.220 1.221


------------------------------
ENVIRONMENT AND OTHER CONTEXT
------------------------------

Environment variables:

    DBIC_NO_WARN_BAD_PERL = 1
    PATH = /usr/local/bin:/usr/X11R6/bin:/usr/X11/bin:/usr/perl5.8.0/bin:/usr/bin:/bin:/usr/local/sbin:/usr/sbin:/sbin:/usr/local/pilot/bin:/home/cpansand/bin/freebsd8.0:/home/cpansand/bin/sh:/home/cpansand/bin:/usr/X386/bin:/usr/games:/home/cpansand/devel:/usr/home/e/eserte/work/srezic-misc/scripts
    PERL5LIB = /usr/local/src/CPAN/build/Bundle-MetaSyntactic-1.023-FfQTKh/blib/arch:/usr/local/src/CPAN/build/Bundle-MetaSyntactic-1.023-FfQTKh/blib/lib:/usr/local/src/CPAN/build/Alien-SDL-1.437_2-UUoh00/blib/arch:/usr/local/src/CPAN/build/Alien-SDL-1.437_2-UUoh00/blib/lib:/usr/local/src/CPAN/build/Data-Faker-0.10_03-MJgxde/blib/arch:/usr/local/src/CPAN/build/Data-Faker-0.10_03-MJgxde/blib/lib:/usr/local/src/CPAN/build/App-Cpan-1.59_02-lXgHsL/blib/arch:/usr/local/src/CPAN/build/App-Cpan-1.59_02-lXgHsL/blib/lib:/usr/local/src/CPAN/build/SMS-Send-Smstrade-0.03-xOxp6a/blib/arch:/usr/local/src/CPAN/build/SMS-Send-Smstrade-0.03-xOxp6a/blib/lib:/usr/local/src/CPAN/build/SMS-Send-DE-Sipgate-0.03-CrxMNg/blib/arch:/usr/local/src/CPAN/build/SMS-Send-DE-Sipgate-0.03-CrxMNg/blib/lib:/usr/local/src/CPAN/build/Mojolicious-Plugin-DOCRenderer-3.00-Oh85eW/blib/arch:/usr/local/src/CPAN/build/Mojolicious-Plugin-DOCRenderer-3.00-Oh85eW/blib/lib:/usr/local/src/CPAN/build/Helios-2.50_3161-fGLyyz/blib/arch:/usr/local/src/CPAN/build/Helios-2.50_3161-fGLyyz/blib/lib
    PERL5OPT = 
    PERL5_CPANPLUS_IS_RUNNING = 53830
    PERL5_CPAN_IS_RUNNING = 53830
    PERL5_CPAN_IS_RUNNING_IN_RECURSION = 53800,53830
    PERL_BATCH = yes
    PERL_CPAN_REPORTER_CONFIG = /var/tmp/cpansmoker-1023/cRl9xVXfJJ_config.ini
    PERL_CPAN_REPORTER_DIR = /home/cpansand/var/ctps/5140_1/config/perl-5.14.0/cpanreporter
    PERL_EXTUTILS_AUTOINSTALL = --defaultdeps
    PERL_HTML_DISPLAY_CLASS = HTML::Display::Mozilla
    SHELL = /usr/local/bin/zsh
    TERM = screen
    TMPDIR = /var/tmp/cpansmoker-1023

Perl special variables (and OS-specific diagnostics, for MSWin32):

    $^X = /home2/cpansand/var/ctps/5140_1/install/perl-5.14.0/bin/perl5.14.0
    $UID/$EUID = 1023 / 1023
    $GID = 1023 1023
    $EGID = 1023 1023

Perl module toolchain versions installed:

    Module              Have    
    ------------------- --------
    CPAN                1.9800  
    CPAN::Meta          2.120921
    Cwd                 3.36    
    ExtUtils::CBuilder  0.280203
    ExtUtils::Command   1.17    
    ExtUtils::Install   1.56    
    ExtUtils::MakeMaker 6.62    
    ExtUtils::Manifest  1.60    
    ExtUtils::ParseXS   3.15    
    File::Spec          3.33    
    JSON                2.53    
    JSON::PP            2.27200 
    Module::Build       0.4002  
    Module::Signature   0.68    
    Parse::CPAN::Meta   1.4403  
    Test::Harness       3.23    
    Test::More          0.98    
    YAML                0.81    
    YAML::Syck          1.20    
    version             0.98    


--

Summary of my perl5 (revision 5 version 14 subversion 0) configuration:
   
  Platform:
    osname=freebsd, osvers=8.0-release, archname=i386-freebsd
    uname='freebsd biokovo.herceg.de 8.0-release freebsd 8.0-release #0: sat nov 21 15:48:17 utc 2009 root@almeida.cse.buffalo.edu:usrobjusrsrcsysgeneric i386 '
    config_args='-ds -e -Uversiononly -Dinstallusrbinperl=n -Dusedevel -Dprefix=/home/cpansand/var/ctps/5140_1/install/perl-5.14.0'
    hint=recommended, useposix=true, d_sigaction=define
    useithreads=undef, usemultiplicity=undef
    useperlio=define, d_sfio=undef, uselargefiles=define, usesocks=undef
    use64bitint=undef, use64bitall=undef, uselongdouble=undef
    usemymalloc=n, bincompat5005=undef
  Compiler:
    cc='cc', ccflags ='-DHAS_FPSETMASK -DHAS_FLOATINGPOINT_H -fno-strict-aliasing -pipe -fstack-protector -I/usr/local/include',
    optimize='-O',
    cppflags='-DHAS_FPSETMASK -DHAS_FLOATINGPOINT_H -fno-strict-aliasing -pipe -fstack-protector -I/usr/local/include'
    ccversion='', gccversion='4.2.1 20070719  [FreeBSD]', gccosandvers=''
    intsize=4, longsize=4, ptrsize=4, doublesize=8, byteorder=1234
    d_longlong=define, longlongsize=8, d_longdbl=define, longdblsize=12
    ivtype='long', ivsize=4, nvtype='double', nvsize=8, Off_t='off_t', lseeksize=8
    alignbytes=4, prototype=define
  Linker and Libraries:
    ld='cc', ldflags ='-Wl,-E  -fstack-protector -L/usr/local/lib'
    libpth=/usr/lib /usr/local/lib
    libs=-lgdbm -lm -lcrypt -lutil -lc
    perllibs=-lm -lcrypt -lutil -lc
    libc=, so=so, useshrplib=false, libperl=libperl.a
    gnulibc_version=''
  Dynamic Linking:
    dlsrc=dl_dlopen.xs, dlext=so, d_dlsymun=undef, ccdlflags=' '
    cccdlflags='-DPIC -fPIC', lddlflags='-shared  -L/usr/local/lib -fstack-protector'


Characteristics of this binary (from libperl): 
  Compile-time options: PERL_DONT_CREATE_GVSV PERL_MALLOC_WRAP
                        PERL_PRESERVE_IVUV PERL_USE_DEVEL USE_LARGE_FILES
                        USE_PERLIO USE_PERL_ATOF
  Built under freebsd
  Compiled at May 16 2011 22:19:43
  %ENV:
    PERL5LIB="/usr/local/src/CPAN/build/Bundle-MetaSyntactic-1.023-FfQTKh/blib/arch:/usr/local/src/CPAN/build/Bundle-MetaSyntactic-1.023-FfQTKh/blib/lib:/usr/local/src/CPAN/build/Alien-SDL-1.437_2-UUoh00/blib/arch:/usr/local/src/CPAN/build/Alien-SDL-1.437_2-UUoh00/blib/lib:/usr/local/src/CPAN/build/Data-Faker-0.10_03-MJgxde/blib/arch:/usr/local/src/CPAN/build/Data-Faker-0.10_03-MJgxde/blib/lib:/usr/local/src/CPAN/build/App-Cpan-1.59_02-lXgHsL/blib/arch:/usr/local/src/CPAN/build/App-Cpan-1.59_02-lXgHsL/blib/lib:/usr/local/src/CPAN/build/SMS-Send-Smstrade-0.03-xOxp6a/blib/arch:/usr/local/src/CPAN/build/SMS-Send-Smstrade-0.03-xOxp6a/blib/lib:/usr/local/src/CPAN/build/SMS-Send-DE-Sipgate-0.03-CrxMNg/blib/arch:/usr/local/src/CPAN/build/SMS-Send-DE-Sipgate-0.03-CrxMNg/blib/lib:/usr/local/src/CPAN/build/Mojolicious-Plugin-DOCRenderer-3.00-Oh85eW/blib/arch:/usr/local/src/CPAN/build/Mojolicious-Plugin-DOCRenderer-3.00-Oh85eW/blib/lib:/usr/local/src/CPAN/build/Helios-2.50_3161-fGLyyz/blib/arch:/usr/local/src/CPAN/build/Helios-2.50_3161-fGLyyz/blib/lib"
    PERL5OPT=""
    PERL5_CPANPLUS_IS_RUNNING="53830"
    PERL5_CPAN_IS_RUNNING="53830"
    PERL5_CPAN_IS_RUNNING_IN_RECURSION="53800,53830"
    PERL_BATCH="yes"
    PERL_CPAN_REPORTER_CONFIG="/var/tmp/cpansmoker-1023/cRl9xVXfJJ_config.ini"
    PERL_CPAN_REPORTER_DIR="/home/cpansand/var/ctps/5140_1/config/perl-5.14.0/cpanreporter"
    PERL_EXTUTILS_AUTOINSTALL="--defaultdeps"
    PERL_HTML_DISPLAY_CLASS="HTML::Display::Mozilla"
  @INC:
    /usr/local/src/CPAN/build/Bundle-MetaSyntactic-1.023-FfQTKh/blib/arch
    /usr/local/src/CPAN/build/Bundle-MetaSyntactic-1.023-FfQTKh/blib/lib
    /usr/local/src/CPAN/build/Alien-SDL-1.437_2-UUoh00/blib/arch
    /usr/local/src/CPAN/build/Alien-SDL-1.437_2-UUoh00/blib/lib
    /usr/local/src/CPAN/build/Data-Faker-0.10_03-MJgxde/blib/arch
    /usr/local/src/CPAN/build/Data-Faker-0.10_03-MJgxde/blib/lib
    /usr/local/src/CPAN/build/App-Cpan-1.59_02-lXgHsL/blib/arch
    /usr/local/src/CPAN/build/App-Cpan-1.59_02-lXgHsL/blib/lib
    /usr/local/src/CPAN/build/SMS-Send-Smstrade-0.03-xOxp6a/blib/arch
    /usr/local/src/CPAN/build/SMS-Send-Smstrade-0.03-xOxp6a/blib/lib
    /usr/local/src/CPAN/build/SMS-Send-DE-Sipgate-0.03-CrxMNg/blib/arch
    /usr/local/src/CPAN/build/SMS-Send-DE-Sipgate-0.03-CrxMNg/blib/lib
    /usr/local/src/CPAN/build/Mojolicious-Plugin-DOCRenderer-3.00-Oh85eW/blib/arch
    /usr/local/src/CPAN/build/Mojolicious-Plugin-DOCRenderer-3.00-Oh85eW/blib/lib
    /usr/local/src/CPAN/build/Helios-2.50_3161-fGLyyz/blib/arch
    /usr/local/src/CPAN/build/Helios-2.50_3161-fGLyyz/blib/lib
    /home/cpansand/var/ctps/5140_1/install/perl-5.14.0/lib/site_perl/5.14.0/i386-freebsd
    /home/cpansand/var/ctps/5140_1/install/perl-5.14.0/lib/site_perl/5.14.0
    /home/cpansand/var/ctps/5140_1/install/perl-5.14.0/lib/5.14.0/i386-freebsd
    /home/cpansand/var/ctps/5140_1/install/perl-5.14.0/lib/5.14.0
    .