Lab-Measurement v3.901 Perl 5 v5.39.10 x86_64-linux

Status
Fail
From
Carlos Guevara
Dist
Lab-Measurement v3.901
Platform
Perl 5 v5.39.10 x86_64-linux
Date
2024-04-20 15:22:32
ID
ce9eea7a-ff29-11ee-8e03-c3f9f40a16a5
This distribution has been tested as part of the CPAN Testers
project, supporting the Perl programming language.  See
http://wiki.cpantesters.org/ for more information or email
questions to cpan-testers-discuss@perl.org


--
Dear Andreas K. Huettel,

This is a computer-generated report for Lab-Measurement-3.901
on perl 5.39.10, created by CPAN-Reporter-1.2019.

Thank you for uploading your work to CPAN.  However, there was a problem
testing your distribution.

If you think this report is invalid, please consult the CPAN Testers Wiki
for suggestions on how to avoid getting FAIL reports for missing library
or binary dependencies, unsupported operating systems, and so on:

http://wiki.cpantesters.org/wiki/CPANAuthorNotes

Sections of this report:

    * Tester comments
    * Program output
    * Prerequisites
    * Environment and other context

------------------------------
TESTER COMMENTS
------------------------------

Additional comments from tester:

this report is from an automated smoke testing program
and was not reviewed by a human for accuracy

------------------------------
PROGRAM OUTPUT
------------------------------

Output from '/usr/bin/make test':

PERL_DL_NONLAZY=1 "/home/cpan/bin/perl/bin/perl5.39.10" "-MExtUtils::Command::MM" "-MTest::Harness" "-e" "undef *Test::Harness::Switches; test_harness(0, 'blib/lib', 'blib/arch')" t/*.t t/Lab/Test/*.t t/Moose/*.t t/Moose/Connection/*.t t/Moose/DataFile/*.t t/Moose/DataFile/Gnuplot/*.t t/Moose/Instrument/*.t t/Moose/Instrument/OI_Mercury/*.t
# checking installed modules
# not using Lab::Zhinst
# not using USB::TMC
# using PDL::Graphics::Gnuplot
# using PDL::IO::CSV
# not using LinuxGpib
# not using Lab::VISA
# not using Lab::VXI11
# using Math::Round
# not using sys/ioctl.ph
# not using linux/usb/tmc.ph
# trying to load Lab/Moose.pm ...
# trying to load Lab/Moose/Stabilizer.pm ...
# trying to load Lab/Moose/Instrument.pm ...
# trying to load Lab/Moose/Sweep.pm ...
# trying to load Lab/Moose/Countdown.pm ...
# trying to load Lab/Moose/Connection.pm ...
# trying to load Lab/Moose/Catfile.pm ...
# trying to load Lab/Moose/Plot.pm ...
# trying to load Lab/Moose/DataFile.pm ...
# trying to load Lab/Moose/DataFolder.pm ...
# trying to load Lab/Moose/Connection/Debug.pm ...
# trying to load Lab/Moose/Connection/WWW.pm ...
# trying to load Lab/Moose/Connection/IsoBus.pm ...
# trying to load Lab/Moose/Connection/Mock.pm ...
# trying to load Lab/Moose/Connection/HTTP.pm ...
# trying to load Lab/Moose/Connection/Socket.pm ...
# trying to load Lab/Moose/Instrument/OI_ITC503.pm ...
# trying to load Lab/Moose/Instrument/SignalRecovery7265.pm ...
Useless use of multiplication (*) in void context at /home/cpan/.cpan/build/Lab-Measurement-3.901-0/blib/lib/Lab/Moose/Instrument/SignalRecovery7265.pm line 1201.
# trying to load Lab/Moose/Instrument/OI_Triton.pm ...
# trying to load Lab/Moose/Instrument/SR830.pm ...
# trying to load Lab/Moose/Instrument/Agilent34460A.pm ...
# trying to load Lab/Moose/Instrument/Synctek_MCL1_540.pm ...
# trying to load Lab/Moose/Instrument/AMI_430.pm ...
# trying to load Lab/Moose/Instrument/YokogawaGS200.pm ...
# trying to load Lab/Moose/Instrument/KeysightDSOS604A.pm ...
# trying to load Lab/Moose/Instrument/Agilent34410A.pm ...
# trying to load Lab/Moose/Instrument/Lakeshore350.pm ...
# trying to load Lab/Moose/Instrument/AdjustRange.pm ...
# trying to load Lab/Moose/Instrument/OI_Common.pm ...
# trying to load Lab/Moose/Instrument/KeysightN9310A.pm ...
# trying to load Lab/Moose/Instrument/KeysightE3633E.pm ...
# trying to load Lab/Moose/Instrument/DisplayXY.pm ...
# trying to load Lab/Moose/Instrument/Keithley2450.pm ...
# trying to load Lab/Moose/Instrument/HP33120A.pm ...
# trying to load Lab/Moose/Instrument/RS_FSV.pm ...
# trying to load Lab/Moose/Instrument/LinearStepSweep.pm ...
# trying to load Lab/Moose/Instrument/Cryomagnetics_4G.pm ...
# trying to load Lab/Moose/Instrument/Rigol_DG5000.pm ...
# trying to load Lab/Moose/Instrument/NanonisTramea.pm ...
# trying to load Lab/Moose/Instrument/Keysight33600.pm ...
# trying to load Lab/Moose/Instrument/TBS1000C.pm ...
# trying to load Lab/Moose/Instrument/OI_ILM210.pm ...
# trying to load Lab/Moose/Instrument/HP83732A.pm ...
# trying to load Lab/Moose/Instrument/Cache.pm ...
# trying to load Lab/Moose/Instrument/Keithley2000.pm ...
# trying to load Lab/Moose/Instrument/Yokogawa7651.pm ...
# trying to load Lab/Moose/Instrument/Agilent33120A.pm ...
# trying to load Lab/Moose/Instrument/KeysightB2901A.pm ...
# trying to load Lab/Moose/Instrument/VNASweep.pm ...
# trying to load Lab/Moose/Instrument/ZI_HDAWG.pm ...
# trying to load Lab/Moose/Instrument/Common.pm ...
# trying to load Lab/Moose/Instrument/RS_RTB2000.pm ...
# trying to load Lab/Moose/Instrument/RS_ZVM.pm ...
# trying to load Lab/Moose/Instrument/Rigol_DSA815.pm ...
# trying to load Lab/Moose/Instrument/DummySource.pm ...
# trying to load Lab/Moose/Instrument/Agilent33210A.pm ...
# trying to load Lab/Moose/Instrument/ABB_TRMC2.pm ...
The ABB_TRMC2 driver is untested so far. Feedback welcome... at t/00-load.t line 118.
# trying to load Lab/Moose/Instrument/RS_ZNL.pm ...
# trying to load Lab/Moose/Instrument/SpectrumAnalyzer.pm ...
# trying to load Lab/Moose/Instrument/Lakeshore340.pm ...
# trying to load Lab/Moose/Instrument/ZI_HF2LI.pm ...
# trying to load Lab/Moose/Instrument/ProStep4.pm ...
# trying to load Lab/Moose/Instrument/ZI_MFIA.pm ...
# trying to load Lab/Moose/Instrument/Lakeshore372.pm ...
# trying to load Lab/Moose/Instrument/RS_ZVA.pm ...
# trying to load Lab/Moose/Instrument/Log.pm ...
# trying to load Lab/Moose/Instrument/Keithley2400.pm ...
# trying to load Lab/Moose/Instrument/HP8596E.pm ...
# trying to load Lab/Moose/Instrument/Keysight34470A.pm ...
# trying to load Lab/Moose/Instrument/HPE4400B.pm ...
# trying to load Lab/Moose/Instrument/AH2700A.pm ...
# trying to load Lab/Moose/Instrument/HP34420A.pm ...
# trying to load Lab/Moose/Instrument/HP3458A.pm ...
# trying to load Lab/Moose/Instrument/OI_IPS.pm ...
# trying to load Lab/Moose/Instrument/Bluefors_Temp.pm ...
# trying to load Lab/Moose/Instrument/ZI_MFLI.pm ...
# trying to load Lab/Moose/Instrument/RS_SMB.pm ...
# trying to load Lab/Moose/Instrument/SCPIBlock.pm ...
# trying to load Lab/Moose/Instrument/HP34410A.pm ...
# trying to load Lab/Moose/Instrument/Lakeshore340/Helium3.pm ...
# trying to load Lab/Moose/Instrument/OI_Mercury/Magnet.pm ...
# trying to load Lab/Moose/Instrument/SCPI/Instrument.pm ...
# trying to load Lab/Moose/Instrument/SCPI/Format.pm ...
# trying to load Lab/Moose/Instrument/SCPI/Unit.pm ...
# trying to load Lab/Moose/Instrument/SCPI/Initiate.pm ...
# trying to load Lab/Moose/Instrument/SCPI/Display/Window.pm ...
# trying to load Lab/Moose/Instrument/SCPI/Source/Range.pm ...
# trying to load Lab/Moose/Instrument/SCPI/Source/Function.pm ...
# trying to load Lab/Moose/Instrument/SCPI/Source/Power.pm ...
# trying to load Lab/Moose/Instrument/SCPI/Source/Level.pm ...
# trying to load Lab/Moose/Instrument/SCPI/Output/State.pm ...
# trying to load Lab/Moose/Instrument/SCPI/Sense/Range.pm ...
# trying to load Lab/Moose/Instrument/SCPI/Sense/Protection.pm ...
# trying to load Lab/Moose/Instrument/SCPI/Sense/Sweep.pm ...
# trying to load Lab/Moose/Instrument/SCPI/Sense/Average.pm ...
# trying to load Lab/Moose/Instrument/SCPI/Sense/Function.pm ...
# trying to load Lab/Moose/Instrument/SCPI/Sense/NPLC.pm ...
# trying to load Lab/Moose/Instrument/SCPI/Sense/Power.pm ...
# trying to load Lab/Moose/Instrument/SCPI/Sense/Bandwidth.pm ...
# trying to load Lab/Moose/Instrument/SCPI/Sense/Null.pm ...
# trying to load Lab/Moose/Instrument/SCPI/Sense/Frequency.pm ...
# trying to load Lab/Moose/Instrument/SCPI/Sense/Impedance.pm ...
# trying to load Lab/Moose/Instrument/SCPI/Sense/Function/Concurrent.pm ...
# trying to load Lab/Moose/Instrument/OI_IPS/Strunk_3He.pm ...
# trying to load Lab/Moose/DataFile/Read.pm ...
# trying to load Lab/Moose/DataFile/Meta.pm ...
# trying to load Lab/Moose/DataFile/Gnuplot.pm ...
# trying to load Lab/Moose/DataFile/Gnuplot/Compressed.pm ...
# trying to load Lab/Moose/Sweep/Continuous.pm ...
# trying to load Lab/Moose/Sweep/DataFile.pm ...
# trying to load Lab/Moose/Sweep/Step.pm ...
# trying to load Lab/Moose/Sweep/Step/Pulsedelay.pm ...
# trying to load Lab/Moose/Sweep/Step/Temperature.pm ...
# trying to load Lab/Moose/Sweep/Step/Pulsewidth.pm ...
# trying to load Lab/Moose/Sweep/Step/Phase.pm ...
# trying to load Lab/Moose/Sweep/Step/Repeat.pm ...
# trying to load Lab/Moose/Sweep/Step/Power.pm ...
# trying to load Lab/Moose/Sweep/Step/Voltage.pm ...
# trying to load Lab/Moose/Sweep/Step/Frequency.pm ...
# trying to load Lab/Moose/Sweep/Step/Magnet.pm ...
# trying to load Lab/Moose/Sweep/Continuous/Time.pm ...
# trying to load Lab/Moose/Sweep/Continuous/Voltage.pm ...
# trying to load Lab/Moose/Sweep/Continuous/Magnet.pm ...
t/00-load.t ............................. ok
# 
# Versions for all modules listed in MYMETA.json (including optional ones):
# 
# === Configure Requires ===
# 
#     Module              Want Have
#     ------------------- ---- ----
#     ExtUtils::MakeMaker  any 7.70
# 
# === Build Requires ===
# 
#     Module              Want Have
#     ------------------- ---- ----
#     ExtUtils::MakeMaker  any 7.70
# 
# === Test Requires ===
# 
#     Module                      Want     Have
#     ----------------------- -------- --------
#     ExtUtils::MakeMaker          any     7.70
#     File::Find                   any     1.44
#     File::Glob                   any     1.42
#     File::Slurper                any    0.014
#     File::Spec                   any     3.90
#     File::Spec::Functions        any     3.91
#     File::Temp                   any   0.2311
#     Getopt::Long                 any     2.57
#     IO::Uncompress::Bunzip2      any    2.211
#     PDL::Ufunc                   any    undef
#     Test::Builder::Module        any 1.302198
#     Test::Fatal                  any    0.017
#     Test::File                   any    1.993
#     Test::More              1.001014 1.302198
#     Test::Tester                 any 1.302198
#     Text::Diff                   any     1.45
#     aliased                      any     0.34
#     lib                          any     0.65
#     parent                       any    0.241
# 
# === Test Recommends ===
# 
#     Module         Want     Have
#     ---------- -------- --------
#     CPAN::Meta 2.120900 2.150010
# 
# === Runtime Requires ===
# 
#     Module                           Want     Have
#     ---------------------------- -------- --------
#     Carp                              any     1.54
#     Class::Method::Modifiers         2.11     2.15
#     Clone                            0.31     0.46
#     Data::Dumper                      any    2.189
#     DateTime                          any     1.65
#     Encode                            any     3.21
#     Exception::Class                  1.0     1.45
#     Exporter                          any     5.78
#     Fcntl                             any     1.17
#     File::Basename                    any     2.86
#     File::Copy                        any     2.41
#     File::Path                        any     2.18
#     HTTP::Request                     any     6.45
#     IO::Handle                        any     1.55
#     IO::Select                        any     1.55
#     IO::Socket::INET                  any     1.55
#     JSON                              any     4.10
#     LWP::Simple                       any     6.77
#     LWP::UserAgent                    any     6.77
#     List::MoreUtils                   any    0.430
#     List::Util                        any     1.63
#     Math::Round                       any     0.08
#     Module::Load                     0.26     0.36
#     Moose                          2.1213   2.2207
#     Moose::Role                       any   2.2207
#     Moose::Util::TypeConstraints      any   2.2207
#     MooseX::Params::Validate         0.18     0.21
#     MooseX::StrictConstructor         any     0.21
#     Net::RFC3161::Timestamp           any    0.020
#     PDL                             2.007    2.087
#     PDL::Core                         any    2.028
#     PDL::IO::CSV                      any    0.011
#     PDL::NiceSlice                    any    1.001
#     POSIX                             any     2.18
#     Role::Tiny                   1.003004 2.002004
#     Scalar::Util                      any     1.63
#     Socket                            any    2.038
#     Statistics::Descriptive           any   3.0801
#     Sys::Hostname                     any     1.25
#     Term::ReadKey                    2.30     2.38
#     Test::More                   1.001014 1.302198
#     Time::HiRes                       any   1.9777
#     Time::Seconds                     any   1.3401
#     Try::Tiny                        0.22     0.31
#     YAML::XS                         0.41     0.89
#     constant                          any     1.33
#     integer                           any     1.01
#     namespace::autoclean             0.20     0.29
#     strict                            any     1.13
#     utf8                              any     1.25
#     warnings                          any     1.69
# 
t/00-report-prereqs.t ................... ok
t/Dataset.t ............................. skipped: known to fail
t/Lab/Test/test.t ....................... ok
t/Meta.t ................................ skipped: known to fail
t/Moose/Connection/Socket.t ............. ok
t/Moose/DataFile/Gnuplot.t .............. ok
t/Moose/DataFile/Gnuplot/Compressed.t ... ok
t/Moose/DataFile/Read.t ................. ok
t/Moose/DataFolder.t .................... ok
Use of uninitialized value in string ne at /home/cpan/.cpan/build/Lab-Measurement-3.901-0/blib/lib/Lab/Moose/Instrument.pm line 141.
t/Moose/Instrument/base.t ............... ok
t/Moose/Instrument/DummySource.t ........ ok
t/Moose/Instrument/HP34410A.t ........... ok
t/Moose/Instrument/HP34420A.t ........... ok
t/Moose/Instrument/HP8596E.t ............ ok
t/Moose/Instrument/HPE4400B.t ........... ok
t/Moose/Instrument/Keithley2400.t ....... ok
t/Moose/Instrument/KeysightB2901A.t ..... ok
t/Moose/Instrument/OI_Mercury/Magnet.t .. ok
t/Moose/Instrument/Rigol_DSA815.t ....... ok
setting data format: REAL, 32 at /home/cpan/.cpan/build/Lab-Measurement-3.901-0/blib/lib/Lab/Moose/Instrument/RS_FSV.pm line 66.
t/Moose/Instrument/RS_FSV.t ............. ok
t/Moose/Instrument/RS_SMB.t ............. ok
setting data format: REAL, 32 at /home/cpan/.cpan/build/Lab-Measurement-3.901-0/blib/lib/Lab/Moose/Instrument/VNASweep.pm line 119.
t/Moose/Instrument/RS_ZVA.t ............. ok
setting data format: REAL, 32 at /home/cpan/.cpan/build/Lab-Measurement-3.901-0/blib/lib/Lab/Moose/Instrument/VNASweep.pm line 119.
t/Moose/Instrument/RS_ZVM.t ............. ok
t/Moose/Instrument/SR830.t .............. ok
t/Moose/Instrument/YokogawaGS200.t ...... ok
t/Moose/Instrument/ZI_MFIA.t ............ ok
t/Moose/Instrument/ZI_MFLI.t ............ ok
Name "PDL::Graphics::Gnuplot::gp_version" used only once: possible typo at t/Moose/Plot.t line 30.
PDL::Graphics::Gnuplot: ERROR: the gnuplot backend issued an error:
gnuplot> set grid 1
                  ^
         line 0: unexpected or unrecognized token: 1
 at /home/cpan/bin/perl/lib/site_perl/5.39.10/PDL/Graphics/Gnuplot.pm line 7661, <$fh> line 3.
	PDL::Graphics::Gnuplot::_checkpoint(PDL::Graphics::Gnuplot=HASH(0x7f6d4e76f5a0), "main", HASH(0x7f6d4e727b68)) called at /home/cpan/bin/perl/lib/site_perl/5.39.10/PDL/Graphics/Gnuplot.pm line 3247
	PDL::Graphics::Gnuplot::plot(undef, HASH(0x7f6d4e94b870), "with", "points", HASH(0x7f6d4e7c37d0), PDL=SCALAR(0x7f6d4e724ce0), PDL=SCALAR(0x7f6d4e727928)) called at /home/cpan/.cpan/build/Lab-Measurement-3.901-0/blib/lib/Lab/Moose/Plot.pm line 105
	Lab::Moose::Plot::_plot(Lab::Moose::Plot=HASH(0x7f6d4e76f7c8), HASH(0x7f6d4e94b870), HASH(0x7f6d4f60a420), ARRAY(0x7f6d4e7d6ac8), "plot") called at /home/cpan/.cpan/build/Lab-Measurement-3.901-0/blib/lib/Lab/Moose/Plot.pm line 117
	Lab::Moose::Plot::plot(Lab::Moose::Plot=HASH(0x7f6d4e76f7c8), "data", ARRAY(0x7f6d4e7d6ac8)) called at /home/cpan/.cpan/build/Lab-Measurement-3.901-0/blib/lib/Lab/Moose/DataFile/Gnuplot.pm line 551
	Lab::Moose::DataFile::Gnuplot::_refresh_plot(undef, "index", 0, "force", 0) called at /home/cpan/.cpan/build/Lab-Measurement-3.901-0/blib/lib/Lab/Moose/DataFile/Gnuplot.pm line 615
	Lab::Moose::DataFile::Gnuplot::refresh_plots(undef, "refresh", "point") called at /home/cpan/.cpan/build/Lab-Measurement-3.901-0/blib/lib/Lab/Moose/DataFile/Gnuplot.pm line 76
	Lab::Moose::DataFile::Gnuplot::log(Lab::Moose::DataFile::Gnuplot=HASH(0x7f6d4ea81ef0), "A", 2, "B", 4, "C", 6) called at t/Moose/Plot.t line 115
t/Moose/Plot.t .......................... 
No subtests run 
t/Moose/Stabilizer.t .................... ok
t/Moose/Sweep-Continuous-Time.t ......... ok
Going to sweep start:
Setpoint: 0
Rate: 2
 at t/Moose/Sweep-Continuous-Voltage.t line 77.
Starting sweep
Setpoint: 10.5
Rate: 2
 at t/Moose/Sweep-Continuous-Voltage.t line 77.
Starting sweep
Setpoint: 0
Rate: 5
 at t/Moose/Sweep-Continuous-Voltage.t line 77.
t/Moose/Sweep-Continuous-Voltage.t ...... ok
PDL::Graphics::Gnuplot: ERROR: the gnuplot backend issued an error:
fontconfig: Couldn't find font. when opening font "arial", using internal non-scalable font

gnuplot> set grid 1
                  ^
         line 0: unexpected or unrecognized token: 1
 at /home/cpan/bin/perl/lib/site_perl/5.39.10/PDL/Graphics/Gnuplot.pm line 7661, <$fh> line 3.
	PDL::Graphics::Gnuplot::_checkpoint(PDL::Graphics::Gnuplot=HASH(0x7f9f086f6e68), "main", HASH(0x7f9f085b1e28)) called at /home/cpan/bin/perl/lib/site_perl/5.39.10/PDL/Graphics/Gnuplot.pm line 3247
	PDL::Graphics::Gnuplot::plot(undef, HASH(0x7f9f085b0358), "with", "points", HASH(0x7f9f087319f8), PDL=SCALAR(0x7f9f085b0630), PDL=SCALAR(0x7f9f085b05e8)) called at /home/cpan/.cpan/build/Lab-Measurement-3.901-0/blib/lib/Lab/Moose/Plot.pm line 105
	Lab::Moose::Plot::_plot(Lab::Moose::Plot=HASH(0x7f9f086fa8a8), HASH(0x7f9f085b0358), HASH(0x7f9f086ec6d8), ARRAY(0x7f9f08744b28), "plot") called at /home/cpan/.cpan/build/Lab-Measurement-3.901-0/blib/lib/Lab/Moose/Plot.pm line 117
	Lab::Moose::Plot::plot(Lab::Moose::Plot=HASH(0x7f9f086fa8a8), "data", ARRAY(0x7f9f08744b28)) called at /home/cpan/.cpan/build/Lab-Measurement-3.901-0/blib/lib/Lab/Moose/DataFile/Gnuplot.pm line 551
	Lab::Moose::DataFile::Gnuplot::_refresh_plot(undef, "index", 0, "force", 0) called at /home/cpan/.cpan/build/Lab-Measurement-3.901-0/blib/lib/Lab/Moose/DataFile/Gnuplot.pm line 615
	Lab::Moose::DataFile::Gnuplot::refresh_plots(undef, "refresh", "point") called at /home/cpan/.cpan/build/Lab-Measurement-3.901-0/blib/lib/Lab/Moose/DataFile/Gnuplot.pm line 76
	Lab::Moose::DataFile::Gnuplot::log(Lab::Moose::DataFile::Gnuplot=HASH(0x7f9f08c7ca88), "level", 0.1, "value", 1) called at /home/cpan/.cpan/build/Lab-Measurement-3.901-0/blib/lib/Lab/Moose/Sweep.pm line 480
	Lab::Moose::Sweep::log(Lab::Moose::Sweep::Step::Voltage=HASH(0x7f9f08c7db00), "level", 0.1, "value", 1) called at t/Moose/Sweep-Plot.t line 64
	main::__ANON__(Lab::Moose::Sweep::Step::Voltage=HASH(0x7f9f08c7db00)) called at /home/cpan/.cpan/build/Lab-Measurement-3.901-0/blib/lib/Lab/Moose/Sweep.pm line 425
	Lab::Moose::Sweep::_start(undef, "datafiles", HASH(0x7f9f08a61030), "filename_extensions", ARRAY(0x7f9f08c7d220)) called at /home/cpan/.cpan/build/Lab-Measurement-3.901-0/blib/lib/Lab/Moose/Sweep.pm line 317
	Lab::Moose::Sweep::start(undef, "measurement", CODE(0x7f9f08af3828), "datafiles", ARRAY(0x7f9f0884e020), "folder", "/tmp/ORvxCMchh3/sweep") called at t/Moose/Sweep-Plot.t line 66
t/Moose/Sweep-Plot.t .................... 
No subtests run 
dir: /tmp/NcxIx3b7x4/sweep
t/Moose/Sweep.t ......................... ok

Test Summary Report
-------------------
t/Moose/Plot.t                        (Wstat: 0 Tests: 0 Failed: 0)
  Parse errors: No plan found in TAP output
t/Moose/Sweep-Plot.t                  (Wstat: 0 Tests: 0 Failed: 0)
  Parse errors: No plan found in TAP output
Files=34, Tests=655, 40 wallclock secs ( 0.17 usr  0.04 sys + 11.63 cusr  2.08 csys = 13.92 CPU)
Result: FAIL
Failed 2/34 test programs. 0/655 subtests failed.
make: *** [Makefile:1126: test_dynamic] Error 255

------------------------------
PREREQUISITES
------------------------------

Prerequisite modules loaded:

requires:

    Module                       Need     Have    
    ---------------------------- -------- --------
    Carp                         0        1.54    
    Class::Method::Modifiers     2.11     2.15    
    Clone                        0.31     0.46    
    constant                     0        1.33    
    Data::Dumper                 0        2.189   
    DateTime                     0        1.65    
    Encode                       0        3.21    
    Exception::Class             1.0      1.45    
    Exporter                     0        5.78    
    Fcntl                        0        1.17    
    File::Basename               0        2.86    
    File::Copy                   0        2.41    
    File::Path                   0        2.18    
    HTTP::Request                0        6.45    
    integer                      0        1.01    
    IO::Handle                   0        1.55    
    IO::Select                   0        1.55    
    IO::Socket::INET             0        1.55    
    JSON                         0        4.10    
    List::MoreUtils              0        0.430   
    List::Util                   0        1.63    
    LWP::Simple                  0        6.77    
    LWP::UserAgent               0        6.77    
    Math::Round                  0        0.08    
    Module::Load                 0.26     0.36    
    Moose                        2.1213   2.2207  
    Moose::Role                  0        2.2207  
    Moose::Util::TypeConstraints 0        2.2207  
    MooseX::Params::Validate     0.18     0.21    
    MooseX::StrictConstructor    0        0.21    
    namespace::autoclean         0.20     0.29    
    Net::RFC3161::Timestamp      0        0.020   
    PDL                          2.007    2.087   
    PDL::Core                    0        2.028   
    PDL::IO::CSV                 0        0.011   
    PDL::NiceSlice               0        1.001   
    perl                         5.020000 5.039010
    POSIX                        0        2.18    
    Role::Tiny                   1.003004 2.002004
    Scalar::Util                 0        1.63    
    Socket                       0        2.038   
    Statistics::Descriptive      0        3.0801  
    strict                       0        1.13    
    Sys::Hostname                0        1.25    
    Term::ReadKey                2.30     2.38    
    Test::More                   1.001014 1.302198
    Time::HiRes                  0        1.9777  
    Time::Seconds                0        1.3401  
    Try::Tiny                    0.22     0.31    
    utf8                         0        1.25    
    warnings                     0        1.69    
    YAML::XS                     0.41     0.89    

build_requires:

    Module                       Need     Have    
    ---------------------------- -------- --------
    aliased                      0        0.34    
    ExtUtils::MakeMaker          0        7.70    
    File::Find                   0        1.44    
    File::Glob                   0        1.42    
    File::Slurper                0        0.014   
    File::Spec                   0        3.90    
    File::Spec::Functions        0        3.91    
    File::Temp                   0        0.2311  
    Getopt::Long                 0        2.57    
    IO::Uncompress::Bunzip2      0        2.211   
    lib                          0        0.65    
    parent                       0        0.241   
    PDL::Ufunc                   0        0       
    Test::Builder::Module        0        1.302198
    Test::Fatal                  0        0.017   
    Test::File                   0        1.993   
    Test::More                   1.001014 1.302198
    Test::Tester                 0        1.302198
    Text::Diff                   0        1.45    

configure_requires:

    Module                       Need     Have    
    ---------------------------- -------- --------
    ExtUtils::MakeMaker          0        7.70    


------------------------------
ENVIRONMENT AND OTHER CONTEXT
------------------------------

Environment variables:

    AUTOMATED_TESTING = 1
    DATE_MANIP_TEST_DM5 = 1
    LANG = C.UTF-8
    LC_COLLATE = C
    NONINTERACTIVE_TESTING = 1
    NO_NETWORK_TESTING = 1
    PATH = /home/cpan/bin/perl/bin:/usr/local/sbin:/usr/local/bin:/usr/sbin:/usr/bin:/sbin:/bin
    PERL5LIB = 
    PERL5OPT = 
    PERL5_CPANPLUS_IS_RUNNING = 12896
    PERL5_CPAN_IS_RUNNING = 12896
    PERL_MM_USE_DEFAULT = 1
    PERL_USE_UNSAFE_INC = 1
    SHELL = /bin/bash
    TERM = screen

Perl special variables (and OS-specific diagnostics, for MSWin32):

    $^X = /home/cpan/bin/perl/bin/perl5.39.10
    $UID/$EUID = 1001 / 1001
    $GID = 1001 1001
    $EGID = 1001 1001

Perl module toolchain versions installed:

    Module              Have    
    ------------------- --------
    CPAN                2.36    
    CPAN::Meta          2.150010
    Cwd                 3.90    
    ExtUtils::CBuilder  0.280240
    ExtUtils::Command   7.70    
    ExtUtils::Install   2.22    
    ExtUtils::MakeMaker 7.70    
    ExtUtils::Manifest  1.75    
    ExtUtils::ParseXS   3.51    
    File::Spec          3.90    
    JSON                4.10    
    JSON::PP            4.16    
    Module::Build       0.4234  
    Module::Signature   n/a     
    Parse::CPAN::Meta   2.150010
    Test2               1.302198
    Test::Harness       3.48    
    Test::More          1.302198
    YAML                1.31    
    YAML::Syck          1.34    
    version             0.9930  


--

Summary of my perl5 (revision 5 version 39 subversion 10) configuration:
  Commit id: f936cd91ee430786a1bb6068a4a7c8362610dd5f
  Platform:
    osname=linux
    osvers=6.6.28-0-lts
    archname=x86_64-linux
    uname='linux cjg-alpine3 6.6.28-0-lts #1-alpine smp preempt_dynamic thu, 18 apr 2024 10:17:08 +0000 x86_64 linux '
    config_args='-des -Dprefix=/home/cpan/bin/perl -Dscriptdir=/home/cpan/bin/perl/bin -Dusedevel -Duse64bitall'
    hint=recommended
    useposix=true
    d_sigaction=define
    useithreads=undef
    usemultiplicity=undef
    use64bitint=define
    use64bitall=define
    uselongdouble=undef
    usemymalloc=n
    default_inc_excludes_dot=define
  Compiler:
    cc='cc'
    ccflags ='-D_GNU_SOURCE -fwrapv -fno-strict-aliasing -pipe -fstack-protector-strong -D_LARGEFILE_SOURCE -D_FILE_OFFSET_BITS=64'
    optimize='-O2'
    cppflags='-D_GNU_SOURCE -fwrapv -fno-strict-aliasing -pipe -fstack-protector-strong'
    ccversion=''
    gccversion='13.2.1 20231014'
    gccosandvers=''
    intsize=4
    longsize=8
    ptrsize=8
    doublesize=8
    byteorder=12345678
    doublekind=3
    d_longlong=define
    longlongsize=8
    d_longdbl=define
    longdblsize=16
    longdblkind=3
    ivtype='long'
    ivsize=8
    nvtype='double'
    nvsize=8
    Off_t='off_t'
    lseeksize=8
    alignbytes=8
    prototype=define
  Linker and Libraries:
    ld='cc'
    ldflags =' -fstack-protector-strong -L/usr/local/lib'
    libpth=/usr/lib /usr/local/lib /lib
    libs=-lpthread -ldb -ldl -lm -lcrypt -lutil -lc
    perllibs=-lpthread -ldl -lm -lcrypt -lutil -lc
    libc=/usr/lib/libc.a
    so=so
    useshrplib=false
    libperl=libperl.a
    gnulibc_version=''
  Dynamic Linking:
    dlsrc=dl_dlopen.xs
    dlext=so
    d_dlsymun=undef
    ccdlflags='-Wl,-E'
    cccdlflags='-fPIC'
    lddlflags='-shared -O2 -L/usr/local/lib -fstack-protector-strong'


Characteristics of this binary (from libperl): 
  Compile-time options:
    HAS_LONG_DOUBLE
    HAS_STRTOLD
    HAS_TIMES
    PERLIO_LAYERS
    PERL_COPY_ON_WRITE
    PERL_DONT_CREATE_GVSV
    PERL_HASH_FUNC_SIPHASH13
    PERL_HASH_USE_SBOX32
    PERL_MALLOC_WRAP
    PERL_OP_PARENT
    PERL_PRESERVE_IVUV
    PERL_USE_DEVEL
    PERL_USE_SAFE_PUTENV
    USE_64_BIT_ALL
    USE_64_BIT_INT
    USE_LARGE_FILES
    USE_LOCALE
    USE_LOCALE_COLLATE
    USE_LOCALE_CTYPE
    USE_LOCALE_NUMERIC
    USE_LOCALE_TIME
    USE_PERLIO
    USE_PERL_ATOF
  Built under linux
  Compiled at Apr 20 2024 01:41:40
  %ENV:
    PERL5LIB=""
    PERL5OPT=""
    PERL5_CPANPLUS_IS_RUNNING="12896"
    PERL5_CPAN_IS_RUNNING="12896"
    PERL_MM_USE_DEFAULT="1"
    PERL_USE_UNSAFE_INC="1"
  @INC:
    /home/cpan/bin/perl/lib/site_perl/5.39.10/x86_64-linux
    /home/cpan/bin/perl/lib/site_perl/5.39.10
    /home/cpan/bin/perl/lib/5.39.10/x86_64-linux
    /home/cpan/bin/perl/lib/5.39.10
    .