CGI-Application-Plugin-ViewCode v1.02 Perl 5 v5.28.1 x86_64-linux-gnu
- Status
- Fail
- From
- Dist
-
CGI-Application-Plugin-ViewCode v1.02
- Platform
- Perl 5 v5.28.1 x86_64-linux-gnu
- Date
- 2019-04-27 08:23:59
- ID
- ceab81f4-68c5-11e9-b79f-d8f6d9e06457
This distribution has been tested as part of the CPAN Testers
project, supporting the Perl programming language. See
http://wiki.cpantesters.org/ for more information or email
questions to cpan-testers-discuss@perl.org
--
Dear WONKO,
This is a computer-generated report for CGI-Application-Plugin-ViewCode-1.02
on perl 5.28.1, created by App::cpanminus::reporter 0.17 (1.7044).
Thank you for uploading your work to CPAN. However, there was a problem
testing your distribution.
If you think this report is invalid, please consult the CPAN Testers Wiki
for suggestions on how to avoid getting FAIL reports for missing library
or binary dependencies, unsupported operating systems, and so on:
http://wiki.cpantesters.org/wiki/CPANAuthorNotes
Sections of this report:
* Tester comments
* Program output
* Prerequisites
* Environment and other context
------------------------------
TESTER COMMENTS
------------------------------
Additional comments from tester:
none provided
------------------------------
PROGRAM OUTPUT
------------------------------
Output from '':
Building and testing CGI-Application-Plugin-ViewCode-1.02
Building CGI-Application-Plugin-ViewCode
t/00-pod.t ........... ok
t/01-pod-coverage.t .. skipped: Test::Pod::Coverage 1.04 required for testing POD coverage
syntax error at /root/.cpanm/work/1556341241.6/CGI-Application-Plugin-ViewCode-1.02/blib/lib/CGI/Application/Plugin/ViewCode.pm line 179, near "$opt qw(highlight line_no pod)"
Global symbol "$opt" requires explicit package name (did you forget to declare "my $opt"?) at /root/.cpanm/work/1556341241.6/CGI-Application-Plugin-ViewCode-1.02/blib/lib/CGI/Application/Plugin/ViewCode.pm line 180.
Global symbol "$opt" requires explicit package name (did you forget to declare "my $opt"?) at /root/.cpanm/work/1556341241.6/CGI-Application-Plugin-ViewCode-1.02/blib/lib/CGI/Application/Plugin/ViewCode.pm line 181.
Global symbol "$query" requires explicit package name (did you forget to declare "my $query"?) at /root/.cpanm/work/1556341241.6/CGI-Application-Plugin-ViewCode-1.02/blib/lib/CGI/Application/Plugin/ViewCode.pm line 181.
Global symbol "$opt" requires explicit package name (did you forget to declare "my $opt"?) at /root/.cpanm/work/1556341241.6/CGI-Application-Plugin-ViewCode-1.02/blib/lib/CGI/Application/Plugin/ViewCode.pm line 181.
Global symbol "%options" requires explicit package name (did you forget to declare "my %options"?) at /root/.cpanm/work/1556341241.6/CGI-Application-Plugin-ViewCode-1.02/blib/lib/CGI/Application/Plugin/ViewCode.pm line 183.
Global symbol "$opt" requires explicit package name (did you forget to declare "my $opt"?) at /root/.cpanm/work/1556341241.6/CGI-Application-Plugin-ViewCode-1.02/blib/lib/CGI/Application/Plugin/ViewCode.pm line 183.
Can't redeclare "my" in "my" at /root/.cpanm/work/1556341241.6/CGI-Application-Plugin-ViewCode-1.02/blib/lib/CGI/Application/Plugin/ViewCode.pm line 190, near "my"
Global symbol "$module" requires explicit package name (did you forget to declare "my $module"?) at /root/.cpanm/work/1556341241.6/CGI-Application-Plugin-ViewCode-1.02/blib/lib/CGI/Application/Plugin/ViewCode.pm line 190.
Global symbol "%options" requires explicit package name (did you forget to declare "my %options"?) at /root/.cpanm/work/1556341241.6/CGI-Application-Plugin-ViewCode-1.02/blib/lib/CGI/Application/Plugin/ViewCode.pm line 205.
Global symbol "%options" requires explicit package name (did you forget to declare "my %options"?) at /root/.cpanm/work/1556341241.6/CGI-Application-Plugin-ViewCode-1.02/blib/lib/CGI/Application/Plugin/ViewCode.pm line 219.
Global symbol "%options" requires explicit package name (did you forget to declare "my %options"?) at /root/.cpanm/work/1556341241.6/CGI-Application-Plugin-ViewCode-1.02/blib/lib/CGI/Application/Plugin/ViewCode.pm line 227.
Global symbol "%options" requires explicit package name (did you forget to declare "my %options"?) at /root/.cpanm/work/1556341241.6/CGI-Application-Plugin-ViewCode-1.02/blib/lib/CGI/Application/Plugin/ViewCode.pm line 227.
Global symbol "%options" requires explicit package name (did you forget to declare "my %options"?) at /root/.cpanm/work/1556341241.6/CGI-Application-Plugin-ViewCode-1.02/blib/lib/CGI/Application/Plugin/ViewCode.pm line 230.
Global symbol "%options" requires explicit package name (did you forget to declare "my %options"?) at /root/.cpanm/work/1556341241.6/CGI-Application-Plugin-ViewCode-1.02/blib/lib/CGI/Application/Plugin/ViewCode.pm line 238.
syntax error at /root/.cpanm/work/1556341241.6/CGI-Application-Plugin-ViewCode-1.02/blib/lib/CGI/Application/Plugin/ViewCode.pm line 276, near "}"
/root/.cpanm/work/1556341241.6/CGI-Application-Plugin-ViewCode-1.02/blib/lib/CGI/Application/Plugin/ViewCode.pm has too many errors.
Compilation failed in require at t/lib/MyBase/MyApp.pm line 4.
BEGIN failed--compilation aborted at t/lib/MyBase/MyApp.pm line 4.
Compilation failed in require at t/02-view_code.t line 4.
BEGIN failed--compilation aborted at t/02-view_code.t line 4.
t/02-view_code.t .....
Dubious, test returned 255 (wstat 65280, 0xff00)
No subtests run
syntax error at /root/.cpanm/work/1556341241.6/CGI-Application-Plugin-ViewCode-1.02/blib/lib/CGI/Application/Plugin/ViewCode.pm line 179, near "$opt qw(highlight line_no pod)"
Global symbol "$opt" requires explicit package name (did you forget to declare "my $opt"?) at /root/.cpanm/work/1556341241.6/CGI-Application-Plugin-ViewCode-1.02/blib/lib/CGI/Application/Plugin/ViewCode.pm line 180.
Global symbol "$opt" requires explicit package name (did you forget to declare "my $opt"?) at /root/.cpanm/work/1556341241.6/CGI-Application-Plugin-ViewCode-1.02/blib/lib/CGI/Application/Plugin/ViewCode.pm line 181.
Global symbol "$query" requires explicit package name (did you forget to declare "my $query"?) at /root/.cpanm/work/1556341241.6/CGI-Application-Plugin-ViewCode-1.02/blib/lib/CGI/Application/Plugin/ViewCode.pm line 181.
Global symbol "$opt" requires explicit package name (did you forget to declare "my $opt"?) at /root/.cpanm/work/1556341241.6/CGI-Application-Plugin-ViewCode-1.02/blib/lib/CGI/Application/Plugin/ViewCode.pm line 181.
Global symbol "%options" requires explicit package name (did you forget to declare "my %options"?) at /root/.cpanm/work/1556341241.6/CGI-Application-Plugin-ViewCode-1.02/blib/lib/CGI/Application/Plugin/ViewCode.pm line 183.
Global symbol "$opt" requires explicit package name (did you forget to declare "my $opt"?) at /root/.cpanm/work/1556341241.6/CGI-Application-Plugin-ViewCode-1.02/blib/lib/CGI/Application/Plugin/ViewCode.pm line 183.
Can't redeclare "my" in "my" at /root/.cpanm/work/1556341241.6/CGI-Application-Plugin-ViewCode-1.02/blib/lib/CGI/Application/Plugin/ViewCode.pm line 190, near "my"
Global symbol "$module" requires explicit package name (did you forget to declare "my $module"?) at /root/.cpanm/work/1556341241.6/CGI-Application-Plugin-ViewCode-1.02/blib/lib/CGI/Application/Plugin/ViewCode.pm line 190.
Global symbol "%options" requires explicit package name (did you forget to declare "my %options"?) at /root/.cpanm/work/1556341241.6/CGI-Application-Plugin-ViewCode-1.02/blib/lib/CGI/Application/Plugin/ViewCode.pm line 205.
Global symbol "%options" requires explicit package name (did you forget to declare "my %options"?) at /root/.cpanm/work/1556341241.6/CGI-Application-Plugin-ViewCode-1.02/blib/lib/CGI/Application/Plugin/ViewCode.pm line 219.
Global symbol "%options" requires explicit package name (did you forget to declare "my %options"?) at /root/.cpanm/work/1556341241.6/CGI-Application-Plugin-ViewCode-1.02/blib/lib/CGI/Application/Plugin/ViewCode.pm line 227.
Global symbol "%options" requires explicit package name (did you forget to declare "my %options"?) at /root/.cpanm/work/1556341241.6/CGI-Application-Plugin-ViewCode-1.02/blib/lib/CGI/Application/Plugin/ViewCode.pm line 227.
Global symbol "%options" requires explicit package name (did you forget to declare "my %options"?) at /root/.cpanm/work/1556341241.6/CGI-Application-Plugin-ViewCode-1.02/blib/lib/CGI/Application/Plugin/ViewCode.pm line 230.
Global symbol "%options" requires explicit package name (did you forget to declare "my %options"?) at /root/.cpanm/work/1556341241.6/CGI-Application-Plugin-ViewCode-1.02/blib/lib/CGI/Application/Plugin/ViewCode.pm line 238.
syntax error at /root/.cpanm/work/1556341241.6/CGI-Application-Plugin-ViewCode-1.02/blib/lib/CGI/Application/Plugin/ViewCode.pm line 276, near "}"
/root/.cpanm/work/1556341241.6/CGI-Application-Plugin-ViewCode-1.02/blib/lib/CGI/Application/Plugin/ViewCode.pm has too many errors.
Compilation failed in require at t/lib/MyBase/MyApp.pm line 4.
BEGIN failed--compilation aborted at t/lib/MyBase/MyApp.pm line 4.
Compilation failed in require at t/03-view_pod.t line 5.
BEGIN failed--compilation aborted at t/03-view_pod.t line 5.
t/03-view_pod.t ......
Dubious, test returned 255 (wstat 65280, 0xff00)
No subtests run
syntax error at /root/.cpanm/work/1556341241.6/CGI-Application-Plugin-ViewCode-1.02/blib/lib/CGI/Application/Plugin/ViewCode.pm line 179, near "$opt qw(highlight line_no pod)"
Global symbol "$opt" requires explicit package name (did you forget to declare "my $opt"?) at /root/.cpanm/work/1556341241.6/CGI-Application-Plugin-ViewCode-1.02/blib/lib/CGI/Application/Plugin/ViewCode.pm line 180.
Global symbol "$opt" requires explicit package name (did you forget to declare "my $opt"?) at /root/.cpanm/work/1556341241.6/CGI-Application-Plugin-ViewCode-1.02/blib/lib/CGI/Application/Plugin/ViewCode.pm line 181.
Global symbol "$query" requires explicit package name (did you forget to declare "my $query"?) at /root/.cpanm/work/1556341241.6/CGI-Application-Plugin-ViewCode-1.02/blib/lib/CGI/Application/Plugin/ViewCode.pm line 181.
Global symbol "$opt" requires explicit package name (did you forget to declare "my $opt"?) at /root/.cpanm/work/1556341241.6/CGI-Application-Plugin-ViewCode-1.02/blib/lib/CGI/Application/Plugin/ViewCode.pm line 181.
Global symbol "%options" requires explicit package name (did you forget to declare "my %options"?) at /root/.cpanm/work/1556341241.6/CGI-Application-Plugin-ViewCode-1.02/blib/lib/CGI/Application/Plugin/ViewCode.pm line 183.
Global symbol "$opt" requires explicit package name (did you forget to declare "my $opt"?) at /root/.cpanm/work/1556341241.6/CGI-Application-Plugin-ViewCode-1.02/blib/lib/CGI/Application/Plugin/ViewCode.pm line 183.
Can't redeclare "my" in "my" at /root/.cpanm/work/1556341241.6/CGI-Application-Plugin-ViewCode-1.02/blib/lib/CGI/Application/Plugin/ViewCode.pm line 190, near "my"
Global symbol "$module" requires explicit package name (did you forget to declare "my $module"?) at /root/.cpanm/work/1556341241.6/CGI-Application-Plugin-ViewCode-1.02/blib/lib/CGI/Application/Plugin/ViewCode.pm line 190.
Global symbol "%options" requires explicit package name (did you forget to declare "my %options"?) at /root/.cpanm/work/1556341241.6/CGI-Application-Plugin-ViewCode-1.02/blib/lib/CGI/Application/Plugin/ViewCode.pm line 205.
Global symbol "%options" requires explicit package name (did you forget to declare "my %options"?) at /root/.cpanm/work/1556341241.6/CGI-Application-Plugin-ViewCode-1.02/blib/lib/CGI/Application/Plugin/ViewCode.pm line 219.
Global symbol "%options" requires explicit package name (did you forget to declare "my %options"?) at /root/.cpanm/work/1556341241.6/CGI-Application-Plugin-ViewCode-1.02/blib/lib/CGI/Application/Plugin/ViewCode.pm line 227.
Global symbol "%options" requires explicit package name (did you forget to declare "my %options"?) at /root/.cpanm/work/1556341241.6/CGI-Application-Plugin-ViewCode-1.02/blib/lib/CGI/Application/Plugin/ViewCode.pm line 227.
Global symbol "%options" requires explicit package name (did you forget to declare "my %options"?) at /root/.cpanm/work/1556341241.6/CGI-Application-Plugin-ViewCode-1.02/blib/lib/CGI/Application/Plugin/ViewCode.pm line 230.
Global symbol "%options" requires explicit package name (did you forget to declare "my %options"?) at /root/.cpanm/work/1556341241.6/CGI-Application-Plugin-ViewCode-1.02/blib/lib/CGI/Application/Plugin/ViewCode.pm line 238.
syntax error at /root/.cpanm/work/1556341241.6/CGI-Application-Plugin-ViewCode-1.02/blib/lib/CGI/Application/Plugin/ViewCode.pm line 276, near "}"
/root/.cpanm/work/1556341241.6/CGI-Application-Plugin-ViewCode-1.02/blib/lib/CGI/Application/Plugin/ViewCode.pm has too many errors.
Compilation failed in require at t/lib/MyBase/MyApp.pm line 4.
BEGIN failed--compilation aborted at t/lib/MyBase/MyApp.pm line 4.
Compilation failed in require at t/04-errors.t line 4.
BEGIN failed--compilation aborted at t/04-errors.t line 4.
t/04-errors.t ........
Dubious, test returned 255 (wstat 65280, 0xff00)
No subtests run
Test Summary Report
-------------------
t/02-view_code.t (Wstat: 65280 Tests: 0 Failed: 0)
Non-zero exit status: 255
Parse errors: No plan found in TAP output
t/03-view_pod.t (Wstat: 65280 Tests: 0 Failed: 0)
Non-zero exit status: 255
Parse errors: No plan found in TAP output
t/04-errors.t (Wstat: 65280 Tests: 0 Failed: 0)
Non-zero exit status: 255
Parse errors: No plan found in TAP output
Files=5, Tests=1, 1 wallclock secs ( 0.03 usr 0.01 sys + 0.82 cusr 0.07 csys = 0.93 CPU)
Result: FAIL
------------------------------
PREREQUISITES
------------------------------
Prerequisite modules loaded:
No requirements found
------------------------------
ENVIRONMENT AND OTHER CONTEXT
------------------------------
Environment variables:
PATH = /usr/local/sbin:/usr/local/bin:/usr/sbin:/usr/bin:/sbin:/bin
PERL_CPAN_REPORTER_DIR = /etc/cpanm-reporter
TERM = xterm
Perl special variables (and OS-specific diagnostics, for MSWin32):
EGID = 0
EUID = 0
EXECUTABLE_NAME = /usr/local/bin/perl
GID = 0
UID = 0
Perl module toolchain versions installed:
Module Have
------------------- --------
CPAN 2.20
CPAN::Meta 2.150010
Cwd 3.74
ExtUtils::CBuilder 0.280230
ExtUtils::Command 7.34
ExtUtils::Install 2.14
ExtUtils::MakeMaker 7.34
ExtUtils::Manifest 1.70
ExtUtils::ParseXS 3.39
File::Spec 3.74
JSON 4.02
JSON::PP 2.97001
Module::Build 0.4229
Module::Signature n/a
Parse::CPAN::Meta 2.150010
Test::Harness 3.42
Test::More 1.302162
YAML 1.27
YAML::Syck 1.31
version 0.9923
--
Summary of my perl5 (revision 5 version 28 subversion 1) configuration:
Platform:
osname=linux
osvers=4.9.0-8-amd64
archname=x86_64-linux-gnu
uname='linux 05427942e553 4.9.0-8-amd64 #1 smp debian 4.9.110-3+deb9u4 (2018-08-21) x86_64 gnulinux '
config_args='-Darchname=x86_64-linux-gnu -Duse64bitall -Duseshrplib -Dvendorprefix=/usr/local -des'
hint=recommended
useposix=true
d_sigaction=define
useithreads=undef
usemultiplicity=undef
use64bitint=define
use64bitall=define
uselongdouble=undef
usemymalloc=n
default_inc_excludes_dot=define
bincompat5005=undef
Compiler:
cc='cc'
ccflags ='-fwrapv -fno-strict-aliasing -pipe -fstack-protector-strong -I/usr/local/include -D_LARGEFILE_SOURCE -D_FILE_OFFSET_BITS=64 -D_FORTIFY_SOURCE=2'
optimize='-O2'
cppflags='-fwrapv -fno-strict-aliasing -pipe -fstack-protector-strong -I/usr/local/include'
ccversion=''
gccversion='6.3.0 20170516'
gccosandvers=''
intsize=4
longsize=8
ptrsize=8
doublesize=8
byteorder=12345678
doublekind=3
d_longlong=define
longlongsize=8
d_longdbl=define
longdblsize=16
longdblkind=3
ivtype='long'
ivsize=8
nvtype='double'
nvsize=8
Off_t='off_t'
lseeksize=8
alignbytes=8
prototype=define
Linker and Libraries:
ld='cc'
ldflags =' -fstack-protector-strong -L/usr/local/lib'
libpth=/usr/local/lib /usr/lib/gcc/x86_64-linux-gnu/6/include-fixed /usr/include/x86_64-linux-gnu /usr/lib /lib/x86_64-linux-gnu /lib/../lib /usr/lib/x86_64-linux-gnu /usr/lib/../lib /lib
libs=-lpthread -lnsl -lgdbm -ldb -ldl -lm -lcrypt -lutil -lc -lgdbm_compat
perllibs=-lpthread -lnsl -ldl -lm -lcrypt -lutil -lc
libc=libc-2.24.so
so=so
useshrplib=true
libperl=libperl.so
gnulibc_version='2.24'
Dynamic Linking:
dlsrc=dl_dlopen.xs
dlext=so
d_dlsymun=undef
ccdlflags='-Wl,-E -Wl,-rpath,/usr/local/lib/perl5/5.28.1/x86_64-linux-gnu/CORE'
cccdlflags='-fPIC'
lddlflags='-shared -O2 -L/usr/local/lib -fstack-protector-strong'
Characteristics of this binary (from libperl):
Compile-time options:
HAS_TIMES
PERLIO_LAYERS
PERL_COPY_ON_WRITE
PERL_DONT_CREATE_GVSV
PERL_MALLOC_WRAP
PERL_OP_PARENT
PERL_PRESERVE_IVUV
USE_64_BIT_ALL
USE_64_BIT_INT
USE_LARGE_FILES
USE_LOCALE
USE_LOCALE_COLLATE
USE_LOCALE_CTYPE
USE_LOCALE_NUMERIC
USE_LOCALE_TIME
USE_PERLIO
USE_PERL_ATOF
Built under linux
Compiled at Mar 27 2019 01:13:26
%ENV:
PERL_CPAN_REPORTER_DIR="/etc/cpanm-reporter"
@INC:
/usr/local/lib/perl5/site_perl/5.28.1/x86_64-linux-gnu
/usr/local/lib/perl5/site_perl/5.28.1
/usr/local/lib/perl5/vendor_perl/5.28.1/x86_64-linux-gnu
/usr/local/lib/perl5/vendor_perl/5.28.1
/usr/local/lib/perl5/5.28.1/x86_64-linux-gnu
/usr/local/lib/perl5/5.28.1