Report for Plucene-1.25

Back
From: metabase:user:3198cbe2-2aae-11df-837a-5e0a49663a4f
Subject: FAIL Plucene-1.25 v5.18.1 GNU/Linux
Date: 2013-11-01T20:54:33Z

This distribution has been tested as part of the CPAN Testers
project, supporting the Perl programming language.  See
http://wiki.cpantesters.org/ for more information or email
questions to cpan-testers-discuss@perl.org


--
Dear Tony Bowden,

This is a computer-generated report for Plucene-1.25
on perl 5.18.1, created by CPAN-Reporter-1.2010.

Thank you for uploading your work to CPAN.  However, there was a problem
testing your distribution.

If you think this report is invalid, please consult the CPAN Testers Wiki
for suggestions on how to avoid getting FAIL reports for missing library
or binary dependencies, unsupported operating systems, and so on:

http://wiki.cpantesters.org/wiki/CPANAuthorNotes

Sections of this report:

    * Tester comments
    * Program output
    * Prerequisites
    * Environment and other context

------------------------------
TESTER COMMENTS
------------------------------

Additional comments from tester:

this report is from an automated smoke testing program
and was not reviewed by a human for accuracy

------------------------------
PROGRAM OUTPUT
------------------------------

Output from './Build test':

t/98_pod_coverage.t .. ok

#   Failed test 'POD test for blib/lib/Plucene/TestCase.pm'
#   at /home/graham/perls/perl-5.18.1-thread/lib/site_perl/5.18.1/Test/Pod.pm line 186.
# blib/lib/Plucene/TestCase.pm (49): =over without closing =back

#   Failed test 'POD test for blib/lib/Plucene/Search/BooleanQuery.pm'
#   at /home/graham/perls/perl-5.18.1-thread/lib/site_perl/5.18.1/Test/Pod.pm line 186.
# blib/lib/Plucene/Search/BooleanQuery.pm (83): Expected text after =item, not a bullet
# Looks like you failed 2 tests of 70.
t/99_pod.t ........... 
Dubious, test returned 2 (wstat 512, 0x200)
Failed 2/70 subtests 
t/analyzers.t ........ ok
t/datesearch.t ....... ok
t/dateserializer.t ... ok
t/deletable.t ........ ok
t/delete.t ........... ok
t/indexsearcher.t .... ok
t/mergefactor.t ...... ok
t/queryparser.t ...... ok
t/regress-01.t ....... ok
t/regress-02.t ....... ok
t/regress-04.t ....... ok
t/search_hits.t ...... ok
t/searchtest.t ....... ok
t/segments.t ......... ok
t/similarity.t ....... ok
t/sloppy_scorer.t .... ok
# Indexing the entire Odyssey. This may take some time
# t/data/book1
# t/data/book10
# t/data/book11
# t/data/book12
# t/data/book13
# t/data/book14
# t/data/book15
# t/data/book16
# t/data/book17
# t/data/book18
# t/data/book19
# t/data/book2
# t/data/book20
# t/data/book21
# t/data/book22
# t/data/book23
# t/data/book24
# t/data/book3
# t/data/book4
# t/data/book5
# t/data/book6
# t/data/book7
# t/data/book8
# t/data/book9
# t/data/preface
# Closing
t/stress.t ........... ok
t/terminfostest.t .... ok
t/testbitvector.t .... ok
t/testindexwriter.t .. ok
t/tokenfilter.t ...... ok
t/tokenizer.t ........ ok
t/utf8.t ............. ok

Test Summary Report
-------------------
t/99_pod.t         (Wstat: 512 Tests: 70 Failed: 2)
  Failed tests:  5, 37
  Non-zero exit status: 2
Files=25, Tests=6101, 26 wallclock secs ( 1.01 usr  0.11 sys + 23.05 cusr  0.74 csys = 24.91 CPU)
Result: FAIL
Failed 1/25 test programs. 2/6101 subtests failed.

------------------------------
PREREQUISITES
------------------------------

Prerequisite modules loaded:

requires:

    Module                Need      Have   
    --------------------- --------- -------
    Bit::Vector::Minimal  1.0       1.3    
    Carp                  0         1.32   
    Class::Accessor       0.18      0.34   
    Class::Accessor::Fast 0.02      0.34   
    Class::Virtual        0.03      0.06   
    Encode                0         2.55   
    File::Spec::Functions 1.1       3.40   
    IO::File              1.08      1.16   
    IO::Handle            1.21_00   1.34   
    IO::Scalar            2.104     2.110  
    Lingua::Stem::En      2.12      2.16   
    List::Util            1.13      1.35   
    Memoize               1.01      1.03   
    Tie::Array::Sorted    1.1       1.41   
    Time::Piece           1.08      1.23   

build_requires:

    Module                Need      Have   
    --------------------- --------- -------
    File::Slurp           2002.1031 9999.19
    Test::Harness         2.30      3.29   


------------------------------
ENVIRONMENT AND OTHER CONTEXT
------------------------------

Environment variables:

    AUTOMATED_TESTING = 1
    LANG = en_GB.UTF-8
    PATH = /home/graham/perls/perl-5.18.1-thread/bin:/usr/local/sbin:/usr/local/bin:/usr/bin:/usr/bin/vendor_perl:/usr/bin/core_perl
    PERL5LIB = 
    PERL5OPT = 
    PERL5_CPANPLUS_IS_RUNNING = 25841
    PERL5_CPAN_IS_RUNNING = 25841
    PERL5_CPAN_IS_RUNNING_IN_RECURSION = 359,25841
    PERL_CR_SMOKER_CURRENT = OpenGuides-0.74
    PERL_EXTUTILS_AUTOINSTALL = --defaultdeps
    PERL_MM_USE_DEFAULT = 1
    SHELL = /bin/bash
    TERM = xterm

Perl special variables (and OS-specific diagnostics, for MSWin32):

    $^X = /home/graham/perls/perl-5.18.1-thread/bin/perl
    $UID/$EUID = 1000 / 1000
    $GID = 100 10 95 98 100
    $EGID = 100 10 95 98 100

Perl module toolchain versions installed:

    Module              Have        
    ------------------- ------------
    CPAN                2.03        
    CPAN::Meta          2.132830    
    Cwd                 3.40        
    ExtUtils::CBuilder  0.280212    
    ExtUtils::Command   1.18        
    ExtUtils::Install   1.59        
    ExtUtils::MakeMaker 6.81_03     
    ExtUtils::Manifest  1.63        
    ExtUtils::ParseXS   3.22        
    File::Spec          3.40        
    JSON                2.90        
    JSON::PP            2.27203     
    Module::Build       0.4003      
    Module::Signature   0.73        
    Parse::CPAN::Meta   1.4409      
    Test::Harness       3.29        
    Test::More          1.001001_001
    YAML                0.84        
    YAML::Syck          1.27        
    version             0.9904      


--

Summary of my perl5 (revision 5 version 18 subversion 1) configuration:
   
  Platform:
    osname=linux, osvers=3.11.4-1-arch, archname=x86_64-linux-thread-multi
    uname='linux grosics 3.11.4-1-arch #1 smp preempt sat oct 5 21:22:51 cest 2013 x86_64 gnulinux '
    config_args=''
    hint=recommended, useposix=true, d_sigaction=define
    useithreads=define, usemultiplicity=define
    useperlio=define, d_sfio=undef, uselargefiles=define, usesocks=undef
    use64bitint=define, use64bitall=define, uselongdouble=undef
    usemymalloc=n, bincompat5005=undef
  Compiler:
    cc='cc', ccflags ='-D_REENTRANT -D_GNU_SOURCE -fno-strict-aliasing -pipe -fstack-protector -I/usr/local/include -D_LARGEFILE_SOURCE -D_FILE_OFFSET_BITS=64',
    optimize='-O2',
    cppflags='-D_REENTRANT -D_GNU_SOURCE -fno-strict-aliasing -pipe -fstack-protector -I/usr/local/include'
    ccversion='', gccversion='4.8.1 20130725 (prerelease)', gccosandvers=''
    intsize=4, longsize=8, ptrsize=8, doublesize=8, byteorder=12345678
    d_longlong=define, longlongsize=8, d_longdbl=define, longdblsize=16
    ivtype='long', ivsize=8, nvtype='double', nvsize=8, Off_t='off_t', lseeksize=8
    alignbytes=8, prototype=define
  Linker and Libraries:
    ld='cc', ldflags =' -fstack-protector -L/usr/local/lib'
    libpth=/usr/local/lib /lib/../lib /usr/lib/../lib /lib /usr/lib /lib64 /usr/lib64
    libs=-lnsl -lgdbm -ldb -ldl -lm -lcrypt -lutil -lpthread -lc -lgdbm_compat
    perllibs=-lnsl -ldl -lm -lcrypt -lutil -lpthread -lc
    libc=/lib/libc-2.18.so, so=so, useshrplib=false, libperl=libperl.a
    gnulibc_version='2.18'
  Dynamic Linking:
    dlsrc=dl_dlopen.xs, dlext=so, d_dlsymun=undef, ccdlflags='-Wl,-E'
    cccdlflags='-fPIC', lddlflags='-shared -O2 -L/usr/local/lib -fstack-protector'


Characteristics of this binary (from libperl): 
  Compile-time options: HAS_TIMES MULTIPLICITY PERLIO_LAYERS
                        PERL_DONT_CREATE_GVSV
                        PERL_HASH_FUNC_ONE_AT_A_TIME_HARD
                        PERL_IMPLICIT_CONTEXT PERL_MALLOC_WRAP
                        PERL_PRESERVE_IVUV PERL_SAWAMPERSAND USE_64_BIT_ALL
                        USE_64_BIT_INT USE_ITHREADS USE_LARGE_FILES
                        USE_LOCALE USE_LOCALE_COLLATE USE_LOCALE_CTYPE
                        USE_LOCALE_NUMERIC USE_PERLIO USE_PERL_ATOF
                        USE_REENTRANT_API
  Built under linux
  Compiled at Oct 29 2013 14:01:45
  %ENV:
    PERL5LIB=""
    PERL5OPT=""
    PERL5_CPANPLUS_IS_RUNNING="25841"
    PERL5_CPAN_IS_RUNNING="25841"
    PERL5_CPAN_IS_RUNNING_IN_RECURSION="359,25841"
    PERL_CR_SMOKER_CURRENT="OpenGuides-0.74"
    PERL_EXTUTILS_AUTOINSTALL="--defaultdeps"
    PERL_MM_USE_DEFAULT="1"
  @INC:
    /home/graham/perls/perl-5.18.1-thread/lib/site_perl/5.18.1/x86_64-linux-thread-multi
    /home/graham/perls/perl-5.18.1-thread/lib/site_perl/5.18.1
    /home/graham/perls/perl-5.18.1-thread/lib/5.18.1/x86_64-linux-thread-multi
    /home/graham/perls/perl-5.18.1-thread/lib/5.18.1
    .