WWW-Shorten-ptl v0.04 Perl 5 v5.26.1 amd64-freebsd
- Status
- Fail
- From
- Slaven Rezić (SREZIC)
- Dist
-
WWW-Shorten-ptl v0.04
- Platform
- Perl 5 v5.26.1 amd64-freebsd
- Date
- 2017-12-20 09:11:49
- ID
- cf966d8e-e565-11e7-b0e4-a20e74f2e748
This distribution has been tested as part of the CPAN Testers
project, supporting the Perl programming language. See
http://wiki.cpantesters.org/ for more information or email
questions to cpan-testers-discuss@perl.org
--
Dear KATOU Akira,
This is a computer-generated report for WWW-Shorten-ptl-0.04
on perl 5.26.1, created by CPAN-Reporter-1.2018.
Thank you for uploading your work to CPAN. However, there was a problem
testing your distribution.
If you think this report is invalid, please consult the CPAN Testers Wiki
for suggestions on how to avoid getting FAIL reports for missing library
or binary dependencies, unsupported operating systems, and so on:
http://wiki.cpantesters.org/wiki/CPANAuthorNotes
Sections of this report:
* Tester comments
* Program output
* Prerequisites
* Environment and other context
------------------------------
TESTER COMMENTS
------------------------------
Additional comments from tester:
none provided
------------------------------
PROGRAM OUTPUT
------------------------------
Output from '/usr/bin/make test':
PERL_DL_NONLAZY=1 "/usr/perl5.26.1p/bin/perl5.26.1" "-MExtUtils::Command::MM" "-MTest::Harness" "-e" "undef *Test::Harness::Switches; test_harness(0, 'inc', 'blib/lib', 'blib/arch')" t/*.t
t/00_compile.t ... ok
no url passed at t/01_oo.t line 30.
no url passed at t/01_oo.t line 31.
no url passed at t/01_oo.t line 32.
# Failed test at t/01_oo.t line 50.
# got: undef
# expected: 'http://www.pixiv.net/'
given url is not for p.tl : http://bit.ly/hogehoge at t/01_oo.t line 52.
# Looks like you failed 1 test of 17.
You have loaded versions of test modules known to have problems with Test2.
This could explain some test failures.
* Module 'Test::Exception' is outdated, we recommed updating above 0.42.
t/01_oo.t ........
Dubious, test returned 1 (wstat 256, 0x100)
Failed 1/17 subtests
(less 1 skipped subtest: 15 okay)
no apikey passed at t/02_function.t line 15.
# Failed test at t/02_function.t line 30.
# got: undef
# expected: 'http://www.pixiv.net/'
# Looks like you failed 1 test of 5.
You have loaded versions of test modules known to have problems with Test2.
This could explain some test failures.
* Module 'Test::Exception' is outdated, we recommed updating above 0.42.
t/02_function.t ..
Dubious, test returned 1 (wstat 256, 0x100)
Failed 1/5 subtests
(less 1 skipped subtest: 3 okay)
Test Summary Report
-------------------
t/01_oo.t (Wstat: 256 Tests: 17 Failed: 1)
Failed test: 16
Non-zero exit status: 1
t/02_function.t (Wstat: 256 Tests: 5 Failed: 1)
Failed test: 5
Non-zero exit status: 1
Files=3, Tests=23, 1 wallclock secs ( 0.03 usr 0.01 sys + 0.45 cusr 0.11 csys = 0.59 CPU)
Result: FAIL
Failed 2/3 test programs. 2/23 subtests failed.
*** Error code 1
Stop.
make: stopped in /home/cpansand/.cpan/build/2017122015/WWW-Shorten-ptl-0.04-0
------------------------------
PREREQUISITES
------------------------------
Prerequisite modules loaded:
requires:
Module Need Have
--------------------- ---- --------
Carp 0 1.42
Exporter 0 5.72
JSON::Any 0 1.39
URI 0 1.72
WWW::Shorten::generic 0 3.093
build_requires:
Module Need Have
--------------------- ---- --------
ExtUtils::MakeMaker 6.42 7.30
Test::Exception 0 0.43
Test::More 0 1.302120
configure_requires:
Module Need Have
--------------------- ---- --------
ExtUtils::MakeMaker 6.42 7.30
------------------------------
ENVIRONMENT AND OTHER CONTEXT
------------------------------
Environment variables:
PATH = /usr/local/bin:/usr/bin:/bin:/usr/local/sbin:/usr/sbin:/sbin:/home/cpansand/bin/freebsd12.0:/home/cpansand/bin/sh:/home/cpansand/bin:/usr/games:/home/cpansand/devel:/home/eserte/src/srezic-misc/scripts
PERL5LIB = /home/cpansand/.cpan/build/2017122015/WWW-Shorten-3.093-0/blib/arch:/home/cpansand/.cpan/build/2017122015/WWW-Shorten-3.093-0/blib/lib
PERL5OPT =
PERL5_CPANPLUS_IS_RUNNING = 45584
PERL5_CPAN_IS_RUNNING = 45584
PERL5_CPAN_IS_RUNNING_IN_RECURSION = 44776,45584
PERLDOC = -MPod::Perldoc::ToTextOverstrike
PERL_BATCH = yes
PERL_CANARY_STABILITY_NOPROMPT = 1
PERL_CPAN_REPORTER_CONFIG = /var/tmp/cpansmoker-1023/2017122015/cpanreporter_000_config.ini
PERL_EXTUTILS_AUTOINSTALL = --defaultdeps
PERL_USE_UNSAFE_INC = 1
SHELL = /usr/local/bin/zsh
TERM = screen
TMPDIR = /var/tmp/cpansmoker-1023/2017122015
Perl special variables (and OS-specific diagnostics, for MSWin32):
$^X = /usr/perl5.26.1p/bin/perl5.26.1
$UID/$EUID = 1023 / 1023
$GID = 1023 1023
$EGID = 1023 1023
Perl module toolchain versions installed:
Module Have
------------------- --------
CPAN 2.18
CPAN::Meta 2.150010
Cwd 3.67
ExtUtils::CBuilder 0.280230
ExtUtils::Command 7.30
ExtUtils::Install 2.06
ExtUtils::MakeMaker 7.30
ExtUtils::Manifest 1.70
ExtUtils::ParseXS 3.34
File::Spec 3.67
JSON 2.94
JSON::PP 2.94
Module::Build 0.4224
Module::Signature 0.81
Parse::CPAN::Meta 2.150010
Test::Harness 3.38
Test::More 1.302120
YAML 1.24
YAML::Syck 1.30
version 0.9917
--
Summary of my perl5 (revision 5 version 26 subversion 1) configuration:
Platform:
osname=freebsd
osvers=12.0-current
archname=amd64-freebsd
uname='freebsd ali1.bbbike.org 12.0-current freebsd 12.0-current #0 bd8385a990e(master)-dirty: fri nov 17 01:06:44 utc 2017 root@ali1.bbbike.org:usrobjhomeprojectsfreebsdamd64.amd64sysgeneric amd64 '
config_args='-ds -e -Dprefix=/usr/perl5.26.1p -Dcf_email=srezic@cpan.org -Doptimize=-O2 -pipe'
hint=recommended
useposix=true
d_sigaction=define
useithreads=undef
usemultiplicity=undef
use64bitint=define
use64bitall=define
uselongdouble=undef
usemymalloc=n
default_inc_excludes_dot=define
bincompat5005=undef
Compiler:
cc='cc'
ccflags ='-DHAS_FPSETMASK -DHAS_FLOATINGPOINT_H -fno-strict-aliasing -pipe -fstack-protector-strong -I/usr/local/include -D_FORTIFY_SOURCE=2'
optimize='-O2 -pipe'
cppflags='-DHAS_FPSETMASK -DHAS_FLOATINGPOINT_H -fno-strict-aliasing -pipe -fstack-protector-strong -I/usr/local/include'
ccversion=''
gccversion='4.2.1 Compatible FreeBSD Clang 5.0.0 (tags/RELEASE_500/final 312559)'
gccosandvers=''
intsize=4
longsize=8
ptrsize=8
doublesize=8
byteorder=12345678
doublekind=3
d_longlong=define
longlongsize=8
d_longdbl=define
longdblsize=16
longdblkind=3
ivtype='long'
ivsize=8
nvtype='double'
nvsize=8
Off_t='off_t'
lseeksize=8
alignbytes=8
prototype=define
Linker and Libraries:
ld='cc'
ldflags ='-pthread -Wl,-E -fstack-protector-strong -L/usr/local/lib'
libpth=/usr/lib /usr/local/lib /usr/lib/clang/5.0.0/lib /usr/lib
libs=-lpthread -lgdbm -lm -lcrypt -lutil -lc
perllibs=-lpthread -lm -lcrypt -lutil -lc
libc=
so=so
useshrplib=false
libperl=libperl.a
gnulibc_version=''
Dynamic Linking:
dlsrc=dl_dlopen.xs
dlext=so
d_dlsymun=undef
ccdlflags=' '
cccdlflags='-DPIC -fPIC'
lddlflags='-shared -L/usr/local/lib -fstack-protector-strong'
Characteristics of this binary (from libperl):
Compile-time options:
HAS_TIMES
PERLIO_LAYERS
PERL_COPY_ON_WRITE
PERL_DONT_CREATE_GVSV
PERL_MALLOC_WRAP
PERL_OP_PARENT
PERL_PRESERVE_IVUV
USE_64_BIT_ALL
USE_64_BIT_INT
USE_LARGE_FILES
USE_LOCALE
USE_LOCALE_COLLATE
USE_LOCALE_CTYPE
USE_LOCALE_NUMERIC
USE_LOCALE_TIME
USE_PERLIO
USE_PERL_ATOF
Built under freebsd
Compiled at Nov 17 2017 03:55:14
%ENV:
PERL5LIB="/home/cpansand/.cpan/build/2017122015/WWW-Shorten-3.093-0/blib/arch:/home/cpansand/.cpan/build/2017122015/WWW-Shorten-3.093-0/blib/lib"
PERL5OPT=""
PERL5_CPANPLUS_IS_RUNNING="45584"
PERL5_CPAN_IS_RUNNING="45584"
PERL5_CPAN_IS_RUNNING_IN_RECURSION="44776,45584"
PERLDOC="-MPod::Perldoc::ToTextOverstrike"
PERL_BATCH="yes"
PERL_CANARY_STABILITY_NOPROMPT="1"
PERL_CPAN_REPORTER_CONFIG="/var/tmp/cpansmoker-1023/2017122015/cpanreporter_000_config.ini"
PERL_EXTUTILS_AUTOINSTALL="--defaultdeps"
PERL_USE_UNSAFE_INC="1"
@INC:
/home/cpansand/.cpan/build/2017122015/WWW-Shorten-3.093-0/blib/arch
/home/cpansand/.cpan/build/2017122015/WWW-Shorten-3.093-0/blib/lib
/usr/perl5.26.1p/lib/site_perl/5.26.1/amd64-freebsd
/usr/perl5.26.1p/lib/site_perl/5.26.1
/usr/perl5.26.1p/lib/5.26.1/amd64-freebsd
/usr/perl5.26.1p/lib/5.26.1
.