Mojo-WebSocketProxy v0.16 Perl 5 v5.26.0 amd64-freebsd

Status
Fail
From
Slaven Rezić
Dist
Mojo-WebSocketProxy v0.16
Platform
Perl 5 v5.26.0 amd64-freebsd
Date
2023-12-23 20:06:51
ID
cfaecc86-a1ce-11ee-b8e9-e2356e8775ea
This distribution has been tested as part of the CPAN Testers
project, supporting the Perl programming language.  See
http://wiki.cpantesters.org/ for more information or email
questions to cpan-testers-discuss@perl.org


--
Dear Deriv Services Ltd.,

This is a computer-generated report for Mojo-WebSocketProxy-0.16
on perl 5.26.0, created by CPAN-Reporter-1.2019.

Thank you for uploading your work to CPAN.  However, there was a problem
testing your distribution.

If you think this report is invalid, please consult the CPAN Testers Wiki
for suggestions on how to avoid getting FAIL reports for missing library
or binary dependencies, unsupported operating systems, and so on:

http://wiki.cpantesters.org/wiki/CPANAuthorNotes

Sections of this report:

    * Tester comments
    * Program output
    * Prerequisites
    * Environment and other context

------------------------------
TESTER COMMENTS
------------------------------

Additional comments from tester:

none provided

------------------------------
PROGRAM OUTPUT
------------------------------

Output from '/usr/bin/make test':

PERL_DL_NONLAZY=1 "/usr/perl5.26.0p/bin/perl" "-MExtUtils::Command::MM" "-MTest::Harness" "-e" "undef *Test::Harness::Switches; test_harness(0, 'blib/lib', 'blib/arch')" t/*.t
t/00-check-deps.t ................. ok
t/00-compile.t .................... ok
# 
# Versions for all modules listed in MYMETA.json (including optional ones):
# 
# === Configure Requires ===
# 
#     Module                Want Have
#     ------------------- ------ ----
#     ExtUtils::MakeMaker 7.1101 7.70
# 
# === Build Requires ===
# 
#     Module               Want     Have
#     ------------------- ----- --------
#     ExtUtils::MakeMaker   any     7.70
#     perl                5.024 5.026000
# 
# === Test Requires ===
# 
#     Module               Want       Have
#     ------------------- ----- ----------
#     ExtUtils::MakeMaker   any       7.70
#     File::Spec            any       3.75
#     IO::Handle            any       1.51
#     IPC::Open3            any       1.20
#     Path::Tiny            any      0.144
#     Test::CheckDeps     0.010      0.010
#     Test::Fatal           any      0.017
#     Test::MockModule      any    0.176.0
#     Test::MockObject      any 1.20200122
#     Test::Mojo            any      undef
#     Test::More           0.98   1.302198
#     Test::Simple         0.44   1.302198
#     Test::TCP             any       2.22
#     Test::Warnings        any      0.031
# 
# === Test Recommends ===
# 
#     Module         Want     Have
#     ---------- -------- --------
#     CPAN::Meta 2.120900 2.150010
# 
# === Runtime Requires ===
# 
#     Module                      Want     Have
#     -------------------------- ----- --------
#     Class::Method::Modifiers     any     2.15
#     Data::UUID                   any    1.226
#     DataDog::DogStatsd::Helper  0.05     0.06
#     Future                      0.36     0.50
#     Future::Mojo               0.004    0.004
#     IO::Async::Loop::Mojo        any     0.05
#     JSON::MaybeUTF8              any    2.000
#     Log::Any                     any    1.717
#     Mojo::Redis2                 any     0.33
#     MojoX::JSON::RPC             any     0.11
#     Mojolicious                 7.29     9.35
#     Object::Pad                  any    0.807
#     Scalar::Util                 any     1.63
#     Syntax::Keyword::Try        0.04     0.29
#     UUID::Tiny                   any     1.04
#     Unicode::Normalize          1.25     1.26
#     curry                      1.001 2.000001
#     indirect                     any     0.39
#     perl                       5.024 5.026000
# 
t/00-report-prereqs.t ............. ok
Mojo::Reactor::EV: I/O watcher failed: Not a HASH reference at /usr/perl5.26.0p/lib/site_perl/5.26.0/Future/Mojo.pm line 17.
Mojo::Reactor::EV: I/O watcher failed: Not a HASH reference at /usr/perl5.26.0p/lib/site_perl/5.26.0/Future/Mojo.pm line 17.
Mojo::Reactor::EV: I/O watcher failed: Not a HASH reference at /usr/perl5.26.0p/lib/site_perl/5.26.0/Future/Mojo.pm line 17.

#   Failed test 'message received'
#   at t/05_basic.t line 120.
Can't use an undefined value as an ARRAY reference at t/05_basic.t line 121.
# Tests were run but no plan was declared and done_testing() was not seen.
# Looks like your test exited with 255 just after 17.
t/05_basic.t ...................... 
Dubious, test returned 255 (wstat 65280, 0xff00)
Failed 1/17 subtests 
    # No tests run!

#   Failed test 'No tests run for subtest "w/o before-forward"'
#   at t/10-before_forward.t line 34.
Can't locate object method "route" via package "Mojolicious::Routes" at /usr/perl5.26.0p/lib/site_perl/5.26.0/Mojolicious/Plugin/JsonRpcDispatcher.pm line 19.
# Tests were run but no plan was declared and done_testing() was not seen.
# Looks like your test exited with 255 just after 1.
t/10-before_forward.t ............. 
Dubious, test returned 255 (wstat 65280, 0xff00)
Failed 1/1 subtests 
    # No tests run!

#   Failed test 'No tests run for subtest "trigger timeout"'
#   at t/11-timeout.t line 42.
Can't locate object method "route" via package "Mojolicious::Routes" at /usr/perl5.26.0p/lib/site_perl/5.26.0/Mojolicious/Plugin/JsonRpcDispatcher.pm line 19.
# Tests were run but no plan was declared and done_testing() was not seen.
# Looks like your test exited with 255 just after 1.
t/11-timeout.t .................... 
Dubious, test returned 255 (wstat 65280, 0xff00)
Failed 1/1 subtests 
Can't locate object method "route" via package "Mojolicious::Routes" at /usr/perl5.26.0p/lib/site_perl/5.26.0/Mojolicious/Plugin/JsonRpcDispatcher.pm line 19.
t/12-before_send_api_response.t ... 
Dubious, test returned 255 (wstat 65280, 0xff00)
No subtests run 
Can't locate object method "route" via package "Mojolicious::Routes" at /usr/perl5.26.0p/lib/site_perl/5.26.0/Mojolicious/Plugin/JsonRpcDispatcher.pm line 19.
t/13-action-not-found.t ........... 
Dubious, test returned 255 (wstat 65280, 0xff00)
No subtests run 
Can't locate object method "route" via package "Mojolicious::Routes" at /usr/perl5.26.0p/lib/site_perl/5.26.0/Mojolicious/Plugin/JsonRpcDispatcher.pm line 19.
t/14-bad-request.t ................ 
Dubious, test returned 255 (wstat 65280, 0xff00)
No subtests run 
Can't locate object method "route" via package "Mojolicious::Routes" at /usr/perl5.26.0p/lib/site_perl/5.26.0/Mojolicious/Plugin/JsonRpcDispatcher.pm line 19.
t/15-simple-success.t ............. 
Dubious, test returned 255 (wstat 65280, 0xff00)
No subtests run 
Can't locate object method "route" via package "Mojolicious::Routes" at /usr/perl5.26.0p/lib/site_perl/5.26.0/Mojolicious/Plugin/JsonRpcDispatcher.pm line 19.
t/16-auth-error-sample.t .......... 
Dubious, test returned 255 (wstat 65280, 0xff00)
No subtests run 
Can't locate object method "route" via package "Mojolicious::Routes" at /usr/perl5.26.0p/lib/site_perl/5.26.0/Mojolicious/Plugin/JsonRpcDispatcher.pm line 19.
t/17-instead_of_forward.t ......... 
Dubious, test returned 255 (wstat 65280, 0xff00)
No subtests run 
Can't locate object method "route" via package "Mojolicious::Routes" at /usr/perl5.26.0p/lib/site_perl/5.26.0/Mojolicious/Plugin/JsonRpcDispatcher.pm line 19.
t/18-per-action_before-forward.t .. 
Dubious, test returned 255 (wstat 65280, 0xff00)
No subtests run 
Can't locate object method "route" via package "Mojolicious::Routes" at /usr/perl5.26.0p/lib/site_perl/5.26.0/Mojolicious/Plugin/JsonRpcDispatcher.pm line 19.
t/19-rpc_response_cb.t ............ 
Dubious, test returned 255 (wstat 65280, 0xff00)
No subtests run 
Can't locate object method "route" via package "Mojolicious::Routes" at /usr/perl5.26.0p/lib/site_perl/5.26.0/Mojolicious/Plugin/JsonRpcDispatcher.pm line 19.
t/20-after_got_rpc_response.t ..... 
Dubious, test returned 255 (wstat 65280, 0xff00)
No subtests run 
Can't locate object method "route" via package "Mojolicious::Routes" at /usr/perl5.26.0p/lib/site_perl/5.26.0/Mojolicious/Plugin/JsonRpcDispatcher.pm line 19.
t/21-mojo-stash.t ................. 
Dubious, test returned 255 (wstat 65280, 0xff00)
No subtests run 
Can't locate object method "route" via package "Mojolicious::Routes" at /usr/perl5.26.0p/lib/site_perl/5.26.0/Mojolicious/Plugin/JsonRpcDispatcher.pm line 19.
t/22-override-response.t .......... 
Dubious, test returned 255 (wstat 65280, 0xff00)
No subtests run 
Can't locate object method "route" via package "Mojolicious::Routes" at /usr/perl5.26.0p/lib/site_perl/5.26.0/Mojolicious/Plugin/JsonRpcDispatcher.pm line 19.
t/23-binary-frame.t ............... 
Dubious, test returned 255 (wstat 65280, 0xff00)
No subtests run 
Can't locate object method "route" via package "Mojolicious::Routes" at /usr/perl5.26.0p/lib/site_perl/5.26.0/Mojolicious/Plugin/JsonRpcDispatcher.pm line 19.
t/24-multiple-backends.t .......... 
Dubious, test returned 255 (wstat 65280, 0xff00)
No subtests run 
t/27-before_shutdown_hook.t ....... ok
Can't locate object method "route" via package "Mojolicious::Routes" at /usr/perl5.26.0p/lib/site_perl/5.26.0/Mojolicious/Plugin/JsonRpcDispatcher.pm line 19.
t/28-rpc_failure_cb.t ............. 
Dubious, test returned 255 (wstat 65280, 0xff00)
No subtests run 
t/29-request_logger_test.t ........ ok

Test Summary Report
-------------------
t/05_basic.t                    (Wstat: 65280 (exited 255) Tests: 17 Failed: 1)
  Failed test:  17
  Non-zero exit status: 255
  Parse errors: No plan found in TAP output
t/10-before_forward.t           (Wstat: 65280 (exited 255) Tests: 1 Failed: 1)
  Failed test:  1
  Non-zero exit status: 255
  Parse errors: No plan found in TAP output
t/11-timeout.t                  (Wstat: 65280 (exited 255) Tests: 1 Failed: 1)
  Failed test:  1
  Non-zero exit status: 255
  Parse errors: No plan found in TAP output
t/12-before_send_api_response.t (Wstat: 65280 (exited 255) Tests: 0 Failed: 0)
  Non-zero exit status: 255
  Parse errors: No plan found in TAP output
t/13-action-not-found.t         (Wstat: 65280 (exited 255) Tests: 0 Failed: 0)
  Non-zero exit status: 255
  Parse errors: No plan found in TAP output
t/14-bad-request.t              (Wstat: 65280 (exited 255) Tests: 0 Failed: 0)
  Non-zero exit status: 255
  Parse errors: No plan found in TAP output
t/15-simple-success.t           (Wstat: 65280 (exited 255) Tests: 0 Failed: 0)
  Non-zero exit status: 255
  Parse errors: No plan found in TAP output
t/16-auth-error-sample.t        (Wstat: 65280 (exited 255) Tests: 0 Failed: 0)
  Non-zero exit status: 255
  Parse errors: No plan found in TAP output
t/17-instead_of_forward.t       (Wstat: 65280 (exited 255) Tests: 0 Failed: 0)
  Non-zero exit status: 255
  Parse errors: No plan found in TAP output
t/18-per-action_before-forward.t (Wstat: 65280 (exited 255) Tests: 0 Failed: 0)
  Non-zero exit status: 255
  Parse errors: No plan found in TAP output
t/19-rpc_response_cb.t          (Wstat: 65280 (exited 255) Tests: 0 Failed: 0)
  Non-zero exit status: 255
  Parse errors: No plan found in TAP output
t/20-after_got_rpc_response.t   (Wstat: 65280 (exited 255) Tests: 0 Failed: 0)
  Non-zero exit status: 255
  Parse errors: No plan found in TAP output
t/21-mojo-stash.t               (Wstat: 65280 (exited 255) Tests: 0 Failed: 0)
  Non-zero exit status: 255
  Parse errors: No plan found in TAP output
t/22-override-response.t        (Wstat: 65280 (exited 255) Tests: 0 Failed: 0)
  Non-zero exit status: 255
  Parse errors: No plan found in TAP output
t/23-binary-frame.t             (Wstat: 65280 (exited 255) Tests: 0 Failed: 0)
  Non-zero exit status: 255
  Parse errors: No plan found in TAP output
t/24-multiple-backends.t        (Wstat: 65280 (exited 255) Tests: 0 Failed: 0)
  Non-zero exit status: 255
  Parse errors: No plan found in TAP output
t/28-rpc_failure_cb.t           (Wstat: 65280 (exited 255) Tests: 0 Failed: 0)
  Non-zero exit status: 255
  Parse errors: No plan found in TAP output
Files=22, Tests=66, 38 wallclock secs ( 0.02 usr  0.06 sys +  3.86 cusr  3.81 csys =  7.76 CPU)
Result: FAIL
Failed 17/22 test programs. 3/66 subtests failed.
*** Error code 255

Stop.
make: stopped in /home/cpansand/.cpan/build/2023122122/Mojo-WebSocketProxy-0.16-1

------------------------------
PREREQUISITES
------------------------------

Prerequisite modules loaded:

requires:

    Module                     Need   Have      
    -------------------------- ------ ----------
    Class::Method::Modifiers   0      2.15      
    curry                      1.001  2.000001  
    Data::UUID                 0      1.226     
    DataDog::DogStatsd::Helper 0.05   0.06      
    Future                     0.36   0.50      
    Future::Mojo               0.004  0.004     
    indirect                   0      0.39      
    IO::Async::Loop::Mojo      0      0.05      
    JSON::MaybeUTF8            0      2.000     
    Log::Any                   0      1.717     
    Mojo::Redis2               0      0.33      
    Mojolicious                7.29   9.35      
    MojoX::JSON::RPC           0      0.11      
    Object::Pad                0      0.807     
    perl                       5.024  5.026000  
    Scalar::Util               0      1.63      
    Syntax::Keyword::Try       0.04   0.29      
    Unicode::Normalize         1.25   1.26      
    UUID::Tiny                 0      1.04      

build_requires:

    Module                     Need   Have      
    -------------------------- ------ ----------
    ExtUtils::MakeMaker        0      7.70      
    File::Spec                 0      3.75      
    IO::Handle                 0      1.51      
    IPC::Open3                 0      1.20      
    Path::Tiny                 0      0.144     
    Test::CheckDeps            0.010  0.010     
    Test::Fatal                0      0.017     
    Test::MockModule           0      0.176.0   
    Test::MockObject           0      1.20200122
    Test::Mojo                 0      0         
    Test::More                 0.98   1.302198  
    Test::Simple               0.44   1.302198  
    Test::TCP                  0      2.22      
    Test::Warnings             0      0.031     

configure_requires:

    Module                     Need   Have      
    -------------------------- ------ ----------
    ExtUtils::MakeMaker        7.1101 7.70      


------------------------------
ENVIRONMENT AND OTHER CONTEXT
------------------------------

Environment variables:

    LC_ALL = de_DE.ISO8859-1
    PATH = /usr/local/bin:/usr/bin:/bin:/usr/local/sbin:/usr/sbin:/sbin:/home/cpansand/bin/freebsd10.3:/home/cpansand/bin/sh:/home/cpansand/bin:/usr/games:/home/cpansand/devel:/home/eserte/src/srezic-misc/scripts
    PERL5LIB = 
    PERL5OPT = 
    PERL5_CPANPLUS_IS_RUNNING = 43059
    PERL5_CPAN_IS_RUNNING = 43059
    PERL5_CPAN_IS_RUNNING_IN_RECURSION = 58291,43059
    PERLDOC = -MPod::Perldoc::ToTextOverstrike
    PERL_BATCH = yes
    PERL_CANARY_STABILITY_NOPROMPT = 1
    PERL_CPAN_REPORTER_CONFIG = /var/tmp/cpansmoker-1023/2023122118/cpanreporter_000_config.ini
    PERL_EXTUTILS_AUTOINSTALL = --defaultdeps
    PERL_USE_UNSAFE_INC = 1
    SHELL = /usr/local/bin/zsh
    TERM = screen
    TMPDIR = /var/tmp/cpansmoker-1023/2023122118

Perl special variables (and OS-specific diagnostics, for MSWin32):

    $^X = /usr/perl5.26.0p/bin/perl
    $UID/$EUID = 1023 / 1023
    $GID = 1023 1023
    $EGID = 1023 1023

Perl module toolchain versions installed:

    Module              Have    
    ------------------- --------
    CPAN                2.34    
    CPAN::Meta          2.150010
    Cwd                 3.75    
    ExtUtils::CBuilder  0.280236
    ExtUtils::Command   7.70    
    ExtUtils::Install   2.22    
    ExtUtils::MakeMaker 7.70    
    ExtUtils::Manifest  1.75    
    ExtUtils::ParseXS   3.51    
    File::Spec          3.75    
    JSON                4.10    
    JSON::PP            4.16    
    Module::Build       0.4234  
    Module::Signature   0.87    
    Parse::CPAN::Meta   2.150010
    Test2               1.302198
    Test::Harness       3.47    
    Test::More          1.302198
    YAML                1.30    
    YAML::Syck          1.34    
    version             0.9930  


--

Summary of my perl5 (revision 5 version 26 subversion 0) configuration:
   
  Platform:
    osname=freebsd
    osvers=10.3-release-p11
    archname=amd64-freebsd
    uname='freebsd cvrsnica-freebsd-101.herceg.de 10.3-release-p11 freebsd 10.3-release-p11 #0: mon oct 24 18:49:24 utc 2016 root@amd64-builder.daemonology.net:usrobjusrsrcsysgeneric amd64 '
    config_args='-ds -e -Dprefix=/usr/perl5.26.0p -Dcf_email=srezic@cpan.org -Doptimize=-O2 -pipe'
    hint=recommended
    useposix=true
    d_sigaction=define
    useithreads=undef
    usemultiplicity=undef
    use64bitint=define
    use64bitall=define
    uselongdouble=undef
    usemymalloc=n
    default_inc_excludes_dot=define
    bincompat5005=undef
  Compiler:
    cc='cc'
    ccflags ='-DHAS_FPSETMASK -DHAS_FLOATINGPOINT_H -fno-strict-aliasing -pipe -fstack-protector -I/usr/local/include -D_FORTIFY_SOURCE=2'
    optimize='-O2 -pipe'
    cppflags='-DHAS_FPSETMASK -DHAS_FLOATINGPOINT_H -fno-strict-aliasing -pipe -fstack-protector -I/usr/local/include'
    ccversion=''
    gccversion='4.2.1 Compatible FreeBSD Clang 3.4.1 (tags/RELEASE_34/dot1-final 208032)'
    gccosandvers=''
    intsize=4
    longsize=8
    ptrsize=8
    doublesize=8
    byteorder=12345678
    doublekind=3
    d_longlong=define
    longlongsize=8
    d_longdbl=define
    longdblsize=16
    longdblkind=3
    ivtype='long'
    ivsize=8
    nvtype='double'
    nvsize=8
    Off_t='off_t'
    lseeksize=8
    alignbytes=8
    prototype=define
  Linker and Libraries:
    ld='cc'
    ldflags ='-pthread -Wl,-E  -fstack-protector -L/usr/local/lib'
    libpth=/usr/lib /usr/local/lib /usr/include/clang/3.4.1 /usr/lib
    libs=-lpthread -lgdbm -lm -lcrypt -lutil -lc -lelf
    perllibs=-lpthread -lm -lcrypt -lutil -lc -lelf
    libc=
    so=so
    useshrplib=false
    libperl=libperl.a
    gnulibc_version=''
  Dynamic Linking:
    dlsrc=dl_dlopen.xs
    dlext=so
    d_dlsymun=undef
    ccdlflags=' '
    cccdlflags='-DPIC -fPIC'
    lddlflags='-shared  -L/usr/local/lib -fstack-protector'


Characteristics of this binary (from libperl): 
  Compile-time options:
    HAS_TIMES
    PERLIO_LAYERS
    PERL_COPY_ON_WRITE
    PERL_DONT_CREATE_GVSV
    PERL_MALLOC_WRAP
    PERL_OP_PARENT
    PERL_PRESERVE_IVUV
    USE_64_BIT_ALL
    USE_64_BIT_INT
    USE_LARGE_FILES
    USE_LOCALE
    USE_LOCALE_COLLATE
    USE_LOCALE_CTYPE
    USE_LOCALE_NUMERIC
    USE_LOCALE_TIME
    USE_PERLIO
    USE_PERL_ATOF
  Built under freebsd
  Compiled at Jun  3 2017 22:58:33
  %ENV:
    PERL5LIB=""
    PERL5OPT=""
    PERL5_CPANPLUS_IS_RUNNING="43059"
    PERL5_CPAN_IS_RUNNING="43059"
    PERL5_CPAN_IS_RUNNING_IN_RECURSION="58291,43059"
    PERLDOC="-MPod::Perldoc::ToTextOverstrike"
    PERL_BATCH="yes"
    PERL_CANARY_STABILITY_NOPROMPT="1"
    PERL_CPAN_REPORTER_CONFIG="/var/tmp/cpansmoker-1023/2023122118/cpanreporter_000_config.ini"
    PERL_EXTUTILS_AUTOINSTALL="--defaultdeps"
    PERL_USE_UNSAFE_INC="1"
  @INC:
    /usr/perl5.26.0p/lib/site_perl/5.26.0/amd64-freebsd
    /usr/perl5.26.0p/lib/site_perl/5.26.0
    /usr/perl5.26.0p/lib/5.26.0/amd64-freebsd
    /usr/perl5.26.0p/lib/5.26.0
    .