Report for Test-Clustericious-Blocking-0.05

Back
From: metabase:user:31d414ea-2aae-11df-837a-5e0a49663a4f
Subject: FAIL Test-Clustericious-Blocking-0.05 v5.22.3 GNU/Linux
Date: 2017-07-18T18:27:53Z

This distribution has been tested as part of the CPAN Testers
project, supporting the Perl programming language.  See
http://wiki.cpantesters.org/ for more information or email
questions to cpan-testers-discuss@perl.org


--
Dear Graham Ollis,

This is a computer-generated report for Test-Clustericious-Blocking-0.05
on perl 5.22.3, created by CPAN-Reporter-1.2018.

Thank you for uploading your work to CPAN.  However, there was a problem
testing your distribution.

If you think this report is invalid, please consult the CPAN Testers Wiki
for suggestions on how to avoid getting FAIL reports for missing library
or binary dependencies, unsupported operating systems, and so on:

http://wiki.cpantesters.org/wiki/CPANAuthorNotes

Sections of this report:

    * Tester comments
    * Program output
    * Prerequisites
    * Environment and other context

------------------------------
TESTER COMMENTS
------------------------------

Additional comments from tester:

this report is from an automated smoke testing program
and was not reviewed by a human for accuracy

------------------------------
PROGRAM OUTPUT
------------------------------

Output from '/usr/bin/make test':

PERL_DL_NONLAZY=1 "/home/david/cpantesting/perl-5.22.3/bin/perl" "-MExtUtils::Command::MM" "-MTest::Harness" "-e" "undef *Test::Harness::Switches; test_harness(0, 'blib/lib', 'blib/arch')" t/*.t
# 
# 
# 
# HARNESS_ACTIVE=1
# HARNESS_VERSION=3.35_01
# PERL="/home/david/cpantesting/perl-5.22.3/bin/perl"
# PERL5LIB=/home/david/cpantesting/perl-5.22.3/.cpan/build/Test-Clustericious-Blocking-0.05-Yt7O9S/blib/lib:/home/david/cpantesting/perl-5.22.3/.cpan/build/Test-Clustericious-Blocking-0.05-Yt7O9S/blib/arch:
# PERL5OPT=
# PERL5_CPANPLUS_IS_RUNNING=16101
# PERL5_CPAN_IS_RUNNING=16101
# PERLVER=5.22.3
# PERL_DL_NONLAZY=1
# PERL_INLINE_DIRECTORY=/home/david/.Inline-5.22.3
# PERL_MM_USE_DEFAULT=1
# PERL_USE_UNSAFE_INC=0
# SHELL=/bin/bash
# 
# 
# 
# PERL5LIB path
# /home/david/cpantesting/perl-5.22.3/.cpan/build/Test-Clustericious-Blocking-0.05-Yt7O9S/blib/lib
# /home/david/cpantesting/perl-5.22.3/.cpan/build/Test-Clustericious-Blocking-0.05-Yt7O9S/blib/arch
# 
# 
# 
# perl                         5.022003
# Clustericious                -
# Devel::Hide                  0.0009
# ExtUtils::MakeMaker          7.0402
# HTTP::Tiny                   0.070
# JSON::PP                     2.27300_01
# Mojolicious                  7.36
# Test2::V0                    0.000072
# Test::Clustericious::Cluster -
Argument "2.53_02" isn't numeric in numeric ge (>=) at /home/david/cpantesting/perl-5.22.3/lib/site_perl/5.22.3/x86_64-linux-thread-multi/forks.pm line 1570.
# forks                        0.36
# 
# 
# 
t/00_diag.t .. ok
Argument "2.53_02" isn't numeric in numeric ge (>=) at /home/david/cpantesting/perl-5.22.3/lib/site_perl/5.22.3/x86_64-linux-thread-multi/forks.pm line 1570.
Process 24903 did not exit cleanly (status: 0)
t/basic.t .... 
Dubious, test returned 255 (wstat 65280, 0xff00)
All 2 subtests passed 
Argument "2.53_02" isn't numeric in numeric ge (>=) at /home/david/cpantesting/perl-5.22.3/lib/site_perl/5.22.3/x86_64-linux-thread-multi/forks.pm line 1570.
t/cluster.t .. skipped: Test requires Test::Clustericious::Cluster 0.35 and Clustericious 1.24
Argument "2.53_02" isn't numeric in numeric ge (>=) at /home/david/cpantesting/perl-5.22.3/lib/site_perl/5.22.3/x86_64-linux-thread-multi/forks.pm line 1570.
t/mojo.t ..... ok

Test Summary Report
-------------------
t/basic.t  (Wstat: 65280 Tests: 2 Failed: 0)
  Non-zero exit status: 255
Files=4, Tests=6,  6 wallclock secs ( 0.03 usr  0.01 sys +  1.40 cusr  0.38 csys =  1.82 CPU)
Result: FAIL
Failed 1/4 test programs. 0/6 subtests failed.
Makefile:850: recipe for target 'test_dynamic' failed
make: *** [test_dynamic] Error 255

------------------------------
PREREQUISITES
------------------------------

Prerequisite modules loaded:

requires:

    Module              Need     Have      
    ------------------- -------- ----------
    Devel::Hide         0        0.0009    
    forks               0        0.36      
    Mojolicious         6.00     7.36      
    perl                5.010001 5.022003  

build_requires:

    Module              Need     Have      
    ------------------- -------- ----------
    ExtUtils::MakeMaker 0        7.04_02   
    HTTP::Tiny          0        0.070     
    JSON::PP            0        2.27300_01
    Test2::V0           0.000060 0.000072  

configure_requires:

    Module              Need     Have      
    ------------------- -------- ----------
    ExtUtils::MakeMaker 0        7.04_02   
    perl                5.010001 5.022003  


------------------------------
ENVIRONMENT AND OTHER CONTEXT
------------------------------

Environment variables:

    AUTOMATED_TESTING = 1
    NONINTERACTIVE_TESTING = 1
    PATH = /usr/local/bin:/usr/bin:/bin:/usr/local/games:/usr/games
    PERL = 5.22.3
    PERL5LIB = 
    PERL5OPT = 
    PERL5_CPANPLUS_IS_RUNNING = 16101
    PERL5_CPAN_IS_RUNNING = 16101
    PERLVER = 5.22.3
    PERL_INLINE_DIRECTORY = /home/david/.Inline-5.22.3
    PERL_MM_USE_DEFAULT = 1
    PERL_USE_UNSAFE_INC = 0
    SHELL = /bin/bash
    TERM = screen

Perl special variables (and OS-specific diagnostics, for MSWin32):

    $^X = /home/david/cpantesting/perl-5.22.3/bin/perl
    $UID/$EUID = 1000 / 1000
    $GID = 1000 1000
    $EGID = 1000 1000

Perl module toolchain versions installed:

    Module              Have      
    ------------------- ----------
    CPAN                2.11_01   
    CPAN::Meta          2.150001  
    Cwd                 3.56_02   
    ExtUtils::CBuilder  0.280221  
    ExtUtils::Command   1.20_01   
    ExtUtils::Install   2.04      
    ExtUtils::MakeMaker 7.04_02   
    ExtUtils::Manifest  1.70      
    ExtUtils::ParseXS   3.28      
    File::Spec          3.56_02   
    JSON                2.94      
    JSON::PP            2.27300_01
    Module::Build       0.4224    
    Module::Signature   n/a       
    Parse::CPAN::Meta   1.4414_001
    Test::Harness       3.35_01   
    Test::More          1.302086  
    YAML                1.23      
    YAML::Syck          1.30      
    version             0.9909    


--

Summary of my perl5 (revision 5 version 22 subversion 3) configuration:
   
  Platform:
    osname=linux, osvers=3.16.0-4-amd64, archname=x86_64-linux-thread-multi
    uname='linux pigsty.barnyard.co.uk 3.16.0-4-amd64 #1 smp debian 3.16.36-1+deb8u1 (2016-09-03) x86_64 gnulinux '
    config_args='-de -Duse64bitall -Dusethreads -Dprefix=/home/david/cpantesting/perl-5.22.3'
    hint=recommended, useposix=true, d_sigaction=define
    useithreads=define, usemultiplicity=define
    use64bitint=define, use64bitall=define, uselongdouble=undef
    usemymalloc=n, bincompat5005=undef
  Compiler:
    cc='cc', ccflags ='-D_REENTRANT -D_GNU_SOURCE -fwrapv -fno-strict-aliasing -pipe -fstack-protector-strong -I/usr/local/include -D_LARGEFILE_SOURCE -D_FILE_OFFSET_BITS=64 -D_FORTIFY_SOURCE=2',
    optimize='-O2',
    cppflags='-D_REENTRANT -D_GNU_SOURCE -fwrapv -fno-strict-aliasing -pipe -fstack-protector-strong -I/usr/local/include'
    ccversion='', gccversion='4.9.2', gccosandvers=''
    intsize=4, longsize=8, ptrsize=8, doublesize=8, byteorder=12345678, doublekind=3
    d_longlong=define, longlongsize=8, d_longdbl=define, longdblsize=16, longdblkind=3
    ivtype='long', ivsize=8, nvtype='double', nvsize=8, Off_t='off_t', lseeksize=8
    alignbytes=8, prototype=define
  Linker and Libraries:
    ld='cc', ldflags =' -fstack-protector-strong -L/usr/local/lib'
    libpth=/usr/local/lib /usr/lib/gcc/x86_64-linux-gnu/4.9/include-fixed /usr/include/x86_64-linux-gnu /usr/lib /lib/x86_64-linux-gnu /lib/../lib /usr/lib/x86_64-linux-gnu /usr/lib/../lib /lib
    libs=-lpthread -lnsl -ldb -ldl -lm -lcrypt -lutil -lc
    perllibs=-lpthread -lnsl -ldl -lm -lcrypt -lutil -lc
    libc=libc-2.19.so, so=so, useshrplib=false, libperl=libperl.a
    gnulibc_version='2.19'
  Dynamic Linking:
    dlsrc=dl_dlopen.xs, dlext=so, d_dlsymun=undef, ccdlflags='-Wl,-E'
    cccdlflags='-fPIC', lddlflags='-shared -O2 -L/usr/local/lib -fstack-protector-strong'


Characteristics of this binary (from libperl): 
  Compile-time options: HAS_TIMES MULTIPLICITY PERLIO_LAYERS
                        PERL_DONT_CREATE_GVSV
                        PERL_HASH_FUNC_ONE_AT_A_TIME_HARD
                        PERL_IMPLICIT_CONTEXT PERL_MALLOC_WRAP
                        PERL_NEW_COPY_ON_WRITE PERL_PRESERVE_IVUV
                        USE_64_BIT_ALL USE_64_BIT_INT USE_ITHREADS
                        USE_LARGE_FILES USE_LOCALE USE_LOCALE_COLLATE
                        USE_LOCALE_CTYPE USE_LOCALE_NUMERIC USE_LOCALE_TIME
                        USE_PERLIO USE_PERL_ATOF USE_REENTRANT_API
  Built under linux
  Compiled at Jan 17 2017 15:59:42
  %ENV:
    PERL="5.22.3"
    PERL5LIB=""
    PERL5OPT=""
    PERL5_CPANPLUS_IS_RUNNING="16101"
    PERL5_CPAN_IS_RUNNING="16101"
    PERLVER="5.22.3"
    PERL_INLINE_DIRECTORY="/home/david/.Inline-5.22.3"
    PERL_MM_USE_DEFAULT="1"
    PERL_USE_UNSAFE_INC="0"
  @INC:
    /home/david/cpantesting/perl-5.22.3/lib/site_perl/5.22.3/x86_64-linux-thread-multi
    /home/david/cpantesting/perl-5.22.3/lib/site_perl/5.22.3
    /home/david/cpantesting/perl-5.22.3/lib/5.22.3/x86_64-linux-thread-multi
    /home/david/cpantesting/perl-5.22.3/lib/5.22.3
    .