Report for Proc-BackOff-0.02

Back
From: metabase:user:314402c4-2aae-11df-837a-5e0a49663a4f
Subject: FAIL Proc-BackOff-0.02 v5.25.12 GNU/Linux
Date: 2017-04-25T12:36:32Z

This distribution has been tested as part of the CPAN Testers
project, supporting the Perl programming language.  See
http://wiki.cpantesters.org/ for more information or email
questions to cpan-testers-discuss@perl.org


--
Dear Daniel Lo,

This is a computer-generated report for Proc-BackOff-0.02
on perl 5.25.12, created by CPAN-Reporter-1.2018.

Thank you for uploading your work to CPAN.  However, there was a problem
testing your distribution.

If you think this report is invalid, please consult the CPAN Testers Wiki
for suggestions on how to avoid getting FAIL reports for missing library
or binary dependencies, unsupported operating systems, and so on:

http://wiki.cpantesters.org/wiki/CPANAuthorNotes

Sections of this report:

    * Tester comments
    * Program output
    * Prerequisites
    * Environment and other context

------------------------------
TESTER COMMENTS
------------------------------

Additional comments from tester:

none provided

------------------------------
PROGRAM OUTPUT
------------------------------

Output from './Build test':

t/01_require.t ............. ok
"my" variable $package masks earlier declaration in same statement at t/02_basic.t line 15.
"my" variable $package masks earlier declaration in same scope at t/02_basic.t line 16.
"my" variable $obj masks earlier declaration in same statement at t/02_basic.t line 22.
"my" variable $obj masks earlier declaration in same scope at t/02_basic.t line 23.
"my" variable $obj masks earlier declaration in same scope at t/02_basic.t line 25.
"my" variable $obj masks earlier declaration in same statement at t/02_basic.t line 25.
"my" variable $obj masks earlier declaration in same scope at t/02_basic.t line 26.
"my" variable $obj masks earlier declaration in same statement at t/02_basic.t line 26.
"my" variable $obj masks earlier declaration in same scope at t/02_basic.t line 27.
"my" variable $obj masks earlier declaration in same scope at t/02_basic.t line 28.
"my" variable $obj masks earlier declaration in same statement at t/02_basic.t line 28.
"my" variable $obj masks earlier declaration in same scope at t/02_basic.t line 30.
"my" variable $obj masks earlier declaration in same scope at t/02_basic.t line 31.
"my" variable $obj masks earlier declaration in same scope at t/02_basic.t line 32.
"my" variable $obj masks earlier declaration in same statement at t/02_basic.t line 32.
"my" variable $obj masks earlier declaration in same scope at t/02_basic.t line 33.
"my" variable $obj masks earlier declaration in same statement at t/02_basic.t line 33.
"my" variable $obj masks earlier declaration in same scope at t/02_basic.t line 35.
"my" variable $obj masks earlier declaration in same scope at t/02_basic.t line 36.
"my" variable $obj masks earlier declaration in same scope at t/02_basic.t line 38.
"my" variable $obj masks earlier declaration in same statement at t/02_basic.t line 38.
"my" variable $obj masks earlier declaration in same statement at t/02_basic.t line 40.
"my" variable $obj masks earlier declaration in same statement at t/02_basic.t line 40.
"my" variable $obj masks earlier declaration in same statement at t/02_basic.t line 42.
"my" variable $obj masks earlier declaration in same statement at t/02_basic.t line 42.
"my" variable $obj masks earlier declaration in same scope at t/02_basic.t line 46.
"my" variable $obj masks earlier declaration in same scope at t/02_basic.t line 51.
"my" variable $obj masks earlier declaration in same scope at t/02_basic.t line 52.
"my" variable $obj masks earlier declaration in same scope at t/02_basic.t line 54.
"my" variable $obj masks earlier declaration in same scope at t/02_basic.t line 55.
"my" variable $obj masks earlier declaration in same scope at t/02_basic.t line 57.
"my" variable $obj masks earlier declaration in same scope at t/02_basic.t line 58.
"my" variable $obj masks earlier declaration in same scope at t/02_basic.t line 60.
"my" variable $obj masks earlier declaration in same scope at t/02_basic.t line 61.
"my" variable $obj masks earlier declaration in same scope at t/02_basic.t line 63.
"my" variable $obj masks earlier declaration in same scope at t/02_basic.t line 64.
"my" variable $obj masks earlier declaration in same scope at t/02_basic.t line 66.
"my" variable $obj masks earlier declaration in same scope at t/02_basic.t line 67.
"my" variable $obj masks earlier declaration in same scope at t/02_basic.t line 68.
"my" variable $obj masks earlier declaration in same scope at t/02_basic.t line 72.
"my" variable $obj masks earlier declaration in same scope at t/02_basic.t line 73.
"my" variable $obj masks earlier declaration in same scope at t/02_basic.t line 75.
"my" variable $obj masks earlier declaration in same scope at t/02_basic.t line 76.
"my" variable $obj masks earlier declaration in same scope at t/02_basic.t line 78.
"my" variable $obj masks earlier declaration in same scope at t/02_basic.t line 79.
"my" variable $obj masks earlier declaration in same scope at t/02_basic.t line 81.
"my" variable $obj masks earlier declaration in same scope at t/02_basic.t line 82.
"my" variable $obj masks earlier declaration in same scope at t/02_basic.t line 84.
"my" variable $obj masks earlier declaration in same scope at t/02_basic.t line 85.
"my" variable $obj masks earlier declaration in same scope at t/02_basic.t line 87.
"my" variable $obj masks earlier declaration in same scope at t/02_basic.t line 88.
"my" variable $obj masks earlier declaration in same scope at t/02_basic.t line 89.
"my" variable $obj masks earlier declaration in same scope at t/02_basic.t line 93.
"my" variable $obj masks earlier declaration in same scope at t/02_basic.t line 94.
"my" variable $obj masks earlier declaration in same scope at t/02_basic.t line 96.
"my" variable $obj masks earlier declaration in same scope at t/02_basic.t line 97.
"my" variable $obj masks earlier declaration in same scope at t/02_basic.t line 99.
"my" variable $obj masks earlier declaration in same scope at t/02_basic.t line 100.
"my" variable $obj masks earlier declaration in same scope at t/02_basic.t line 102.
"my" variable $obj masks earlier declaration in same scope at t/02_basic.t line 103.
"my" variable $obj masks earlier declaration in same scope at t/02_basic.t line 105.
"my" variable $obj masks earlier declaration in same scope at t/02_basic.t line 106.
"my" variable $obj masks earlier declaration in same scope at t/02_basic.t line 108.
"my" variable $obj masks earlier declaration in same scope at t/02_basic.t line 109.
"my" variable $obj masks earlier declaration in same scope at t/02_basic.t line 110.
syntax error at t/02_basic.t line 12, near "$p qw | Random Linear Exponential |"
syntax error at t/02_basic.t line 17, near "}"
syntax error at t/02_basic.t line 44, near "}"
Execution of t/02_basic.t aborted due to compilation errors.
# Looks like your test exited with 255 just after 3.
t/02_basic.t ............... 
Dubious, test returned 255 (wstat 65280, 0xff00)
Failed 24/27 subtests 
t/03_timing_exponential.t .. ok
t/03_timing_linear.t ....... ok
t/03_timing_random.t ....... ok

Test Summary Report
-------------------
t/02_basic.t             (Wstat: 65280 Tests: 3 Failed: 0)
  Non-zero exit status: 255
  Parse errors: Bad plan.  You planned 27 tests but ran 3.
Files=5, Tests=63,  1 wallclock secs ( 0.02 usr  0.04 sys +  0.19 cusr  0.06 csys =  0.31 CPU)
Result: FAIL
Failed 1/5 test programs. 0/63 subtests failed.

------------------------------
PREREQUISITES
------------------------------

Prerequisite modules loaded:

requires:

    Module          Need Have
    --------------- ---- ----
    Class::Accessor 0    0.34


------------------------------
ENVIRONMENT AND OTHER CONTEXT
------------------------------

Environment variables:

    LANG = C
    LC_ALL = de_DE.UTF-8
    PATH = /usr/local/bin:/usr/bin:/bin:/usr/local/sbin:/usr/sbin:/sbin:/home/cpansand/bin/linux-gnu:/home/cpansand/bin/sh:/home/cpansand/bin:/usr/games:/home/cpansand/devel:/home/eserte/src/srezic-misc/scripts
    PERL5LIB = 
    PERL5OPT = 
    PERL5_CPANPLUS_IS_RUNNING = 4337
    PERL5_CPAN_IS_RUNNING = 4337
    PERL5_CPAN_IS_RUNNING_IN_RECURSION = 29200,4337
    PERLDOC = -MPod::Perldoc::ToTextOverstrike
    PERL_BATCH = yes
    PERL_CANARY_STABILITY_NOPROMPT = 1
    PERL_CPAN_REPORTER_CONFIG = /var/tmp/cpansmoker-1023/2017042415/cpanreporter_002_config.ini
    PERL_EXTUTILS_AUTOINSTALL = --defaultdeps
    PERL_PARALLEL_SMOKER = yes
    PERL_USE_UNSAFE_INC = 1
    SHELL = /bin/zsh
    TERM = screen
    TMPDIR = /var/tmp/cpansmoker-1023/2017042415

Perl special variables (and OS-specific diagnostics, for MSWin32):

    $^X = /bbbike/perl-5.25.12/bin/perl5.25.12
    $UID/$EUID = 1023 / 1023
    $GID = 1023 1023
    $EGID = 1023 1023

Perl module toolchain versions installed:

    Module              Have    
    ------------------- --------
    CPAN                2.18    
    CPAN::Meta          2.150010
    Cwd                 3.62    
    ExtUtils::CBuilder  0.280224
    ExtUtils::Command   7.24    
    ExtUtils::Install   2.04    
    ExtUtils::MakeMaker 7.24    
    ExtUtils::Manifest  1.70    
    ExtUtils::ParseXS   3.30    
    File::Spec          3.62    
    JSON                2.90    
    JSON::PP            2.27400 
    Module::Build       0.4222  
    Module::Signature   0.81    
    Parse::CPAN::Meta   2.150010
    Test::Harness       3.39    
    Test::More          1.302083
    YAML                1.23    
    YAML::Syck          1.30    
    version             0.9918  


--

Summary of my perl5 (revision 5 version 25 subversion 12) configuration:
   
  Platform:
    osname=linux
    osvers=3.16.0-4-amd64
    archname=x86_64-linux
    uname='linux eserte 3.16.0-4-amd64 #1 smp debian 3.16.39-1+deb8u2 (2017-03-07) x86_64 gnulinux '
    config_args='-ds -e -Dprefix=/opt/perl-5.25.12 -Dusedevel -Dusemallocwrap=no -Dcf_email=srezic@cpan.org'
    hint=recommended
    useposix=true
    d_sigaction=define
    useithreads=undef
    usemultiplicity=undef
    use64bitint=define
    use64bitall=define
    uselongdouble=undef
    usemymalloc=n
    default_inc_excludes_dot=define
    bincompat5005=undef
  Compiler:
    cc='cc'
    ccflags ='-fwrapv -fno-strict-aliasing -pipe -fstack-protector-strong -I/usr/local/include -D_LARGEFILE_SOURCE -D_FILE_OFFSET_BITS=64 -D_FORTIFY_SOURCE=2'
    optimize='-O2'
    cppflags='-fwrapv -fno-strict-aliasing -pipe -fstack-protector-strong -I/usr/local/include'
    ccversion=''
    gccversion='4.9.2'
    gccosandvers=''
    intsize=4
    longsize=8
    ptrsize=8
    doublesize=8
    byteorder=12345678
    doublekind=3
    d_longlong=define
    longlongsize=8
    d_longdbl=define
    longdblsize=16
    longdblkind=3
    ivtype='long'
    ivsize=8
    nvtype='double'
    nvsize=8
    Off_t='off_t'
    lseeksize=8
    alignbytes=8
    prototype=define
  Linker and Libraries:
    ld='cc'
    ldflags =' -fstack-protector-strong -L/usr/local/lib'
    libpth=/usr/local/lib /usr/lib/gcc/x86_64-linux-gnu/4.9/include-fixed /usr/include/x86_64-linux-gnu /usr/lib /lib/x86_64-linux-gnu /lib/../lib /usr/lib/x86_64-linux-gnu /usr/lib/../lib /lib
    libs=-lpthread -lnsl -lgdbm -ldb -ldl -lm -lcrypt -lutil -lc -lgdbm_compat
    perllibs=-lpthread -lnsl -ldl -lm -lcrypt -lutil -lc
    libc=libc-2.19.so
    so=so
    useshrplib=false
    libperl=libperl.a
    gnulibc_version='2.19'
  Dynamic Linking:
    dlsrc=dl_dlopen.xs
    dlext=so
    d_dlsymun=undef
    ccdlflags='-Wl,-E'
    cccdlflags='-fPIC'
    lddlflags='-shared -O2 -L/usr/local/lib -fstack-protector-strong'


Characteristics of this binary (from libperl): 
  Compile-time options:
    HAS_TIMES
    PERLIO_LAYERS
    PERL_COPY_ON_WRITE
    PERL_DONT_CREATE_GVSV
    PERL_OP_PARENT
    PERL_PRESERVE_IVUV
    PERL_USE_DEVEL
    USE_64_BIT_ALL
    USE_64_BIT_INT
    USE_LARGE_FILES
    USE_LOCALE
    USE_LOCALE_COLLATE
    USE_LOCALE_CTYPE
    USE_LOCALE_NUMERIC
    USE_LOCALE_TIME
    USE_PERLIO
    USE_PERL_ATOF
  Built under linux
  Compiled at Apr 20 2017 19:57:48
  %ENV:
    PERL5LIB=""
    PERL5OPT=""
    PERL5_CPANPLUS_IS_RUNNING="4337"
    PERL5_CPAN_IS_RUNNING="4337"
    PERL5_CPAN_IS_RUNNING_IN_RECURSION="29200,4337"
    PERLDOC="-MPod::Perldoc::ToTextOverstrike"
    PERL_BATCH="yes"
    PERL_CANARY_STABILITY_NOPROMPT="1"
    PERL_CPAN_REPORTER_CONFIG="/var/tmp/cpansmoker-1023/2017042415/cpanreporter_002_config.ini"
    PERL_EXTUTILS_AUTOINSTALL="--defaultdeps"
    PERL_PARALLEL_SMOKER="yes"
    PERL_USE_UNSAFE_INC="1"
  @INC:
    /opt/perl-5.25.12/lib/site_perl/5.25.12/x86_64-linux
    /opt/perl-5.25.12/lib/site_perl/5.25.12
    /opt/perl-5.25.12/lib/5.25.12/x86_64-linux
    /opt/perl-5.25.12/lib/5.25.12
    .