Back
From: metabase:user:314402c4-2aae-11df-837a-5e0a49663a4f
Subject: FAIL Quiz-Flashcards-0.04b v5.22.3 RC3 GNU/Linux
Date: 2016-09-05T18:16:06Z
This distribution has been tested as part of the CPAN Testers
project, supporting the Perl programming language. See
http://wiki.cpantesters.org/ for more information or email
questions to cpan-testers-discuss@perl.org
--
Dear Christian Walde,
This is a computer-generated report for Quiz-Flashcards-0.04b
on perl 5.22.3, created by CPAN-Reporter-1.2018.
Thank you for uploading your work to CPAN. However, there was a problem
testing your distribution.
If you think this report is invalid, please consult the CPAN Testers Wiki
for suggestions on how to avoid getting FAIL reports for missing library
or binary dependencies, unsupported operating systems, and so on:
http://wiki.cpantesters.org/wiki/CPANAuthorNotes
Sections of this report:
* Tester comments
* Program output
* Prerequisites
* Environment and other context
------------------------------
TESTER COMMENTS
------------------------------
Additional comments from tester:
none provided
------------------------------
PROGRAM OUTPUT
------------------------------
Output from '/usr/bin/make test':
PERL_DL_NONLAZY=1 "/bbbike/perl-5.22.3-RC3/bin/perl" "-MExtUtils::Command::MM" "-MTest::Harness" "-e" "undef *Test::Harness::Switches; test_harness(0, 'inc', 'blib/lib', 'blib/arch')" t/00-load.t t/01-kwalitee.t t/boilerplate.t t/pod-coverage.t t/pod.t
Xlib: extension "RANDR" missing on display ":61".
given is experimental at /tmpfs/.cpan-build-cpansand/2016090509/Quiz-Flashcards-0.04-0/blib/lib/Quiz/Flashcards.pm line 302.
when is experimental at /tmpfs/.cpan-build-cpansand/2016090509/Quiz-Flashcards-0.04-0/blib/lib/Quiz/Flashcards.pm line 303.
when is experimental at /tmpfs/.cpan-build-cpansand/2016090509/Quiz-Flashcards-0.04-0/blib/lib/Quiz/Flashcards.pm line 304.
when is experimental at /tmpfs/.cpan-build-cpansand/2016090509/Quiz-Flashcards-0.04-0/blib/lib/Quiz/Flashcards.pm line 305.
when is experimental at /tmpfs/.cpan-build-cpansand/2016090509/Quiz-Flashcards-0.04-0/blib/lib/Quiz/Flashcards.pm line 306.
when is experimental at /tmpfs/.cpan-build-cpansand/2016090509/Quiz-Flashcards-0.04-0/blib/lib/Quiz/Flashcards.pm line 307.
when is experimental at /tmpfs/.cpan-build-cpansand/2016090509/Quiz-Flashcards-0.04-0/blib/lib/Quiz/Flashcards.pm line 308.
when is experimental at /tmpfs/.cpan-build-cpansand/2016090509/Quiz-Flashcards-0.04-0/blib/lib/Quiz/Flashcards.pm line 309.
when is experimental at /tmpfs/.cpan-build-cpansand/2016090509/Quiz-Flashcards-0.04-0/blib/lib/Quiz/Flashcards.pm line 310.
when is experimental at /tmpfs/.cpan-build-cpansand/2016090509/Quiz-Flashcards-0.04-0/blib/lib/Quiz/Flashcards.pm line 311.
when is experimental at /tmpfs/.cpan-build-cpansand/2016090509/Quiz-Flashcards-0.04-0/blib/lib/Quiz/Flashcards.pm line 312.
given is experimental at /tmpfs/.cpan-build-cpansand/2016090509/Quiz-Flashcards-0.04-0/blib/lib/Quiz/Flashcards.pm line 506.
when is experimental at /tmpfs/.cpan-build-cpansand/2016090509/Quiz-Flashcards-0.04-0/blib/lib/Quiz/Flashcards.pm line 507.
when is experimental at /tmpfs/.cpan-build-cpansand/2016090509/Quiz-Flashcards-0.04-0/blib/lib/Quiz/Flashcards.pm line 508.
# Testing Quiz::Flashcards 0.04, Perl 5.022003, /bbbike/perl-5.22.3-RC3/bin/perl
t/00-load.t ....... ok
These tests should not be running unless AUTHOR_TESTING=1 and/or RELEASE_TESTING=1!
# Failed test 'no_broken_auto_install'
# at t/01-kwalitee.t line 3.
# Error: This distribution uses an old version of Module::Install. Versions of Module::Install prior to 0.89 do not detect correcty that CPAN/CPANPLUS shell is used.
# Details:
# This distribution uses obsolete Module::Install version 0.82
# Remedy: Upgrade the bundled version of Module::Install to at least 0.89, but preferably to the most current release. Alternatively, you can switch to another build system / installer that does not suffer from this problem. (ExtUtils::MakeMaker, Module::Build both of which have their own set of problems.)
# Looks like you failed 1 test of 17.
t/01-kwalitee.t ...
Dubious, test returned 1 (wstat 256, 0x100)
Failed 1/17 subtests
t/boilerplate.t ... ok
Xlib: extension "RANDR" missing on display ":61".
given is experimental at /tmpfs/.cpan-build-cpansand/2016090509/Quiz-Flashcards-0.04-0/blib/lib/Quiz/Flashcards.pm line 302.
when is experimental at /tmpfs/.cpan-build-cpansand/2016090509/Quiz-Flashcards-0.04-0/blib/lib/Quiz/Flashcards.pm line 303.
when is experimental at /tmpfs/.cpan-build-cpansand/2016090509/Quiz-Flashcards-0.04-0/blib/lib/Quiz/Flashcards.pm line 304.
when is experimental at /tmpfs/.cpan-build-cpansand/2016090509/Quiz-Flashcards-0.04-0/blib/lib/Quiz/Flashcards.pm line 305.
when is experimental at /tmpfs/.cpan-build-cpansand/2016090509/Quiz-Flashcards-0.04-0/blib/lib/Quiz/Flashcards.pm line 306.
when is experimental at /tmpfs/.cpan-build-cpansand/2016090509/Quiz-Flashcards-0.04-0/blib/lib/Quiz/Flashcards.pm line 307.
when is experimental at /tmpfs/.cpan-build-cpansand/2016090509/Quiz-Flashcards-0.04-0/blib/lib/Quiz/Flashcards.pm line 308.
when is experimental at /tmpfs/.cpan-build-cpansand/2016090509/Quiz-Flashcards-0.04-0/blib/lib/Quiz/Flashcards.pm line 309.
when is experimental at /tmpfs/.cpan-build-cpansand/2016090509/Quiz-Flashcards-0.04-0/blib/lib/Quiz/Flashcards.pm line 310.
when is experimental at /tmpfs/.cpan-build-cpansand/2016090509/Quiz-Flashcards-0.04-0/blib/lib/Quiz/Flashcards.pm line 311.
when is experimental at /tmpfs/.cpan-build-cpansand/2016090509/Quiz-Flashcards-0.04-0/blib/lib/Quiz/Flashcards.pm line 312.
given is experimental at /tmpfs/.cpan-build-cpansand/2016090509/Quiz-Flashcards-0.04-0/blib/lib/Quiz/Flashcards.pm line 506.
when is experimental at /tmpfs/.cpan-build-cpansand/2016090509/Quiz-Flashcards-0.04-0/blib/lib/Quiz/Flashcards.pm line 507.
when is experimental at /tmpfs/.cpan-build-cpansand/2016090509/Quiz-Flashcards-0.04-0/blib/lib/Quiz/Flashcards.pm line 508.
t/pod-coverage.t .. ok
t/pod.t ........... ok
Test Summary Report
-------------------
t/01-kwalitee.t (Wstat: 256 Tests: 17 Failed: 1)
Failed test: 12
Non-zero exit status: 1
t/boilerplate.t (Wstat: 0 Tests: 3 Failed: 0)
TODO passed: 2-3
Files=5, Tests=23, 1 wallclock secs ( 0.03 usr 0.01 sys + 0.56 cusr 0.14 csys = 0.74 CPU)
Result: FAIL
Failed 1/5 test programs. 1/23 subtests failed.
Makefile:780: recipe for target 'test_dynamic' failed
make: *** [test_dynamic] Error 255
------------------------------
PREREQUISITES
------------------------------
Prerequisite modules loaded:
requires:
Module Need Have
---------------------- ---- --------
DBI 0 1.636
ExtUtils::MakeMaker 6.42 7.24
File::HomeDir 0 1.00
File::ShareDir 0 1.102
File::Spec::Functions 0 3.62
Module::Find 0 0.13
Module::Install::Share 0 1.16
Test::More 0 1.302052
Time::HiRes 0 1.9739
Wx 0 0.9928
Wx::Perl::ListCtrl 0 0.03
build_requires:
Module Need Have
---------------------- ---- --------
ExtUtils::MakeMaker 0 7.24
configure_requires:
Module Need Have
---------------------- ---- --------
ExtUtils::MakeMaker 6.42 7.24
------------------------------
ENVIRONMENT AND OTHER CONTEXT
------------------------------
Environment variables:
LANG = C
LC_ALL = de_DE.UTF-8
PATH = /usr/local/bin:/usr/bin:/bin:/usr/local/sbin:/usr/sbin:/sbin:/home/cpansand/bin/linux-gnu:/home/cpansand/bin/sh:/home/cpansand/bin:/usr/games:/home/cpansand/devel:/home/eserte/src/srezic-misc/scripts
PERL5LIB =
PERL5OPT =
PERL5_CPANPLUS_IS_RUNNING = 6783
PERL5_CPAN_IS_RUNNING = 6783
PERL5_CPAN_IS_RUNNING_IN_RECURSION = 28277,6783
PERLDOC = -MPod::Perldoc::ToTextOverstrike
PERL_BATCH = yes
PERL_CANARY_STABILITY_NOPROMPT = 1
PERL_CPAN_REPORTER_CONFIG = /run/user/1023/cpansmoker/2016090509/cpanreporter_000_config.ini
PERL_EXTUTILS_AUTOINSTALL = --defaultdeps
PERL_PARALLEL_SMOKER = yes
PERL_USE_UNSAFE_INC = 1
SHELL = /bin/zsh
TERM = screen
TMPDIR = /run/user/1023/cpansmoker/2016090509
Perl special variables (and OS-specific diagnostics, for MSWin32):
$^X = /bbbike/perl-5.22.3-RC3/bin/perl
$UID/$EUID = 1023 / 1023
$GID = 1023 1023
$EGID = 1023 1023
Perl module toolchain versions installed:
Module Have
------------------- --------
CPAN 2.14
CPAN::Meta 2.150010
Cwd 3.62
ExtUtils::CBuilder 0.280224
ExtUtils::Command 7.24
ExtUtils::Install 2.04
ExtUtils::MakeMaker 7.24
ExtUtils::Manifest 1.70
ExtUtils::ParseXS 3.30
File::Spec 3.62
JSON 2.90
JSON::PP 2.27400
Module::Build 0.4220
Module::Signature 0.80
Parse::CPAN::Meta 2.150010
Test::Harness 3.36
Test::More 1.302052
YAML 1.18
YAML::Syck 1.29
version 0.9917
--
Summary of my perl5 (revision 5 version 22 subversion 3) configuration:
Platform:
osname=linux, osvers=3.16.0-4-amd64, archname=x86_64-linux
uname='linux eserte 3.16.0-4-amd64 #1 smp debian 3.16.7-ckt25-2+deb8u3 (2016-07-02) x86_64 gnulinux '
config_args='-ds -e -Dprefix=/opt/perl-5.22.3-RC3 -Dcf_email=srezic@cpan.org'
hint=recommended, useposix=true, d_sigaction=define
useithreads=undef, usemultiplicity=undef
use64bitint=define, use64bitall=define, uselongdouble=undef
usemymalloc=n, bincompat5005=undef
Compiler:
cc='cc', ccflags ='-fwrapv -fno-strict-aliasing -pipe -fstack-protector-strong -I/usr/local/include -D_LARGEFILE_SOURCE -D_FILE_OFFSET_BITS=64 -D_FORTIFY_SOURCE=2',
optimize='-O2',
cppflags='-fwrapv -fno-strict-aliasing -pipe -fstack-protector-strong -I/usr/local/include'
ccversion='', gccversion='4.9.2', gccosandvers=''
intsize=4, longsize=8, ptrsize=8, doublesize=8, byteorder=12345678, doublekind=3
d_longlong=define, longlongsize=8, d_longdbl=define, longdblsize=16, longdblkind=3
ivtype='long', ivsize=8, nvtype='double', nvsize=8, Off_t='off_t', lseeksize=8
alignbytes=8, prototype=define
Linker and Libraries:
ld='cc', ldflags =' -fstack-protector-strong -L/usr/local/lib'
libpth=/usr/local/lib /usr/lib/gcc/x86_64-linux-gnu/4.9/include-fixed /usr/include/x86_64-linux-gnu /usr/lib /lib/x86_64-linux-gnu /lib/../lib /usr/lib/x86_64-linux-gnu /usr/lib/../lib /lib
libs=-lpthread -lnsl -lgdbm -ldb -ldl -lm -lcrypt -lutil -lc -lgdbm_compat
perllibs=-lpthread -lnsl -ldl -lm -lcrypt -lutil -lc
libc=libc-2.19.so, so=so, useshrplib=false, libperl=libperl.a
gnulibc_version='2.19'
Dynamic Linking:
dlsrc=dl_dlopen.xs, dlext=so, d_dlsymun=undef, ccdlflags='-Wl,-E'
cccdlflags='-fPIC', lddlflags='-shared -O2 -L/usr/local/lib -fstack-protector-strong'
Characteristics of this binary (from libperl):
Compile-time options: HAS_TIMES PERLIO_LAYERS PERL_DONT_CREATE_GVSV
PERL_HASH_FUNC_ONE_AT_A_TIME_HARD PERL_MALLOC_WRAP
PERL_NEW_COPY_ON_WRITE PERL_PRESERVE_IVUV
USE_64_BIT_ALL USE_64_BIT_INT USE_LARGE_FILES
USE_LOCALE USE_LOCALE_COLLATE USE_LOCALE_CTYPE
USE_LOCALE_NUMERIC USE_LOCALE_TIME USE_PERLIO
USE_PERL_ATOF
Locally applied patches:
RC3
Built under linux
Compiled at Aug 19 2016 14:03:58
%ENV:
PERL5LIB=""
PERL5OPT=""
PERL5_CPANPLUS_IS_RUNNING="6783"
PERL5_CPAN_IS_RUNNING="6783"
PERL5_CPAN_IS_RUNNING_IN_RECURSION="28277,6783"
PERLDOC="-MPod::Perldoc::ToTextOverstrike"
PERL_BATCH="yes"
PERL_CANARY_STABILITY_NOPROMPT="1"
PERL_CPAN_REPORTER_CONFIG="/run/user/1023/cpansmoker/2016090509/cpanreporter_000_config.ini"
PERL_EXTUTILS_AUTOINSTALL="--defaultdeps"
PERL_PARALLEL_SMOKER="yes"
PERL_USE_UNSAFE_INC="1"
@INC:
/opt/perl-5.22.3-RC3/lib/site_perl/5.22.3/x86_64-linux
/opt/perl-5.22.3-RC3/lib/site_perl/5.22.3
/opt/perl-5.22.3-RC3/lib/5.22.3/x86_64-linux
/opt/perl-5.22.3-RC3/lib/5.22.3
.