Back
From: metabase:user:1eed3a18-483e-11e2-a87b-a3931c712682
Subject: FAIL Regexp-Common-time-0.04 v5.18.0 RC2 Mac OS X
Date: 2013-05-13T15:28:50Z
This distribution has been tested as part of the CPAN Testers
project, supporting the Perl programming language. See
http://wiki.cpantesters.org/ for more information or email
questions to cpan-testers-discuss@perl.org
--
Regexp-Common-time-0.04 ... FAIL
Perl : v5.18.0
System : darwin
Local Versions :
XML::LibXML : 2.0018
Role::Tiny::With :
Dist::Zilla::Role::FileFinderUser : 4.300034
Dist::Zilla::Role::AfterBuild : 4.300034
Config::Any::YAML :
Dist::Zilla::Role::PluginBundle : 4.300034
LWP::Protocol : 6.00
Dist::Zilla::Role::PluginBundle::Easy : 4.300034
Moose::Util : 2.0802
Net::CIDR::Lite : 0.21
Class::MOP : 2.0802
Pod::LaTeX : 0.61
File::HomeDir::Test : 1.00
Number::Compare : 0.03
UNIVERSAL::isa : 1.20120726
Data::Dumper : 2.145
Class::ErrorHandler : 0.02
Locale::Maketext : 1.23
File::ShareDir : 1.03
App::Cmd::Tester::CaptureExternal : 0.320
Text::Diff : 1.41
Dist::Zilla::Role::Releaser : 4.300034
Moose::Meta::TypeConstraint : 2.0802
Email::Send : 2.198
Exporter::Declare : 0.112
Devel::Declare::Context::Simple : 0.006011
Pod::Simple::RTF : 3.28
Email::MIME::Kit : 2.102012
Test::Warn : 0.24
lib : 0.63
Moose::Meta::TypeCoercion : 2.0802
File::ShareDir::Install : 0.04
Symbol : 1.07
ExtUtils::PkgConfig : 1.14
Getopt::Std : 1.07
Params::Classify : 0.013
Event : 1.21
Test::Version : 1.002001
Devel::PPPort : 3.20
FileHandle : 2.02
String::RewritePrefix : 0.006
Class::Loader : 2.03
Pod::Eventual::Simple : 0.093330
Object::Signature : 1.07
Config::Any : 0.23
Crypt::DSA : 1.17
App::CLI : 0.313
Clone : 0.34
Module::Build::Pluggable : 0.10
XSLoader : 0.16
File::Which : 1.09
ExtUtils::ParseXS : 3.18
B::Hooks::EndOfScope : 0.12
charnames : 1.36
MIME::Types : 1.38
Pod::Elemental::Element::Pod5::Region : 0.102362
Pod::ParseUtils : 1.60
Archive::Zip : 1.30
Crypt::Random : 1.25
Sub::Quote :
Carp : 1.29
Date::Parse : 2.30
B::Hooks::OP::Annotation : 0.44
NEXT : 0.65
UNIVERSAL::require : 0.13
Data::GUID : 0.046
Cairo::GObject : 1.001
Crypt::CAST5_PP : 1.04
App::cpanoutdated : 0.28
PPI::Token::Whitespace : 1.215
DateTime::Set : 0.31
Getopt::Long::Descriptive : 0.093
Test::Exception : 0.32
Net::Domain : 2.20
PPI::Dumper : 1.215
Dist::CheckConflicts : 0.02
Test::Pod::Coverage : 1.08
Class::Accessor::Chained::Fast :
App::Cmd::Setup : 0.320
Devel::Symdump : 2.10
Regexp::Common : 2013031301
Config::MVP::Reader::Findable::ByExtension : 2.200003
FindBin : 1.51
Test::Script : 1.07
Module::Pluggable::Object : 4.6
Exporter : 5.68
Data::Clone : 0.003
Catalyst::Model :
POE::Test::Loops : 1.351
Perl6::Junction : 1.50000
Plack::Builder :
ExtUtils::Helpers : 0.021
Cairo : 1.103
Bash::Completion::Utils : 0.008
Acme::Damn : 0.05
HTML::TokeParser : 3.69
IO::Dir : 1.10
Params::Validate : 1.07
MooseX::MethodAttributes : 0.28
MooseX::LazyRequire : 0.10
ExtUtils::CBuilder : 0.280210
Pango : 1.224
Dist::Zilla::Role::FilePruner : 4.300034
locale : 1.02
List::MoreUtils : 0.33
Net::Cmd : 2.29
Software::License::Perl_5 : 0.103005
Archive::Tar : 1.90
Cache::FileCache :
Moose::Meta::Class : 2.0802
Module::Loaded : 0.08
Graphics::ColorNames : 2.11
Dist::Zilla::Role::VersionProvider : 4.300034
File::Listing : 6.04
Pod::Parser : 1.60
Data::Section::Simple : 0.04
CPAN::DistnameInfo : 0.12
Catalyst::Plugin::Session::Store::File : 0.18
MooseX::Storage::Deferred : 0.33
B::Deparse : 1.20
Authen::SASL : 2.16
aliased : 0.31
PPI : 1.215
parent : 0.225
SelectSaver : 1.02
App::p : 0.0304
Moose::Meta::Attribute : 2.0802
Module::Find : 0.11
HTTP::Request::AsCGI : 1.2
Mozilla::CA : 20130114
Module::CoreList : 2.90
IO::HTML : 1.00
HTTP::Message::PSGI :
Devel::Caller : 2.06
Test::DZil : 4.300034
Sys::SigAction : 0.15
Devel::Dwarn :
Dist::Zilla : 4.300034
warnings : 1.18
Perl::Critic::Policy : 1.118
Test : 1.26
warnings::register : 1.02
B::Lint : 1.17
Digest::SHA1 : 2.13
MooseX::Emulate::Class::Accessor::Fast : 0.00903
Test::Fatal : 0.010
utf8::all : 0.010
Cache::Cache : 1.06
Plack::Request : 1.0024
Mixin::Linewise::Readers : 0.003
File::Spec : 3.40
Pod::Elemental::Types : 0.102362
MIME::Base64 : 3.13
ExtUtils::Config : 0.007
String::Flogger : 1.101243
HTTP::Status : 6.03
File::HomeDir : 1.00
File::CheckTree : 4.42
Metabase::Fact : 0.021
Encode::Locale : 1.03
Devel::GlobalDestruction : 0.11
B::Hooks::OP::Check : 0.19
Compress::Raw::Zlib : 2.060
PPI::Document::Fragment : 1.215
Data::Dumper::Concise : 2.020
Module::Implementation : 0.06
Sub::Install : 0.926
AutoLoader : 5.73
Data::Printer : 0.35
Pod::Elemental::Element::Nested : 0.102362
Sub::Uplevel : 0.24
PerlIO : 1.07
Dist::Zilla::Plugin::MetaTests : 4.300034
Perl::MinimumVersion : 1.32
IO::Select : 1.21
MRO::Compat : 0.12
PerlIO::via::QuotedPrint : 0.07
Catalyst::Plugin::Session : 0.37
Dist::Zilla::Role::MintingProfile::ShareDir : 4.300034
Dist::Zilla::Role::AfterMint : 4.300034
UNIVERSAL : 1.11
Filter::Util::Call : 1.49
Log::Log4perl : 1.41
Test::Moose : 2.0802
MooseX::Meta::TypeConstraint::ForceCoercion : 0.01
Email::Abstract : 3.004
File::Find::Rule::Perl : 1.13
Email::Valid : 0.190
DateTime::Format::Builder : 0.81
CGI::Simple::Cookie : 1.113
Test::Output : 1.01
HTML::Tagset : 3.20
Path::Class : 0.32
HTTP::Tiny : 0.029
Array::Diff : 0.07
HTTP::Server::PSGI :
File::Basename : 2.84
integer : 1.00
Context::Preserve : 0.01
constant : 1.27
Hash::Merge : 0.12
Throwable::Error : 0.200008
Lingua::Stem::En : 2.16
utf8 : 1.10
DBD::SQLite : 1.37
JavaScript::Minifier::XS : 0.09
Eval::Closure : 0.08
Time::Local : 1.2300
URI::file : 4.21
Net::SMTP : 2.31
Math::Trig : 1.23
Moose::Util::MetaRole : 2.0802
Class::Accessor::Lite : 0.05
Test::InDistDir : 1.112071
Moo::Role :
Tie::RefHash : 1.39
Tie::IxHash : 1.23
Cache::FastMmap : 1.40
URI::URL : 5.04
HTTP::Response : 6.04
DateTime : 1.03
namespace::clean : 0.24
Catalyst::Action :
CPAN : 2.00
Devel::Peek : 1.11
IO::Scalar : 2.110
Pod::Coverage : 0.23
Time::Piece : 1.20_01
List::Util : 1.27
Text::Balanced : 2.02
DateTime::Format::Natural : 1.02
Test::More : 0.98
Catalyst : 5.90030
blib : 1.06
Dist::Zilla::Role::FileGatherer : 4.300034
vars : 1.03
strictures : 1.004004
common::sense : 3.6
DirHandle : 1.04
Archive::Any : 0.0932
Safe : 2.35
App::Cmd::Tester : 0.320
Moose::Role : 2.0802
Devel::Declare : 0.006011
MooseX::Types::Moose : 0.35
Digest::base : 1.16
Text::Unidecode : 0.04
Config::MVP::Assembler : 2.200003
PadWalker : 1.96
base : 2.18
Archive::Peek : 0.35
Class::Data::Inheritable : 0.08
B::Debug : 1.18
PPI::Document::File : 1.215
strict : 1.07
Dist::Zilla::Tester : 4.300034
LWP::MediaTypes : 6.02
Email::Address : 1.898
Pod::Simple::Checker : 3.28
CatalystX::Component::Traits : 0.16
Perl::PrereqScanner : 1.015
Pod::Checker : 1.60
Dist::Zilla::Plugin::InlineFiles : 4.300034
Class::XSAccessor::Array : 1.14
CPAN::Meta::YAML : 0.008
Pod::Man : 2.27
Config::MVP::Reader : 2.200003
DBIx::Class::Schema::Loader : 0.07035
Fcntl : 1.11
Log::Dispatchouli : 2.006
Test::CPAN::Changes : 0.20
Email::MIME : 1.911
Readonly : 1.03
Data::UUID : 1.218
XML::NamespaceSupport : 1.11
Dist::Zilla::Plugin::PodSyntaxTests : 4.300034
feature : 1.32
Net::SSLeay : 1.54
Data::Visitor : 0.28
IPC::Run : 0.92
IO::File : 1.16
threads : 1.86
Catalyst::Plugin::Session::State::Cookie : 0.17
Pod::Perldoc : 3.19
Pod::Elemental::Element::Pod5::Verbatim : 0.102362
SQL::Translator : 0.11016
ExtUtils::Installed : 1.999003
Module::Pluggable : 4.7
Class::Method::Modifiers : 2.04
Test::NoWarnings : 1.04
OLE::Storage_Lite : 0.19
HTTP::Cookies : 6.01
MooX::Types::MooseLike : 0.23
DateTime::Event::ICal : 0.11
Moose::Meta::TypeConstraint::Parameterizable : 2.0802
diagnostics : 1.31
Compress::Raw::Bzip2 : 2.060
AnyEvent::Net::Curl::Queued : 0.045
MooX::Types::MooseLike::Base : 0.23
Apache::LogFormat::Compiler : 0.12
Test::TCP : 1.26
MooseX::Types::Common : 0.001008
YAML : 0.84
File::chdir : 0.1008
Pod::Weaver : 3.101638
Software::License::CC0_1_0 : 0.103005
WWW::Curl::Easy : 4.15
Text::Patch : 1.8
Digest::HMAC_SHA1 : 1.03
Pod::Escapes : 1.04
Module::Metadata : 1.000011
Digest::MD5 : 2.52
File::Remove : 1.52
English : 1.06
IO::Seekable : 1.10
Sub::Exporter::Progressive : 0.001010
Carp::Assert::More : 1.14
Package::Stash::XS : 0.26
List::AllUtils : 0.03
Date::Format : 2.24
Metabase::Client::Simple : 0.009
DateTime::Format::Strptime : 1.54
Module::Runtime : 0.013
MooseX::Has::Sugar : 0.05070421
Bash::Completion::Plugins::perlbrew : 0.09
Test::UseAllModules : 0.14
Devel::SimpleTrace : 0.08
Math::Pari : 2.01080605
App::Cpan : 1.61
HTTP::Server::Simple::CGI : 0
PPI::Node : 1.215
Time::HiRes : 1.9725
I18N::LangTags : 0.39
Bash::Completion : 0.008
URI::Escape : 3.31
Algorithm::C3 : 0.08
B::Utils : 0.21
Bash::Completion::Plugins::cpanm : 0.0.2
Perl::Critic : 1.118
DB_File : 1.828
Devel::LexAlias : 0.05
Test::Harness : 3.26
IO : 1.28
Config::MVP::Assembler::WithBundles : 2.200003
ExtUtils::Manifest : 1.63
Text::SimpleTable : 2.03
overload : 1.22
Catalyst::Runtime : 5.90030
Test::Simple : 0.98
HTTP::Server::Simple : 0.44
JSON : 2.57
AppConfig : 1.66
Test::Builder::Module : 0.98
HTML::Entities : 3.69
Sub::Exporter : 0.985
Config::MVP::Reader::INI : 2.101461
Sys::Hostname : 1.17
Catalyst::Action::RenderView : 0.16
Attribute::Handlers : 0.94
Lingua::EN::FindNumber : 1.2
DBI : 1.625
XML::SAX : 0.99
IPC::Open2 : 1.04
YAML::XS : 0.41
Devel::FindPerl : 0.006
Test::Deep : 0.110
Test::CheckDeps : 0.002
Module::Build : 0.4005
version : 0.9902
Log::Dispatch::Output : 2.39
Text::ParseWords : 3.28
Catalyst::Exception :
Scalar::Util : 1.27
Plack::Test :
Pod::Simple::XMLOutStream : 3.28
IO::Tty : 1.10
Class::Accessor::Grouped : 0.10010
Moose::Meta::Method : 2.0802
Test::Most : 0.31
Digest::SHA : 5.84
Test::Requires : 0.06
HTML::Parser : 3.71
IO::WrapTie : 2.110
Module::Load : 0.24
Pod::ParseLink : 1.10
URI : 1.60
Text::CSV : 1.21
LWP::Protocol::https : 6.04
Package::Stash : 0.34
HTTP::Daemon : 6.01
autodie : 2.19
LWP : 6.05
Test::Pod : 1.48
ExtUtils::Install : 1.59
Log::Message : 0.08
Path::Class::Dir : 0.32
Config::INI::Reader : 0.019
Bash::Completion::Plugin : 0.008
Exception::Class : 1.37
IPC::Run3 : 0.045
Class::Accessor : 0.34
Dist::Zilla::Plugin::MinimumPerl : 1.003
File::Slurp : 9999.19
Test::Tester : 0.108
Dist::Zilla::Plugin::PodCoverageTests : 4.300034
bytes : 1.04
Pod::Elemental : 0.102362
ExtUtils::Mkbootstrap : 6.66
Data::Buffer : 0.04
File::stat : 1.07
Software::License::Artistic_1_0 : 0.103005
Authen::DecHpwd : 2.006
Log::Dispatch : 2.39
String::Formatter : 0.102082
Benchmark : 1.15
Perl::Critic::Utils : 1.118
Crypt::CBC : 2.32
Getopt::Long : 2.39
if : 0.0602
ok : 0.11
Socket : 2.009
Plack::Middleware :
CSS::Minifier::XS : 0.08
Parse::RecDescent : 1.967009
Net::HTTP : 6.06
Object::Accessor : 0.46
Glib::Object::Introspection : 0.015
Dist::Zilla::File::InMemory : 4.300034
File::Find : 1.23
Devel::Cycle : 1.11
CPANPLUS : 0.9136
YAML::Tiny : 1.51
Pod::Elemental::Transformer::Gatherer : 0.102362
Convert::ASN1 : 0.26
ExtUtils::MakeMaker : 6.66
Catalyst::Utils :
CPAN::Meta::Prereqs : 2.130880
Class::Inspector : 1.28
Dist::Zilla::Plugin::GatherDir : 4.300034
App::Prove : 3.26
Catalyst::Plugin::Authentication : 0.10023
IO::String : 1.08
autodie::exception : 2.13
Import::Into : 1.001001
Module::Locate : 1.72
JSON::Any : 1.29
metaclass : 2.0802
WWW::Mechanize::GZip : 0.12
Net::SMTP::TLS::ButMaintained : 0.24
Class::Accessor::Fast : 0.34
Math::BigInt : 1.9991
Email::MIME::Creator : 1.911
Math::Complex : 1.59
re : 0.23
Dist::Zilla::Role::PrereqSource : 4.300034
Data::OptList : 0.107
DateTime::Locale : 0.45
Tie::Handle : 4.2
POSIX : 1.32
Moose::Autobox : 0.13
ExtUtils::Depends : 0.304
Data::Section : 0.101621
JSON::PP : 2.27202
Crypt::Rijndael : 1.11
Test::Base : 0.60
Fennec::Lite : 0.004
Algorithm::Diff : 1.1902
File::Spec::Unix : 3.40
Pod::Elemental::Element::Pod5::Command : 0.102362
Sub::Name : 0.05
Pod::Usage : 1.61
PPI::Document : 1.215
DBIx::Class::Schema :
Module::Build::ModuleInfo : 0.4003
Convert::ASCII::Armour : 1.4
Set::Scalar : 1.25
Dist::Zilla::Role::FileMunger : 4.300034
Carp::Clan : 6.04
CGI : 3.63
Locale::Codes : 3.25
Test::Builder : 0.98
CPANPLUS::Dist::Build : 0.70
Any::Moose : 0.21
MIME::QuotedPrint : 3.13
Pod::Elemental::Transformer::Pod5 : 0.102362
CPAN::Meta::Requirements : 2.122
AnyEvent : 7.04
Tie::Hash : 1.04
Pod::Elemental::Document : 0.102362
MooseX::RelatedClassRoles : 0.004
IO::Uncompress::Gunzip : 2.060
Term::ReadKey : 2.30
IO::Socket::INET : 1.33
Perl::Critic::Utils::PPI : 1.118
Net::Curl : 0.28
HTTP::Message : 6.06
Catalyst::Test :
MooseX::Types : 0.35
HTML::TreeBuilder : 5.03
Email::MessageID : 1.402
Digest::HMAC_MD5 : 1.01
Parse::CPAN::Meta : 1.4404
Term::ReadLine : 1.12
Data::Dump : 1.22
Perl::Critic::Violation : 1.118
File::Glob : 1.20
Email::Simple : 2.201
ExtUtils::MakeMaker::Config : 6.66
File::Compare : 1.1006
Term::UI : 0.34
Plack : 1.0024
Lexical::Persistence : 1.020
namespace::autoclean : 0.13
AnyEvent::HTTP : 2.15
Config::Perl::V : 0.17
File::Copy::Recursive : 0.38
URI::QueryParam :
Test::Differences : 0.61
Moose::Util::TypeConstraints : 2.0802
bigint : 0.34
Pod::Elemental::Transformer::Nester : 0.102362
Params::Util : 1.07
Mixin::Linewise::Writers : 0.003
Test::Trap : 0.2.2
HTTP::Request::Common : 6.04
Term::ANSIColor : 4.02
B::Keywords : 1.13
LWP::Simple : 6.00
Sort::Versions : 1.5
MooseX::Getopt : 0.56
Path::Tiny : 0.020
DateTime::Duration : 1.03
Catalyst::Component::InstancePerContext : 0.001001
Test::Builder::Tester : 1.22
HTTP::Headers : 6.05
IO::Zlib : 1.10
Text::Wrap : 2012.0818
PPI::Token::Quote::Single : 1.215
Try::Tiny : 0.12
CPAN::Meta : 2.130880
Tie::Scalar : 1.02
DynaLoader : 1.18
Parallel::Scoreboard : 0.03
Filter::Simple : 0.89
MooseX::Role::Parameterized : 1.00
DateTime::Format::Flexible : 0.25
Digest : 1.17
CPAN::Meta::Validator : 2.120921
Return::Value : 1.666002
HTTP::Request : 6.00
HTTP::Date : 6.02
MooseX::Types::Perl : 0.101341
Hash::Util : 0.16
LWP::UserAgent : 6.05
File::Find::Rule : 0.33
Devel::StackTrace : 1.30
Catalyst::ActionRole::ACL : 0.07
ExtUtils::InstallPaths : 0.009
Memoize : 1.03
Pod::Simple::HTML : 3.28
Log::Message::Simple : 0.10
Pod::Elemental::Element::Pod5::Ordinary : 0.102362
Config::MVP : 2.200003
HTTP::Negotiate : 6.01
Moose : 2.0802
Sub::Identify : 0.04
Pod::Simple::Text : 3.28
Text::Glob : 0.09
DateTime::Format::ICal : 0.09
IO::Socket : 1.36
YAML::Any : 0.84
Mouse : 1.11
Scope::Guard : 0.20
Time::Zone : 2.24
Package::Constants : 0.02
Lingua::EN::Inflect : 1.895
Class::XSAccessor : 1.16
Data::Float : 0.012
MooseX::Types::Util : 0.35
Dist::Zilla::Role::AfterRelease : 4.300034
Dist::Zilla::Plugin::MetaResources : 4.300034
open : 1.10
Pod::Text : 3.17
Test::MockTime : 0.12
File::Path : 2.09
MooseX::Types::Path::Class : 0.06
IPC::Open3 : 1.13
DBIx::Class : 0.08250
Archive::Extract : 0.68
boolean : 0.30
Moo : 1.002000
Glib : 1.280
IO::Handle : 1.34
Pod::Simple : 3.28
Dist::Zilla::Role::BeforeRelease : 4.300034
Log::Trace : 1.070
Cwd : 3.40
B::Concise : 0.95
Locale::Maketext::Simple : 0.21
HTTP::Parser::XS : 0.16
Moose::Exporter : 2.0802
lib::abs : 0.92
Email::Simple::Creator : 2.201
Pod::PlainText : 2.06
Task::Weaken : 1.04
File::Temp : 0.2301
Test::SharedFork : 0.21
Errno : 1.18
File::Fetch : 0.38
File::Copy : 2.26
Software::License : 0.103005
Pod::Weaver::Role::Finalizer : 3.101638
File::pushd : 1.005
Perl::OSType : 1.003
DBIx::Class::Core :
WWW::Mechanize : 1.72
Carp::Assert : 0.20
Catalyst::Controller :
MooseX::Storage : 0.33
Sub::Exporter::Util : 0.985
Devel::NYTProf : 5.02
Pod::Elemental::Selectors : 0.102362
Unicode::UCD : 0.51
attributes : 0.21
IO::Socket::SSL : 1.88
TAP::Harness : 3.26
B : 1.42
CatalystX::InjectComponent : 0.025
Pod::Select : 1.60
Text::Abbrev : 1.02
Dist::Zilla::Role::InstallTool : 4.300034
Module::Load::Conditional : 0.54
JSON::XS : 2.33
Pod::Markdown : 1.322
Encode : 2.51
subs : 1.01
Devel::PartialDump : 0.15
Error : 0.17020
Unicode::Normalize : 1.16
Email::MIME::Kit::Role::Renderer : 2.102012
Dist::Zilla::Role::TextTemplate : 4.300034
Capture::Tiny : 0.22
Compress::Zlib : 2.060
Storable : 2.41
Test::NoTabs : 1.3
Net::Ping : 2.41
Email::Sender : 1.300006
Config::MVP::Reader::Finder : 2.200003
Text::CSV_XS : 0.97
IPC::Cmd : 0.80
Pod::Elemental::Transformer : 0.102362
Tie::Array : 1.05
Sys::Syslog : 0.32
Test::use::ok : 0.11
CPAN::Testers::Report : 1.999001
Catalyst::ClassData :
App::pmodinfo : 0.10
App::cpantimes : 1.502101
Sub::Exporter::ForMethods : 0.100050
Module::Signature : 0.70
Module::Build::Tiny : 0.019
Package::DeprecationManager : 0.13
Env : 1.04
File::Spec::Functions : 3.40
DateTime::TimeZone : 1.59
CPAN::Meta::Converter : 2.120921
Pod::Find : 1.60
Data::Printer::Filter :
CHI : 0.56
Class::Load : 0.20
HTML::Tree : 5.03
HTML::HeadParser : 3.71
Devel::InnerPackage : 0.4
Module::Install : 1.06
Params::Check : 0.36
Test Output :
t/0-signature.t .. ok
t/1-load.t ....... ok
syntax error at t/american.t line 12, near "->import qw(langinfo MON_1 ABMON_1 MON_2 ABMON_2 MON_3 ABMON_3 MON_4 ABMON_4 MON_5 ABMON_5 MON_6 ABMON_6 MON_7 ABMON_7 MON_8 ABMON_8 MON_9 ABMON_9 MON_10 ABMON_10 MON_11 ABMON_11 MON_12 ABMON_12)"
BEGIN not safe after errors--compilation aborted at t/american.t line 101.
t/american.t .....
Dubious, test returned 255 (wstat 65280, 0xff00)
No subtests run
syntax error at t/dmy.t line 13, near "->import qw(langinfo MON_1 ABMON_1 MON_2 ABMON_2 MON_3 ABMON_3 MON_4 ABMON_4 MON_5 ABMON_5 MON_6 ABMON_6 MON_7 ABMON_7 MON_8 ABMON_8 MON_9 ABMON_9 MON_10 ABMON_10 MON_11 ABMON_11 MON_12 ABMON_12)"
BEGIN not safe after errors--compilation aborted at t/dmy.t line 591.
t/dmy.t ..........
Dubious, test returned 255 (wstat 65280, 0xff00)
No subtests run
syntax error at t/doc.t line 25, near "->import qw(langinfo MON_11 ABDAY_5)"
Execution of t/doc.t aborted due to compilation errors.
# Looks like your test exited with 255 before it could output anything.
t/doc.t ..........
Dubious, test returned 255 (wstat 65280, 0xff00)
Failed 20/20 subtests
t/hms.t .......... ok
t/mail-strict.t .. ok
t/mail.t ......... ok
syntax error at t/mdy.t line 13, near "->import qw(langinfo MON_1 ABMON_1 MON_2 ABMON_2 MON_3 ABMON_3 MON_4 ABMON_4 MON_5 ABMON_5 MON_6 ABMON_6 MON_7 ABMON_7 MON_8 ABMON_8 MON_9 ABMON_9 MON_10 ABMON_10 MON_11 ABMON_11 MON_12 ABMON_12)"
BEGIN not safe after errors--compilation aborted at t/mdy.t line 701.
t/mdy.t ..........
Dubious, test returned 255 (wstat 65280, 0xff00)
No subtests run
t/strftime.t ..... ok
t/tf.t ........... ok
syntax error at t/ymd.t line 13, near "->import qw(langinfo MON_1 ABMON_1 MON_2 ABMON_2 MON_3 ABMON_3 MON_4 ABMON_4 MON_5 ABMON_5 MON_6 ABMON_6 MON_7 ABMON_7 MON_8 ABMON_8 MON_9 ABMON_9 MON_10 ABMON_10 MON_11 ABMON_11 MON_12 ABMON_12)"
BEGIN not safe after errors--compilation aborted at t/ymd.t line 605.
t/ymd.t ..........
Dubious, test returned 255 (wstat 65280, 0xff00)
No subtests run
t/zone.t ......... ok
Test Summary Report
-------------------
t/american.t (Wstat: 65280 Tests: 0 Failed: 0)
Non-zero exit status: 255
Parse errors: No plan found in TAP output
t/dmy.t (Wstat: 65280 Tests: 0 Failed: 0)
Non-zero exit status: 255
Parse errors: No plan found in TAP output
t/doc.t (Wstat: 65280 Tests: 0 Failed: 0)
Non-zero exit status: 255
Parse errors: Bad plan. You planned 20 tests but ran 0.
t/mdy.t (Wstat: 65280 Tests: 0 Failed: 0)
Non-zero exit status: 255
Parse errors: No plan found in TAP output
t/ymd.t (Wstat: 65280 Tests: 0 Failed: 0)
Non-zero exit status: 255
Parse errors: No plan found in TAP output
Files=13, Tests=2500, 2 wallclock secs ( 0.36 usr 0.07 sys + 1.23 cusr 0.16 csys = 1.82 CPU)
Result: FAIL
Failed 5/13 test programs. 0/2500 subtests failed.
--
Summary of my perl5 (revision 5 version 18 subversion 0) configuration:
Platform:
osname=darwin, osvers=12.3.0, archname=darwin-2level
uname='darwin stanislaws-macbook-pro.local 12.3.0 darwin kernel version 12.3.0: sun jan 6 22:37:10 pst 2013; root:xnu-2050.22.13~1release_x86_64 x86_64 '
config_args='-de -Dprefix=/Users/stas/perl5/perlbrew/perls/perl-5.18.0-RC2 -Aeval:scriptdir=/Users/stas/perl5/perlbrew/perls/perl-5.18.0-RC2/bin'
hint=recommended, useposix=true, d_sigaction=define
useithreads=undef, usemultiplicity=undef
useperlio=define, d_sfio=undef, uselargefiles=define, usesocks=undef
use64bitint=define, use64bitall=define, uselongdouble=undef
usemymalloc=n, bincompat5005=undef
Compiler:
cc='cc', ccflags ='-fno-common -DPERL_DARWIN -fno-strict-aliasing -pipe -fstack-protector -I/opt/local/include',
optimize='-O3',
cppflags='-fno-common -DPERL_DARWIN -fno-strict-aliasing -pipe -fstack-protector -I/opt/local/include'
ccversion='', gccversion='4.2.1 Compatible Apple Clang 4.0 ((tags/Apple/clang-421.0.60))', gccosandvers=''
intsize=4, longsize=8, ptrsize=8, doublesize=8, byteorder=12345678
d_longlong=define, longlongsize=8, d_longdbl=define, longdblsize=16
ivtype='long', ivsize=8, nvtype='double', nvsize=8, Off_t='off_t', lseeksize=8
alignbytes=8, prototype=define
Linker and Libraries:
ld='env MACOSX_DEPLOYMENT_TARGET=10.3 cc', ldflags =' -fstack-protector -L/opt/local/lib'
libpth=/opt/local/lib /usr/lib
libs=-lgdbm -ldbm -ldl -lm -lutil -lc
perllibs=-ldl -lm -lutil -lc
libc=, so=dylib, useshrplib=false, libperl=libperl.a
gnulibc_version=''
Dynamic Linking:
dlsrc=dl_dlopen.xs, dlext=bundle, d_dlsymun=undef, ccdlflags=' '
cccdlflags=' ', lddlflags=' -bundle -undefined dynamic_lookup -L/opt/local/lib -fstack-protector'
Characteristics of this binary (from libperl):
Compile-time options: HAS_TIMES PERLIO_LAYERS PERL_DONT_CREATE_GVSV
PERL_HASH_FUNC_ONE_AT_A_TIME_HARD PERL_MALLOC_WRAP
PERL_PRESERVE_IVUV PERL_SAWAMPERSAND USE_64_BIT_ALL
USE_64_BIT_INT USE_LARGE_FILES USE_LOCALE
USE_LOCALE_COLLATE USE_LOCALE_CTYPE
USE_LOCALE_NUMERIC USE_PERLIO USE_PERL_ATOF
Locally applied patches:
RC2
Built under darwin
Compiled at May 13 2013 08:56:17
%ENV:
PERLBREW_BASHRC_VERSION="0.63"
PERLBREW_HOME="/Users/stas/.perlbrew"
PERLBREW_MANPATH="/Users/stas/perl5/perlbrew/perls/perl-5.18.0-RC2/man"
PERLBREW_PATH="/Users/stas/perl5/perlbrew/bin:/Users/stas/perl5/perlbrew/perls/perl-5.18.0-RC2/bin"
PERLBREW_PERL="perl-5.18.0-RC2"
PERLBREW_ROOT="/Users/stas/perl5/perlbrew"
PERLBREW_VERSION="0.63"
PERL_MM_USE_DEFAULT="1"
@INC:
/Users/stas/perl5/perlbrew/perls/perl-5.18.0-RC2/lib/site_perl/5.18.0/darwin-2level
/Users/stas/perl5/perlbrew/perls/perl-5.18.0-RC2/lib/site_perl/5.18.0
/Users/stas/perl5/perlbrew/perls/perl-5.18.0-RC2/lib/5.18.0/darwin-2level
/Users/stas/perl5/perlbrew/perls/perl-5.18.0-RC2/lib/5.18.0
.