Git-Annex v0.007 Perl 5 v5.32.1 amd64-openbsd
- Status
- Fail
- From
- Alceu Rodrigues de Freitas Junior
- Dist
-
Git-Annex v0.007
- Platform
- Perl 5 v5.32.1 amd64-openbsd
- Date
- 2022-05-09 13:27:46
- ID
- d01c7800-cf9b-11ec-b737-db65ffa5fe2c
This distribution has been tested as part of the CPAN Testers
project, supporting the Perl programming language. See
http://wiki.cpantesters.org/ for more information or email
questions to cpan-testers-discuss@perl.org
--
Dear Sean Whitton,
This is a computer-generated report for Git-Annex-0.007
on perl 5.32.1, created by CPAN-Reporter-1.2018.
Thank you for uploading your work to CPAN. However, there was a problem
testing your distribution.
If you think this report is invalid, please consult the CPAN Testers Wiki
for suggestions on how to avoid getting FAIL reports for missing library
or binary dependencies, unsupported operating systems, and so on:
http://wiki.cpantesters.org/wiki/CPANAuthorNotes
Sections of this report:
* Tester comments
* Program output
* Prerequisites
* Environment and other context
------------------------------
TESTER COMMENTS
------------------------------
Additional comments from tester:
this report is from an automated smoke testing program
and was not reviewed by a human for accuracy
------------------------------
PROGRAM OUTPUT
------------------------------
Output from '/usr/bin/make test':
PERL_DL_NONLAZY=1 "/usr/bin/perl" "-MExtUtils::Command::MM" "-MTest::Harness" "-e" "undef *Test::Harness::Switches; test_harness(0, 'blib/lib', 'blib/arch')" t/*.t
git: 'annex' is not a git command. See 'git --help'.
# Tests were run but no plan was declared and done_testing() was not seen.
# Looks like your test exited with 25 just after 7.
t/10_init.t .......................
Dubious, test returned 25 (wstat 6400, 0x1900)
All 7 subtests passed
git: 'annex' is not a git command. See 'git --help'.
t/11_utils.t ......................
Dubious, test returned 25 (wstat 6400, 0x1900)
No subtests run
git: 'annex' is not a git command. See 'git --help'.
t/12_unused.t .....................
Dubious, test returned 25 (wstat 6400, 0x1900)
No subtests run
git: 'annex' is not a git command. See 'git --help'.
t/13_batchcommand.t ...............
Dubious, test returned 25 (wstat 6400, 0x1900)
No subtests run
git: 'annex' is not a git command. See 'git --help'.
t/21_annex-to-annex.t .............
Dubious, test returned 25 (wstat 6400, 0x1900)
No subtests run
git: 'annex' is not a git command. See 'git --help'.
t/22_annex-to-annex-dropunused.t ..
Dubious, test returned 25 (wstat 6400, 0x1900)
No subtests run
git: 'annex' is not a git command. See 'git --help'.
t/23_annex-to-annex-reinject.t ....
Dubious, test returned 25 (wstat 6400, 0x1900)
No subtests run
git: 'annex' is not a git command. See 'git --help'.
t/24_git-annex-reviewunused.t .....
Dubious, test returned 25 (wstat 6400, 0x1900)
No subtests run
t/author-pod-coverage.t ........... skipped: these tests are for testing by the author
t/author-pod-syntax.t ............. skipped: these tests are for testing by the author
Test Summary Report
-------------------
t/10_init.t (Wstat: 6400 (exited 25) Tests: 7 Failed: 0)
Non-zero exit status: 25
Parse errors: No plan found in TAP output
t/11_utils.t (Wstat: 6400 (exited 25) Tests: 0 Failed: 0)
Non-zero exit status: 25
Parse errors: No plan found in TAP output
t/12_unused.t (Wstat: 6400 (exited 25) Tests: 0 Failed: 0)
Non-zero exit status: 25
Parse errors: No plan found in TAP output
t/13_batchcommand.t (Wstat: 6400 (exited 25) Tests: 0 Failed: 0)
Non-zero exit status: 25
Parse errors: No plan found in TAP output
t/21_annex-to-annex.t (Wstat: 6400 (exited 25) Tests: 0 Failed: 0)
Non-zero exit status: 25
Parse errors: No plan found in TAP output
t/22_annex-to-annex-dropunused.t (Wstat: 6400 (exited 25) Tests: 0 Failed: 0)
Non-zero exit status: 25
Parse errors: No plan found in TAP output
t/23_annex-to-annex-reinject.t (Wstat: 6400 (exited 25) Tests: 0 Failed: 0)
Non-zero exit status: 25
Parse errors: No plan found in TAP output
t/24_git-annex-reviewunused.t (Wstat: 6400 (exited 25) Tests: 0 Failed: 0)
Non-zero exit status: 25
Parse errors: No plan found in TAP output
Files=10, Tests=7, 3 wallclock secs ( 0.03 usr 0.06 sys + 2.00 cusr 1.10 csys = 3.19 CPU)
Result: FAIL
Failed 8/10 test programs. 0/7 subtests failed.
*** Error 255 in /mnt/cpan_build_dir/goku/Git-Annex-0.007-0 (Makefile:984 'test_dynamic')
------------------------------
PREREQUISITES
------------------------------
Prerequisite modules loaded:
requires:
Module Need Have
--------------------- ----- ---------
autodie 0 2.34
Carp 0 1.50
Cwd 0 3.78
Data::Compare 0 1.27
Digest::MD5::File 0 0.08
File::Basename 0 2.85
File::chdir 0 0.1011
File::chmod 0 0.42
File::Copy 0 2.34
File::Find 0 1.37
File::Path 0 2.18
File::Spec::Functions 0 3.78
File::Temp 0 0.2311
Getopt::Long 0 2.52
Git::Repository 0 1.325
Git::Wrapper 0 0.048_090
IPC::Open2 0 1.05
IPC::System::Simple 0 1.30
List::Util 0 1.62
perl 5.028 5.032001
Storable 0 3.25
strict 0 1.11
subs 0 1.03
Term::ANSIColor 0 5.01
Term::ReadKey 0 2.38
Time::HiRes 0 1.9764_02
Try::Tiny 0 0.31
warnings 0 1.47
build_requires:
Module Need Have
--------------------- ----- ---------
Capture::Tiny 0 0.48
Exporter 0 5.74
ExtUtils::MakeMaker 0 7.64
File::Slurp 0 9999.32
lib 0 0.65
parent 0 0.238
Scalar::Util 0 1.62
Test::More 0 1.302190
configure_requires:
Module Need Have
--------------------- ----- ---------
ExtUtils::MakeMaker 0 7.64
------------------------------
ENVIRONMENT AND OTHER CONTEXT
------------------------------
Environment variables:
AUTOMATED_TESTING = 1
PATH = /home/goku/perl5/bin:/usr/bin:/bin:/usr/sbin:/sbin:/usr/X11R6/bin:/usr/local/bin:/usr/local/sbin
PERL5LIB = /home/goku/perl5/lib/perl5
PERL5OPT =
PERL5_CPANPLUS_IS_RUNNING = 72420
PERL5_CPAN_IS_RUNNING = 72420
PERL5_CPAN_IS_RUNNING_IN_RECURSION = 64178,72420
PERL_CR_SMOKER_CURRENT = Git-Annex-0.007
PERL_EXTUTILS_AUTOINSTALL = --defaultdeps
PERL_LOCAL_LIB_ROOT = /home/goku/perl5
PERL_MB_OPT = --install_base "/home/goku/perl5"
PERL_MM_OPT = INSTALL_BASE=/home/goku/perl5
PERL_MM_USE_DEFAULT = 1
PERL_USE_UNSAFE_INC = 1
SHELL = /bin/ksh
TERM = xterm-256color
Perl special variables (and OS-specific diagnostics, for MSWin32):
$^X = /usr/bin/perl
$UID/$EUID = 1001 / 1001
$GID = 1002 1002 1001
$EGID = 1002 1002 1001
Perl module toolchain versions installed:
Module Have
------------------- --------
CPAN 2.33
CPAN::Meta 2.150010
Cwd 3.78
ExtUtils::CBuilder 0.280236
ExtUtils::Command 7.64
ExtUtils::Install 2.20
ExtUtils::MakeMaker 7.64
ExtUtils::Manifest 1.73
ExtUtils::ParseXS 3.44
File::Spec 3.78
JSON 4.05
JSON::PP 4.08
Module::Build 0.4231
Module::Signature 0.88
Parse::CPAN::Meta 2.150010
Test::Harness 3.44
Test::More 1.302190
YAML 1.30
YAML::Syck 1.34
version 0.9929
--
Summary of my perl5 (revision 5 version 32 subversion 1) configuration:
Platform:
osname=openbsd
osvers=7.0
archname=amd64-openbsd
uname='openbsd'
config_args='-dse -Dopenbsd_distribution=defined -Dmksymlinks'
hint=recommended
useposix=true
d_sigaction=define
useithreads=undef
usemultiplicity=undef
use64bitint=define
use64bitall=define
uselongdouble=undef
usemymalloc=n
default_inc_excludes_dot=define
bincompat5005=undef
Compiler:
cc='cc'
ccflags ='-DNO_LOCALE_NUMERIC -DNO_LOCALE_COLLATE -fno-strict-aliasing -fno-delete-null-pointer-checks -pipe -fstack-protector-strong -I/usr/local/include'
optimize='-O2'
cppflags='-DBIG_TIME -DNO_LOCALE_NUMERIC -DNO_LOCALE_COLLATE -fno-strict-aliasing -fno-delete-null-pointer-checks -pipe -fstack-protector-strong -I/usr/local/include'
ccversion=''
gccversion='OpenBSD Clang 11.1.0'
gccosandvers=''
intsize=4
longsize=8
ptrsize=8
doublesize=8
byteorder=12345678
doublekind=3
d_longlong=define
longlongsize=8
d_longdbl=define
longdblsize=16
longdblkind=3
ivtype='long'
ivsize=8
nvtype='double'
nvsize=8
Off_t='off_t'
lseeksize=8
alignbytes=8
prototype=define
Linker and Libraries:
ld='cc'
ldflags ='-Wl,-E -fstack-protector-strong -L/usr/local/lib'
libpth=/usr/lib /usr/local/lib
libs=-lm -lc
perllibs=-lm -lc
libc=/usr/lib/libc.so.96.1
so=so
useshrplib=true
libperl=libperl.so.22.0
gnulibc_version=''
Dynamic Linking:
dlsrc=dl_dlopen.xs
dlext=so
d_dlsymun=undef
ccdlflags='-Wl,-R/usr/libdata/perl5/amd64-openbsd/CORE'
cccdlflags='-DPIC -fpic '
lddlflags='-shared -fpic -fstack-protector-strong -L/usr/local/lib'
Characteristics of this binary (from libperl):
Compile-time options:
HAS_TIMES
PERLIO_LAYERS
PERL_COPY_ON_WRITE
PERL_DONT_CREATE_GVSV
PERL_MALLOC_WRAP
PERL_OP_PARENT
PERL_PRESERVE_IVUV
USE_64_BIT_ALL
USE_64_BIT_INT
USE_LARGE_FILES
USE_LOCALE
USE_LOCALE_CTYPE
USE_LOCALE_TIME
USE_PERLIO
USE_PERL_ATOF
Built under openbsd
%ENV:
PERL5LIB="/home/goku/perl5/lib/perl5"
PERL5OPT=""
PERL5_CPANPLUS_IS_RUNNING="72420"
PERL5_CPAN_IS_RUNNING="72420"
PERL5_CPAN_IS_RUNNING_IN_RECURSION="64178,72420"
PERL_CR_SMOKER_CURRENT="Git-Annex-0.007"
PERL_EXTUTILS_AUTOINSTALL="--defaultdeps"
PERL_LOCAL_LIB_ROOT="/home/goku/perl5"
PERL_MB_OPT="--install_base "/home/goku/perl5""
PERL_MM_OPT="INSTALL_BASE=/home/goku/perl5"
PERL_MM_USE_DEFAULT="1"
PERL_USE_UNSAFE_INC="1"
@INC:
/home/goku/perl5/lib/perl5/5.32.1/amd64-openbsd
/home/goku/perl5/lib/perl5/5.32.1
/home/goku/perl5/lib/perl5/amd64-openbsd
/home/goku/perl5/lib/perl5
/usr/local/libdata/perl5/site_perl/amd64-openbsd
/usr/local/libdata/perl5/site_perl
/usr/libdata/perl5/amd64-openbsd
/usr/libdata/perl5
.