Back
From: metabase:user:30ae4450-2aae-11df-837a-5e0a49663a4f
Subject: FAIL Data-Microformat-0.04 v5.16.1
Date: 2013-11-01T23:14:35Z
This distribution has been tested as part of the CPAN Testers
project, supporting the Perl programming language. See
http://wiki.cpantesters.org/ for more information or email
questions to cpan-testers-discuss@perl.org
--
Dear Brendan Francis O'Connor,
This is a computer-generated report for Data-Microformat-0.04
on perl 5.16.1, created by CPAN-Reporter-1.2010_01.
Thank you for uploading your work to CPAN. However, there was a problem
testing your distribution.
If you think this report is invalid, please consult the CPAN Testers Wiki
for suggestions on how to avoid getting FAIL reports for missing library
or binary dependencies, unsupported operating systems, and so on:
http://wiki.cpantesters.org/wiki/CPANAuthorNotes
Sections of this report:
* Tester comments
* Program output
* Prerequisites
* Environment and other context
------------------------------
TESTER COMMENTS
------------------------------
Additional comments from tester:
this report is from an automated smoke testing program
and was not reviewed by a human for accuracy
------------------------------
PROGRAM OUTPUT
------------------------------
Output from 'C:\strawberry5161\perl\bin\perl.exe ./Build test':
t\00use.t ............. ok
# Failed test at t\01adr.t line 40.
# got: '<div class="adr">
# <div class="street-address">665 3rd St.</div>
# <div class="extended-address">Suite 207</div>
# <div class="locality">San Francisco</div>
# <div class="region">CA</div>
# <div class="postal-code">94107</div>
# <div class="country-name">U.S.A.</div>
# </div>'
# expected: '<div class="adr">
# <div class="street-address">665 3rd St.</div>
# <div class="extended-address">Suite 207</div>
# <div class="locality">San Francisco</div>
# <div class="region">CA</div>
# <div class="postal-code">94107</div>
# <div class="country-name">U.S.A.</div>
# </div>
# '
# Looks like you failed 1 test of 9.
t\01adr.t .............
Dubious, test returned 1 (wstat 256, 0x100)
Failed 1/9 subtests
# Failed test at t\02geo.t line 27.
# got: '<div class="geo">
# <div class="latitude">37.779598</div>
# <div class="longitude">-122.398453</div>
# </div>'
# expected: '<div class="geo">
# <div class="latitude">37.779598</div>
# <div class="longitude">-122.398453</div>
# </div>
# '
# Looks like you failed 1 test of 5.
t\02geo.t .............
Dubious, test returned 1 (wstat 256, 0x100)
Failed 1/5 subtests
# Failed test at t\03type.t line 28.
# got: '<div class="tel">
# <div class="value">+1.415.555.1212</div>
# <div class="type">Home</div>
# </div>'
# expected: '<div class="tel">
# <div class="value">+1.415.555.1212</div>
# <div class="type">Home</div>
# </div>
# '
# Failed test at t\03type.t line 54.
# got: '<div class="email">
# <div class="value">test@example.com</div>
# <div class="type">Work</div>
# </div>'
# expected: '<div class="email">
# <div class="value">test@example.com</div>
# <div class="type">Work</div>
# </div>
# '
# Failed test at t\03type.t line 77.
# got: '<div class="email">
# <div class="value">test@example.com</div>
# </div>'
# expected: '<div class="email">
# <div class="value">test@example.com</div>
# </div>
# '
# Looks like you failed 3 tests of 18.
t\03type.t ............
Dubious, test returned 3 (wstat 768, 0x300)
Failed 3/18 subtests
# Failed test at t\04name.t line 37.
# got: '<div class="n">
# <div class="honorific-prefix">His High Judgmental Supremacy</div>
# <div class="given-name">Zipo</div>
# <div class="additional-name">Judiciary</div>
# <div class="family-name">Pag</div>
# <div class="honorific-suffix">Learned, Impartial, and Very Relaxed</div>
# </div>'
# expected: '<div class="n">
# <div class="honorific-prefix">His High Judgmental Supremacy</div>
# <div class="given-name">Zipo</div>
# <div class="additional-name">Judiciary</div>
# <div class="family-name">Pag</div>
# <div class="honorific-suffix">Learned, Impartial, and Very Relaxed</div>
# </div>
# '
# Looks like you failed 1 test of 8.
t\04name.t ............
Dubious, test returned 1 (wstat 256, 0x100)
Failed 1/8 subtests
# Failed test at t\05organization.t line 27.
# got: '<div class="org">
# <div class="organization-name">Zaphod for President</div>
# <div class="organization-unit">Dirty Tricks</div>
# </div>'
# expected: '<div class="org">
# <div class="organization-name">Zaphod for President</div>
# <div class="organization-unit">Dirty Tricks</div>
# </div>
# '
# Failed test at t\05organization.t line 51.
# got: '<div class="org">
# <div class="organization-name">Zaphod for President</div>
# </div>'
# expected: '<div class="org">
# <div class="organization-name">Zaphod for President</div>
# </div>
# '
# Looks like you failed 2 tests of 9.
t\05organization.t ....
Dubious, test returned 2 (wstat 512, 0x200)
Failed 2/9 subtests
t\06basic.t ........... ok
t\07plural.t .......... ok
# Failed test at t\08nested.t line 46.
# got: '<div class="vcard">
# <div class="fn">Alice Adams</div>
# <div class="n">
# <div class="given-name">Alice</div>
# <div class="family-name">Adams</div>
# </div>
# <div class="agent vcard">
# <div class="fn">Bob Barker</div>
# <div class="n">
# <div class="given-name">Bob</div>
# <div class="family-name">Barker</div>
# </div>
# <div class="nickname">Yuppie</div>
# </div>
# <div class="nickname">Needs an Agent</div>
# </div>'
# expected: '<div class="vcard">
# <div class="fn">Alice Adams</div>
# <div class="n">
# <div class="given-name">Alice</div>
# <div class="family-name">Adams</div>
# </div>
# <div class="agent vcard">
# <div class="fn">Bob Barker</div>
# <div class="n">
# <div class="given-name">Bob</div>
# <div class="family-name">Barker</div>
# </div>
# <div class="nickname">Yuppie</div>
# </div>
# <div class="nickname">Needs an Agent</div>
# </div>
# '
# Looks like you failed 1 test of 8.
t\08nested.t ..........
Dubious, test returned 1 (wstat 256, 0x100)
Failed 1/8 subtests
# Failed test at t\09multitype.t line 60.
# got: '<div class="tel">
# <div class="value">415-344-0829</div>
# <div class="type">Fax</div>
# <div class="type">Preferred</div>
# </div>'
# expected: '<div class="tel">
# <div class="value">415-344-0829</div>
# <div class="type">Fax</div>
# <div class="type">Preferred</div>
# </div>
# '
# Failed test at t\09multitype.t line 61.
# got: '<div class="adr">
# <div class="street-address">548 4th St.</div>
# <div class="locality">San Francisco</div>
# <div class="region">CA</div>
# <div class="postal-code">94107</div>
# <div class="country-name">USA</div>
# <div class="type">San Francisco</div>
# <div class="type">Headquarters</div>
# </div>'
# expected: '<div class="adr">
# <div class="street-address">548 4th St.</div>
# <div class="locality">San Francisco</div>
# <div class="region">CA</div>
# <div class="postal-code">94107</div>
# <div class="country-name">USA</div>
# <div class="type">San Francisco</div>
# <div class="type">Headquarters</div>
# </div>
# '
# Looks like you failed 2 tests of 14.
t\09multitype.t .......
Dubious, test returned 2 (wstat 512, 0x200)
Failed 2/14 subtests
t\10containing.t ...... ok
t\11dropsingular.t .... ok
t\12semantics.t ....... ok
t\13representative.t .. ok
t\14entry.t ........... ok
t\15feed.t ............ ok
t\16embedded-feed.t ... ok
t\17multiple-feeds.t .. ok
t\pod-coverage.t ...... skipped: This test is only run for the module author
t\pod.t ............... skipped: This test is only run for the module author
Test Summary Report
-------------------
t\01adr.t (Wstat: 256 Tests: 9 Failed: 1)
Failed test: 8
Non-zero exit status: 1
t\02geo.t (Wstat: 256 Tests: 5 Failed: 1)
Failed test: 4
Non-zero exit status: 1
t\03type.t (Wstat: 768 Tests: 18 Failed: 3)
Failed tests: 5, 11, 15
Non-zero exit status: 3
t\04name.t (Wstat: 256 Tests: 8 Failed: 1)
Failed test: 7
Non-zero exit status: 1
t\05organization.t (Wstat: 512 Tests: 9 Failed: 2)
Failed tests: 4, 8
Non-zero exit status: 2
t\08nested.t (Wstat: 256 Tests: 8 Failed: 1)
Failed test: 7
Non-zero exit status: 1
t\09multitype.t (Wstat: 512 Tests: 14 Failed: 2)
Failed tests: 13-14
Non-zero exit status: 2
Files=20, Tests=337, 5 wallclock secs ( 0.00 usr + 0.13 sys = 0.13 CPU)
Result: FAIL
Failed 7/20 test programs. 11/337 subtests failed.
------------------------------
PREREQUISITES
------------------------------
Prerequisite modules loaded:
requires:
Module Need Have
------------------------ ---- ----
DateTime::Format::W3CDTF 0 0.06
HTML::Entities 0 3.69
HTML::Stream 0 1.60
HTML::TreeBuilder 0 5.02
build_requires:
Module Need Have
------------------------ ---- ----
Test::More 0 0.98
------------------------------
ENVIRONMENT AND OTHER CONTEXT
------------------------------
Environment variables:
AUTOMATED_TESTING = 1
COMSPEC = C:\WINDOWS\system32\cmd.exe
NUMBER_OF_PROCESSORS = 1
PATH = C:\Program Files\Far Manager\;C:\WINDOWS\system32;C:\WINDOWS;C:\WINDOWS\System32\Wbem;C:\strawberry5161\c\bin;C:\strawberry5161\perl\site\bin;C:\strawberry5161\perl\bin
PERL5LIB =
PERL5OPT =
PERL5_CPANPLUS_IS_RUNNING = 1256
PERL5_CPAN_IS_RUNNING = 1256
PERL5_CPAN_IS_RUNNING_IN_RECURSION = 484,1256
PERL_CR_SMOKER_CURRENT = XML-Feed-Format-hAtom-0.5
PERL_EXTUTILS_AUTOINSTALL = --defaultdeps
PERL_MM_USE_DEFAULT = 1
PROCESSOR_IDENTIFIER = x86 Family 16 Model 5 Stepping 3, AuthenticAMD
TEMP = C:\DOCUME~1\c\LOCALS~1\Temp
TERM = dumb
Perl special variables (and OS-specific diagnostics, for MSWin32):
$^X = C:\strawberry5161\perl\bin\perl.exe
$UID/$EUID = 0 / 0
$GID = 0
$EGID = 0
Win32::GetOSName = WinXP/.Net
Win32::GetOSVersion = Service Pack 3, 5, 1, 2600, 2, 3, 0, 256, 1
Win32::FsType = NTFS
Win32::IsAdminUser = 1
Perl module toolchain versions installed:
Module Have
------------------- --------
CPAN 2.00
CPAN::Meta 2.132661
Cwd 3.40
ExtUtils::CBuilder 0.280206
ExtUtils::Command 1.17
ExtUtils::Install 1.58
ExtUtils::MakeMaker 6.63_02
ExtUtils::Manifest 1.61
ExtUtils::ParseXS 3.16
File::Spec 3.40
JSON 2.59
JSON::PP 2.27200
Module::Build 0.4007
Module::Signature 0.68
Parse::CPAN::Meta 1.4404
Test::Harness 3.29
Test::More 0.98
YAML 0.84
YAML::Syck 1.27
version 0.9904
--
Summary of my perl5 (revision 5 version 16 subversion 1) configuration:
Platform:
osname=MSWin32, osvers=4.0, archname=MSWin32-x86-multi-thread
uname='Win32 strawberry-perl 5.16.1.1 #1 Thu Aug 9 09:54:46 2012 i386'
config_args='undef'
hint=recommended, useposix=true, d_sigaction=undef
useithreads=define, usemultiplicity=define
useperlio=define, d_sfio=undef, uselargefiles=define, usesocks=undef
use64bitint=undef, use64bitall=undef, uselongdouble=undef
usemymalloc=n, bincompat5005=undef
Compiler:
cc='gcc', ccflags =' -s -O2 -DWIN32 -DPERL_TEXTMODE_SCRIPTS -DPERL_IMPLICIT_CONTEXT -DPERL_IMPLICIT_SYS -fno-strict-aliasing -mms-bitfields',
optimize='-s -O2',
cppflags='-DWIN32'
ccversion='', gccversion='4.6.3', gccosandvers=''
intsize=4, longsize=4, ptrsize=4, doublesize=8, byteorder=1234
d_longlong=undef, longlongsize=8, d_longdbl=define, longdblsize=12
ivtype='long', ivsize=4, nvtype='double', nvsize=8, Off_t='long long', lseeksize=8
alignbytes=8, prototype=define
Linker and Libraries:
ld='g++', ldflags ='-s -L"C:\strawberry5161\perl\lib\CORE" -L"C:\strawberry5161\c\lib"'
libpth=C:\strawberry5161\c\lib C:\strawberry5161\c\i686-w64-mingw32\lib
libs=-lmoldname -lkernel32 -luser32 -lgdi32 -lwinspool -lcomdlg32 -ladvapi32 -lshell32 -lole32 -loleaut32 -lnetapi32 -luuid -lws2_32 -lmpr -lwinmm -lversion -lodbc32 -lodbccp32 -lcomctl32
perllibs=-lmoldname -lkernel32 -luser32 -lgdi32 -lwinspool -lcomdlg32 -ladvapi32 -lshell32 -lole32 -loleaut32 -lnetapi32 -luuid -lws2_32 -lmpr -lwinmm -lversion -lodbc32 -lodbccp32 -lcomctl32
libc=, so=dll, useshrplib=true, libperl=libperl516.a
gnulibc_version=''
Dynamic Linking:
dlsrc=dl_win32.xs, dlext=dll, d_dlsymun=undef, ccdlflags=' '
cccdlflags=' ', lddlflags='-mdll -s -L"C:\strawberry5161\perl\lib\CORE" -L"C:\strawberry5161\c\lib"'
Characteristics of this binary (from libperl):
Compile-time options: HAS_TIMES HAVE_INTERP_INTERN MULTIPLICITY
PERLIO_LAYERS PERL_DONT_CREATE_GVSV
PERL_IMPLICIT_CONTEXT PERL_IMPLICIT_SYS
PERL_MALLOC_WRAP PERL_PRESERVE_IVUV PL_OP_SLAB_ALLOC
USE_ITHREADS USE_LARGE_FILES USE_LOCALE
USE_LOCALE_COLLATE USE_LOCALE_CTYPE
USE_LOCALE_NUMERIC USE_PERLIO USE_PERL_ATOF
Built under MSWin32
Compiled at Aug 9 2012 10:03:09
%ENV:
PERL5_CPANPLUS_IS_RUNNING="1256"
PERL5_CPAN_IS_RUNNING="1256"
PERL5_CPAN_IS_RUNNING_IN_RECURSION="484,1256"
PERL_CR_SMOKER_CURRENT="XML-Feed-Format-hAtom-0.5"
PERL_EXTUTILS_AUTOINSTALL="--defaultdeps"
PERL_MM_USE_DEFAULT="1"
@INC:
C:/strawberry5161/perl/site/lib
C:/strawberry5161/perl/vendor/lib
C:/strawberry5161/perl/lib
.