Report for MAD-Loader-3.000000

Back
From: metabase:user:314402c4-2aae-11df-837a-5e0a49663a4f
Subject: FAIL MAD-Loader-3.000000 v5.18.2 GNU/Linux
Date: 2014-05-05T23:20:15Z

This distribution has been tested as part of the CPAN Testers
project, supporting the Perl programming language.  See
http://wiki.cpantesters.org/ for more information or email
questions to cpan-testers-discuss@perl.org


--
Dear Blabos de Blebe,

This is a computer-generated report for MAD-Loader-3.000000
on perl 5.18.2, created by CPAN-Reporter-1.2011.

Thank you for uploading your work to CPAN.  However, there was a problem
testing your distribution.

If you think this report is invalid, please consult the CPAN Testers Wiki
for suggestions on how to avoid getting FAIL reports for missing library
or binary dependencies, unsupported operating systems, and so on:

http://wiki.cpantesters.org/wiki/CPANAuthorNotes

Sections of this report:

    * Tester comments
    * Program output
    * Prerequisites
    * Environment and other context

------------------------------
TESTER COMMENTS
------------------------------

Additional comments from tester:

none provided

------------------------------
PROGRAM OUTPUT
------------------------------

Output from '/usr/bin/make test':

PERL_DL_NONLAZY=1 /bbbike/ctps/51911linux/install/perl-5.18.2/bin/perl "-MExtUtils::Command::MM" "-MTest::Harness" "-e" "undef *Test::Harness::Switches; test_harness(0, 'inc', 'blib/lib', 'blib/arch')" t/*.t t/01-functions/01-fqn/*.t t/01-functions/02-load-module/01-core-modules/*.t t/01-functions/02-load-module/02-non-core-modules/*.t t/01-functions/03-build-object/*.t t/02-methods/01-new/*.t t/02-methods/02-load/*.t t/02-methods/03-build/*.t t/02-methods/04-load-and-build/*.t
t/01-functions/01-fqn/01-fqn.t ......................................... ok

#   Failed test 'Data::Dumper is not loaded'
#   at t/01-functions/02-load-module/01-core-modules/01-without-prefix.t line 11.
# Looks like you failed 1 test of 3.
t/01-functions/02-load-module/01-core-modules/01-without-prefix.t ...... 
Dubious, test returned 1 (wstat 256, 0x100)
Failed 1/3 subtests 

#   Failed test 'Data::Dumper is not loaded'
#   at t/01-functions/02-load-module/01-core-modules/02-with-prefix.t line 13.
# Looks like you failed 1 test of 3.
t/01-functions/02-load-module/01-core-modules/02-with-prefix.t ......... 
Dubious, test returned 1 (wstat 256, 0x100)
Failed 1/3 subtests 
t/01-functions/02-load-module/02-non-core-modules/01-without-prefix.t .. ok
t/01-functions/02-load-module/02-non-core-modules/02-with-prefix.t ..... ok
t/01-functions/03-build-object/01-build.t .............................. ok
t/01-functions/03-build-object/02-fail.t ............................... ok
t/02-methods/01-new/01-new.t ........................................... ok
t/02-methods/02-load/01-add-inc.t ...................................... ok
t/02-methods/02-load/02-set-inc.t ...................................... ok
t/02-methods/03-build/01-without-args.t ................................ ok
t/02-methods/03-build/02-with-args.t ................................... ok
t/02-methods/04-load-and-build/01-load-and-build.t ..................... ok
t/author-critic.t ...................................................... skipped: these tests are for testing by the author
t/release-pod-coverage.t ............................................... skipped: these tests are for release candidate testing
t/release-pod-syntax.t ................................................. skipped: these tests are for release candidate testing

Test Summary Report
-------------------
t/01-functions/02-load-module/01-core-modules/01-without-prefix.t    (Wstat: 256 Tests: 3 Failed: 1)
  Failed test:  1
  Non-zero exit status: 1
t/01-functions/02-load-module/01-core-modules/02-with-prefix.t       (Wstat: 256 Tests: 3 Failed: 1)
  Failed test:  1
  Non-zero exit status: 1
Files=16, Tests=54,  1 wallclock secs ( 0.05 usr  0.06 sys +  0.86 cusr  0.18 csys =  1.15 CPU)
Result: FAIL
Failed 2/16 test programs. 2/54 subtests failed.
make: *** [test_dynamic] Error 255

------------------------------
PREREQUISITES
------------------------------

Prerequisite modules loaded:

requires:

    Module              Need  Have    
    ------------------- ----- --------
    Carp                1.29  1.3301  
    Const::Fast         0.014 0.014   
    Moo                 1.003 1.004002
    perl                5.016 5.018002
    Test::Most          0.31  0.33    

build_requires:

    Module              Need  Have    
    ------------------- ----- --------
    ExtUtils::MakeMaker 6.59  6.98    
    Module::Install     0     1.08    
    Test::Most          0.31  0.33    

configure_requires:

    Module              Need  Have    
    ------------------- ----- --------
    ExtUtils::MakeMaker 6.59  6.98    
    Module::Install     0     1.08    


------------------------------
ENVIRONMENT AND OTHER CONTEXT
------------------------------

Environment variables:

    DBIC_NO_WARN_BAD_PERL = 1
    LANG = C
    PATH = /usr/local/bin:/usr/bin:/bin:/usr/local/sbin:/usr/sbin:/sbin:/home/eserte/bin/linux-gnu:/home/eserte/bin/sh:/home/eserte/bin:/usr/games:/home/eserte/devel:/home/eserte/src/cpan-testers-parallelsmoker/utils/synced
    PERL5LIB = 
    PERL5OPT = 
    PERL5_CPANPLUS_IS_RUNNING = 16122
    PERL5_CPAN_IS_RUNNING = 16122
    PERL5_CPAN_IS_RUNNING_IN_RECURSION = 9375,16122
    PERLDOC = -MPod::Perldoc::ToTextOverstrike
    PERL_BATCH = yes
    PERL_CPAN_REPORTER_CONFIG = /var/tmp/cpansmoker-1001/KfQ5EauWjM_config.ini
    PERL_CPAN_REPORTER_DIR = /home/eserte/var/ctps/51911linux/config/perl-5.18.2/cpanreporter
    PERL_EXTUTILS_AUTOINSTALL = --defaultdeps
    PERL_HTML_DISPLAY_CLASS = HTML::Display::Mozilla
    PERL_PARALLEL_SMOKER = yes
    PERL_TEST_UNPATCHED = 1
    PERL_TEST_UNPATCHED = 1
    SHELL = /usr/bin/zsh
    TERM = xterm
    TMPDIR = /var/tmp/cpansmoker-1001

Perl special variables (and OS-specific diagnostics, for MSWin32):

    $^X = /bbbike/ctps/51911linux/install/perl-5.18.2/bin/perl
    $UID/$EUID = 1001 / 1001
    $GID = 1001 109 1001
    $EGID = 1001 109 1001

Perl module toolchain versions installed:

    Module              Have    
    ------------------- --------
    CPAN                2.05    
    CPAN::Meta          2.141170
    Cwd                 3.40    
    ExtUtils::CBuilder  0.280216
    ExtUtils::Command   1.18    
    ExtUtils::Install   1.67    
    ExtUtils::MakeMaker 6.98    
    ExtUtils::Manifest  1.63    
    ExtUtils::ParseXS   3.24    
    File::Spec          3.40    
    JSON                2.90    
    JSON::PP            2.27203 
    Module::Build       0.4205  
    Module::Signature   0.73    
    Parse::CPAN::Meta   1.4414  
    Test::Harness       3.30    
    Test::More          1.001003
    YAML                0.90    
    YAML::Syck          1.27    
    version             0.9908  


--

Summary of my perl5 (revision 5 version 18 subversion 2) configuration:
   
  Platform:
    osname=linux, osvers=2.6.32-5-xen-amd64, archname=x86_64-linux
    uname='linux eserte 2.6.32-5-xen-amd64 #1 smp mon sep 23 23:29:01 utc 2013 x86_64 gnulinux '
    config_args='-ds -e -Uversiononly -Dinstallusrbinperl=n -Dusedevel -Dprefix=/home/eserte/var/ctps/51911linux/install/perl-5.18.2'
    hint=recommended, useposix=true, d_sigaction=define
    useithreads=undef, usemultiplicity=undef
    useperlio=define, d_sfio=undef, uselargefiles=define, usesocks=undef
    use64bitint=define, use64bitall=define, uselongdouble=undef
    usemymalloc=n, bincompat5005=undef
  Compiler:
    cc='cc', ccflags ='-fno-strict-aliasing -pipe -fstack-protector -I/usr/local/include -D_LARGEFILE_SOURCE -D_FILE_OFFSET_BITS=64',
    optimize='-O2',
    cppflags='-fno-strict-aliasing -pipe -fstack-protector -I/usr/local/include'
    ccversion='', gccversion='4.4.5', gccosandvers=''
    intsize=4, longsize=8, ptrsize=8, doublesize=8, byteorder=12345678
    d_longlong=define, longlongsize=8, d_longdbl=define, longdblsize=16
    ivtype='long', ivsize=8, nvtype='double', nvsize=8, Off_t='off_t', lseeksize=8
    alignbytes=8, prototype=define
  Linker and Libraries:
    ld='cc', ldflags =' -fstack-protector -L/usr/local/lib'
    libpth=/usr/local/lib /lib/../lib /usr/lib/../lib /lib /usr/lib /lib64 /usr/lib64
    libs=-lnsl -ldb -ldl -lm -lcrypt -lutil -lc
    perllibs=-lnsl -ldl -lm -lcrypt -lutil -lc
    libc=/lib/libc-2.11.3.so, so=so, useshrplib=false, libperl=libperl.a
    gnulibc_version='2.11.3'
  Dynamic Linking:
    dlsrc=dl_dlopen.xs, dlext=so, d_dlsymun=undef, ccdlflags='-Wl,-E'
    cccdlflags='-fPIC', lddlflags='-shared -O2 -L/usr/local/lib -fstack-protector'


Characteristics of this binary (from libperl): 
  Compile-time options: HAS_TIMES PERLIO_LAYERS PERL_DONT_CREATE_GVSV
                        PERL_HASH_FUNC_ONE_AT_A_TIME_HARD PERL_MALLOC_WRAP
                        PERL_PRESERVE_IVUV PERL_SAWAMPERSAND PERL_USE_DEVEL
                        USE_64_BIT_ALL USE_64_BIT_INT USE_LARGE_FILES
                        USE_LOCALE USE_LOCALE_COLLATE USE_LOCALE_CTYPE
                        USE_LOCALE_NUMERIC USE_PERLIO USE_PERL_ATOF
  Built under linux
  Compiled at Apr 26 2014 15:10:45
  %ENV:
    PERL5LIB=""
    PERL5OPT=""
    PERL5_CPANPLUS_IS_RUNNING="16122"
    PERL5_CPAN_IS_RUNNING="16122"
    PERL5_CPAN_IS_RUNNING_IN_RECURSION="9375,16122"
    PERLDOC="-MPod::Perldoc::ToTextOverstrike"
    PERL_BATCH="yes"
    PERL_CPAN_REPORTER_CONFIG="/var/tmp/cpansmoker-1001/KfQ5EauWjM_config.ini"
    PERL_CPAN_REPORTER_DIR="/home/eserte/var/ctps/51911linux/config/perl-5.18.2/cpanreporter"
    PERL_EXTUTILS_AUTOINSTALL="--defaultdeps"
    PERL_HTML_DISPLAY_CLASS="HTML::Display::Mozilla"
    PERL_PARALLEL_SMOKER="yes"
    PERL_TEST_UNPATCHED="1"
  @INC:
    /home/eserte/var/ctps/51911linux/install/perl-5.18.2/lib/site_perl/5.18.2/x86_64-linux
    /home/eserte/var/ctps/51911linux/install/perl-5.18.2/lib/site_perl/5.18.2
    /home/eserte/var/ctps/51911linux/install/perl-5.18.2/lib/5.18.2/x86_64-linux
    /home/eserte/var/ctps/51911linux/install/perl-5.18.2/lib/5.18.2
    .