Report for Dancer-Plugin-FontSubset-0.1.0

Back
From: metabase:user:30f4dfbe-2aae-11df-837a-5e0a49663a4f
Subject: FAIL Dancer-Plugin-FontSubset-0.1.0 v5.12.5 Mac OS X
Date: 2013-06-25T09:51:31Z

This distribution has been tested as part of the CPAN Testers
project, supporting the Perl programming language.  See
http://wiki.cpantesters.org/ for more information or email
questions to cpan-testers-discuss@perl.org


--
Dear Yanick Champoux,

This is a computer-generated report for Dancer-Plugin-FontSubset-0.1.0
on perl 5.12.5, created by CPAN-Reporter-1.2010.

Thank you for uploading your work to CPAN.  However, there was a problem
testing your distribution.

If you think this report is invalid, please consult the CPAN Testers Wiki
for suggestions on how to avoid getting FAIL reports for missing library
or binary dependencies, unsupported operating systems, and so on:

http://wiki.cpantesters.org/wiki/CPANAuthorNotes

Sections of this report:

    * Tester comments
    * Program output
    * Prerequisites
    * Environment and other context

------------------------------
TESTER COMMENTS
------------------------------

Additional comments from tester:

this report is from an automated smoke testing program
and was not reviewed by a human for accuracy

------------------------------
PROGRAM OUTPUT
------------------------------

Output from './Build test':

You cannot overwrite a locally defined method (config) with a reader at /Users/hornenj/perl5/perlbrew/perls/perl-5.12.5/lib/site_perl/5.12.5/Method/Generate/Accessor.pm line 24, <DATA> line 1003.
Compilation failed in require at -e line 1, <DATA> line 1003.

#   Failed test 'Dancer::Plugin::FontSubset loaded ok'
#   at t/00-compile.t line 62.
#                   ''
#     doesn't match '(?s-xim:^\s*Dancer::Plugin::FontSubset ok)'
# Looks like you failed 1 test of 1.
t/00-compile.t ................ 
Dubious, test returned 1 (wstat 256, 0x100)
Failed 1/1 subtests 
# 
# 
# Generated by Dist::Zilla::Plugin::ReportVersions::Tiny v1.08
# perl: 5.012005 (wanted any version) on darwin from /Users/hornenj/perl5/perlbrew/perls/perl-5.12.5/bin/perl
# 
# Dancer                                        => 1.3115     (want any version)
# Dancer::Plugin                                => <undef>    (want any version)
# Dancer::Plugin::Cache::CHI                    => 1.4.0      (want any version)
# Dancer::Test                                  => <undef>    (want any version)
# File::Find                                    => 1.15       (want any version)
# File::Temp                                    => 0.2301     (want any version)
# Font::TTF::Font                               => 0.39       (want any version)
# Font::TTF::Scripts::Name                      => <undef>    (want any version)
# List::AllUtils                                => 0.03       (want any version)
# Module::Build                                 => 0.4005     (want 0.3601) 
# Moo                                           => 1.002      (want any version)
# MooX::Singleton                               => 1.20       (want any version)
# Test::More                                    => 0.98       (want 0.88)   
# strict                                        => 1.04       (want any version)
# version                                       => 0.9902     (want 0.9901) 
# warnings                                      => 1.09       (want any version)
# 
# Thanks for using my code.  I hope it works for you.
# If not, please try and include this output in the bug report.
# That will help me reproduce the issue and solve your problem.
# 
t/000-report-versions-tiny.t .. ok
You cannot overwrite a locally defined method (config) with a reader at /Users/hornenj/perl5/perlbrew/perls/perl-5.12.5/lib/site_perl/5.12.5/Method/Generate/Accessor.pm line 24, <DATA> line 1003.
Compilation failed in require at t/basic.t line 16, <DATA> line 1003.
BEGIN failed--compilation aborted at t/basic.t line 16, <DATA> line 1003.
# Looks like your test exited with 255 before it could output anything.
t/basic.t ..................... 
Dubious, test returned 255 (wstat 65280, 0xff00)
Failed 5/5 subtests 
You cannot overwrite a locally defined method (config) with a reader at /Users/hornenj/perl5/perlbrew/perls/perl-5.12.5/lib/site_perl/5.12.5/Method/Generate/Accessor.pm line 24.
Compilation failed in require at t/cache.t line 28.
BEGIN failed--compilation aborted at t/cache.t line 28.
t/cache.t ..................... 
Dubious, test returned 255 (wstat 65280, 0xff00)
No subtests run 

Test Summary Report
-------------------
t/00-compile.t              (Wstat: 256 Tests: 1 Failed: 1)
  Failed test:  1
  Non-zero exit status: 1
t/basic.t                   (Wstat: 65280 Tests: 0 Failed: 0)
  Non-zero exit status: 255
  Parse errors: Bad plan.  You planned 5 tests but ran 0.
t/cache.t                   (Wstat: 65280 Tests: 0 Failed: 0)
  Non-zero exit status: 255
  Parse errors: No plan found in TAP output
Files=4, Tests=2,  1 wallclock secs ( 0.02 usr  0.01 sys +  1.01 cusr  0.12 csys =  1.16 CPU)
Result: FAIL
Failed 3/4 test programs. 1/2 subtests failed.

------------------------------
PREREQUISITES
------------------------------

Prerequisite modules loaded:

requires:

    Module                     Need   Have    
    -------------------------- ------ --------
    Dancer                     0      1.3115  
    Dancer::Plugin             0      0       
    Font::TTF::Font            0      0.39    
    Font::TTF::Scripts::Name   0      0       
    List::AllUtils             0      0.03    
    Moo                        0      1.002000
    MooX::Singleton            0      1.20    
    warnings                   0      1.09    

build_requires:

    Module                     Need   Have    
    -------------------------- ------ --------
    Dancer::Plugin::Cache::CHI 0      1.4.0   
    Dancer::Test               0      0       
    File::Find                 0      1.15    
    File::Temp                 0      0.2301  
    Module::Build              0.3601 0.4005  
    strict                     0      1.04    
    Test::More                 0.88   0.98    

configure_requires:

    Module                     Need   Have    
    -------------------------- ------ --------
    Module::Build              0.3601 0.4005  


------------------------------
ENVIRONMENT AND OTHER CONTEXT
------------------------------

Environment variables:

    AUTOMATED_TESTING = 1
    LC_ALL = POSIX
    LD_LIBRARY_PATH = :/net/traces01.be-md.ncbi.nlm.nih.gov/trace_software/vdb/mac/release/x86_64/lib
    PATH = /Users/hornenj/perl5/perlbrew/bin:/Users/hornenj/perl5/perlbrew/perls/perl-5.12.5/bin:/Users/hornenj/perl5/perlbrew/bin:/Users/hornenj/perl5/perlbrew/perls/perl-5.12.5/bin:/sw/lib/perl5/ExtUtils:/sw/bin:/sw/sbin:/am/ncbiapdata/bin:/usr/bin:/bin:/usr/X11R6/bin:/Users/hornenj/bin:/netopt/ncbi_tools/bin:/usr/local/ncbi/blast/bin:/net/traces01.be-md.ncbi.nlm.nih.gov/trace_software/vdb/mac/release/x86_64/bin
    PERL5LIB = /Users/hornenj/.cpan/build/MooX-Singleton-1.20-9uE1Pd/blib/arch:/Users/hornenj/.cpan/build/MooX-Singleton-1.20-9uE1Pd/blib/lib:/Users/hornenj/.cpan/build/Dancer-Plugin-Cache-CHI-1.4.0-dBaQPk/blib/arch:/Users/hornenj/.cpan/build/Dancer-Plugin-Cache-CHI-1.4.0-dBaQPk/blib/lib:/Users/hornenj/.cpan/build/Font-TTF-Scripts-1.03-wEas2i/blib/arch:/Users/hornenj/.cpan/build/Font-TTF-Scripts-1.03-wEas2i/blib/lib:/Users/hornenj/.cpan/build/Text-PDF-0.29-LILRF3/blib/arch:/Users/hornenj/.cpan/build/Text-PDF-0.29-LILRF3/blib/lib:/Users/hornenj/.cpan/build/Font-TTF-1.02-a_FroA/blib/arch:/Users/hornenj/.cpan/build/Font-TTF-1.02-a_FroA/blib/lib:/Users/hornenj/.cpan/build/Text-Unicode-Equivalents-0.05-k2sCXm/blib/arch:/Users/hornenj/.cpan/build/Text-Unicode-Equivalents-0.05-k2sCXm/blib/lib:/Users/hornenj/.cpan/build/Dancer-1.3115-HLUGsb/blib/arch:/Users/hornenj/.cpan/build/Dancer-1.3115-HLUGsb/blib/lib:/Users/hornenj/.cpan/build/HTTP-Body-1.17-WW5_lp/blib/arch:/Users/hornenj/.cpan/build/HTTP-Body-1.17-WW5_lp/blib/lib:/Users/hornenj/.cpan/build/HTTP-Server-Simple-PSGI-0.14-EUZJNg/blib/arch:/Users/hornenj/.cpan/build/HTTP-Server-Simple-PSGI-0.14-EUZJNg/blib/lib:/Users/hornenj/.cpan/build/List-AllUtils-0.03-W3e0nA/blib/arch:/Users/hornenj/.cpan/build/List-AllUtils-0.03-W3e0nA/blib/lib
    PERL5OPT = 
    PERL5_CPANPLUS_IS_RUNNING = 38335
    PERL5_CPAN_IS_RUNNING = 38335
    PERL5_MINISMOKEBOX = 0.56
    PERLBREW_BASHRC_VERSION = 0.64
    PERLBREW_HOME = /Users/hornenj/.perlbrew
    PERLBREW_MANPATH = /Users/hornenj/perl5/perlbrew/perls/perl-5.12.5/man
    PERLBREW_PATH = /Users/hornenj/perl5/perlbrew/bin:/Users/hornenj/perl5/perlbrew/perls/perl-5.12.5/bin
    PERLBREW_PERL = perl-5.12.5
    PERLBREW_ROOT = /Users/hornenj/perl5/perlbrew
    PERLBREW_VERSION = 0.64
    PERL_EXTUTILS_AUTOINSTALL = --defaultdeps
    PERL_MM_USE_DEFAULT = 1
    SHELL = /bin/bash
    TERM = xterm
    TMPDIR = /var/folders/pz/pd7y1qjs6s3cbk170cw50fjc000c61/T/
    VERSIONER_PERL_PREFER_32_BIT = no
    VERSIONER_PERL_VERSION = 5.12
    ac_cv_path_INTLTOOL_PERL = /usr/bin/perl

Perl special variables (and OS-specific diagnostics, for MSWin32):

    $^X = /Users/hornenj/perl5/perlbrew/perls/perl-5.12.5/bin/perl
    $UID/$EUID = 12481 / 12481
    $GID = 14 14 5344 527 241 223 206 402 12 62 204
    $EGID = 14 14 5344 527 241 223 206 402 12 62 204

Perl module toolchain versions installed:

    Module              Have    
    ------------------- --------
    CPAN                2.00    
    CPAN::Meta          2.131560
    Cwd                 3.40    
    ExtUtils::CBuilder  0.280205
    ExtUtils::Command   1.17    
    ExtUtils::Install   1.55    
    ExtUtils::MakeMaker 6.68    
    ExtUtils::Manifest  1.61    
    ExtUtils::ParseXS   3.18    
    File::Spec          3.40    
    JSON                2.59    
    JSON::PP            2.27202 
    Module::Build       0.4005  
    Module::Signature   n/a     
    Parse::CPAN::Meta   1.4404  
    Test::Harness       3.28    
    Test::More          0.98    
    YAML                0.84    
    YAML::Syck          1.27    
    version             0.9902  


--

Summary of my perl5 (revision 5 version 12 subversion 5) configuration:
   
  Platform:
    osname=darwin, osvers=12.2.1, archname=darwin-2level
    uname='darwin ncbimac2008.ncbi.nlm.nih.gov 12.2.1 darwin kernel version 12.2.1: thu oct 18 12:13:47 pdt 2012; root:xnu-2050.20.9~1release_x86_64 x86_64 '
    config_args='-de -Dprefix=/Users/hornenj/perl5/perlbrew/perls/perl-5.12.5'
    hint=recommended, useposix=true, d_sigaction=define
    useithreads=undef, usemultiplicity=undef
    useperlio=define, d_sfio=undef, uselargefiles=define, usesocks=undef
    use64bitint=define, use64bitall=define, uselongdouble=undef
    usemymalloc=n, bincompat5005=undef
  Compiler:
    cc='cc', ccflags ='-fno-common -DPERL_DARWIN -no-cpp-precomp -fno-strict-aliasing -pipe -fstack-protector',
    optimize='-O3',
    cppflags='-no-cpp-precomp -fno-common -DPERL_DARWIN -no-cpp-precomp -fno-strict-aliasing -pipe -fstack-protector'
    ccversion='', gccversion='4.2.1 Compatible Apple LLVM 4.2 (clang-425.0.24)', gccosandvers=''
    intsize=4, longsize=8, ptrsize=8, doublesize=8, byteorder=12345678
    d_longlong=define, longlongsize=8, d_longdbl=define, longdblsize=16
    ivtype='long', ivsize=8, nvtype='double', nvsize=8, Off_t='off_t', lseeksize=8
    alignbytes=8, prototype=define
  Linker and Libraries:
    ld='env MACOSX_DEPLOYMENT_TARGET=10.3 cc', ldflags =' -fstack-protector'
    libpth=/usr/lib
    libs=-ldbm -ldl -lm -lutil -lc
    perllibs=-ldl -lm -lutil -lc
    libc=, so=dylib, useshrplib=false, libperl=libperl.a
    gnulibc_version=''
  Dynamic Linking:
    dlsrc=dl_dlopen.xs, dlext=bundle, d_dlsymun=undef, ccdlflags=' '
    cccdlflags=' ', lddlflags=' -bundle -undefined dynamic_lookup -fstack-protector'


Characteristics of this binary (from libperl): 
  Compile-time options: PERL_DONT_CREATE_GVSV PERL_MALLOC_WRAP USE_64_BIT_ALL
                        USE_64_BIT_INT USE_LARGE_FILES USE_PERLIO
                        USE_PERL_ATOF
  Built under darwin
  Compiled at Mar  5 2013 11:08:14
  %ENV:
    PERL5LIB="/Users/hornenj/.cpan/build/MooX-Singleton-1.20-9uE1Pd/blib/arch:/Users/hornenj/.cpan/build/MooX-Singleton-1.20-9uE1Pd/blib/lib:/Users/hornenj/.cpan/build/Dancer-Plugin-Cache-CHI-1.4.0-dBaQPk/blib/arch:/Users/hornenj/.cpan/build/Dancer-Plugin-Cache-CHI-1.4.0-dBaQPk/blib/lib:/Users/hornenj/.cpan/build/Font-TTF-Scripts-1.03-wEas2i/blib/arch:/Users/hornenj/.cpan/build/Font-TTF-Scripts-1.03-wEas2i/blib/lib:/Users/hornenj/.cpan/build/Text-PDF-0.29-LILRF3/blib/arch:/Users/hornenj/.cpan/build/Text-PDF-0.29-LILRF3/blib/lib:/Users/hornenj/.cpan/build/Font-TTF-1.02-a_FroA/blib/arch:/Users/hornenj/.cpan/build/Font-TTF-1.02-a_FroA/blib/lib:/Users/hornenj/.cpan/build/Text-Unicode-Equivalents-0.05-k2sCXm/blib/arch:/Users/hornenj/.cpan/build/Text-Unicode-Equivalents-0.05-k2sCXm/blib/lib:/Users/hornenj/.cpan/build/Dancer-1.3115-HLUGsb/blib/arch:/Users/hornenj/.cpan/build/Dancer-1.3115-HLUGsb/blib/lib:/Users/hornenj/.cpan/build/HTTP-Body-1.17-WW5_lp/blib/arch:/Users/hornenj/.cpan/build/HTTP-Body-1.17-WW5_lp/blib/lib:/Users/hornenj/.cpan/build/HTTP-Server-Simple-PSGI-0.14-EUZJNg/blib/arch:/Users/hornenj/.cpan/build/HTTP-Server-Simple-PSGI-0.14-EUZJNg/blib/lib:/Users/hornenj/.cpan/build/List-AllUtils-0.03-W3e0nA/blib/arch:/Users/hornenj/.cpan/build/List-AllUtils-0.03-W3e0nA/blib/lib"
    PERL5OPT=""
    PERL5_CPANPLUS_IS_RUNNING="38335"
    PERL5_CPAN_IS_RUNNING="38335"
    PERL5_MINISMOKEBOX="0.56"
    PERLBREW_BASHRC_VERSION="0.64"
    PERLBREW_HOME="/Users/hornenj/.perlbrew"
    PERLBREW_MANPATH="/Users/hornenj/perl5/perlbrew/perls/perl-5.12.5/man"
    PERLBREW_PATH="/Users/hornenj/perl5/perlbrew/bin:/Users/hornenj/perl5/perlbrew/perls/perl-5.12.5/bin"
    PERLBREW_PERL="perl-5.12.5"
    PERLBREW_ROOT="/Users/hornenj/perl5/perlbrew"
    PERLBREW_VERSION="0.64"
    PERL_EXTUTILS_AUTOINSTALL="--defaultdeps"
    PERL_MM_USE_DEFAULT="1"
  @INC:
    /Users/hornenj/.cpan/build/MooX-Singleton-1.20-9uE1Pd/blib/arch
    /Users/hornenj/.cpan/build/MooX-Singleton-1.20-9uE1Pd/blib/lib
    /Users/hornenj/.cpan/build/Dancer-Plugin-Cache-CHI-1.4.0-dBaQPk/blib/arch
    /Users/hornenj/.cpan/build/Dancer-Plugin-Cache-CHI-1.4.0-dBaQPk/blib/lib
    /Users/hornenj/.cpan/build/Font-TTF-Scripts-1.03-wEas2i/blib/arch
    /Users/hornenj/.cpan/build/Font-TTF-Scripts-1.03-wEas2i/blib/lib
    /Users/hornenj/.cpan/build/Text-PDF-0.29-LILRF3/blib/arch
    /Users/hornenj/.cpan/build/Text-PDF-0.29-LILRF3/blib/lib
    /Users/hornenj/.cpan/build/Font-TTF-1.02-a_FroA/blib/arch
    /Users/hornenj/.cpan/build/Font-TTF-1.02-a_FroA/blib/lib
    /Users/hornenj/.cpan/build/Text-Unicode-Equivalents-0.05-k2sCXm/blib/arch
    /Users/hornenj/.cpan/build/Text-Unicode-Equivalents-0.05-k2sCXm/blib/lib
    /Users/hornenj/.cpan/build/Dancer-1.3115-HLUGsb/blib/arch
    /Users/hornenj/.cpan/build/Dancer-1.3115-HLUGsb/blib/lib
    /Users/hornenj/.cpan/build/HTTP-Body-1.17-WW5_lp/blib/arch
    /Users/hornenj/.cpan/build/HTTP-Body-1.17-WW5_lp/blib/lib
    /Users/hornenj/.cpan/build/HTTP-Server-Simple-PSGI-0.14-EUZJNg/blib/arch
    /Users/hornenj/.cpan/build/HTTP-Server-Simple-PSGI-0.14-EUZJNg/blib/lib
    /Users/hornenj/.cpan/build/List-AllUtils-0.03-W3e0nA/blib/arch
    /Users/hornenj/.cpan/build/List-AllUtils-0.03-W3e0nA/blib/lib
    /Users/hornenj/perl5/perlbrew/perls/perl-5.12.5/lib/site_perl/5.12.5/darwin-2level
    /Users/hornenj/perl5/perlbrew/perls/perl-5.12.5/lib/site_perl/5.12.5
    /Users/hornenj/perl5/perlbrew/perls/perl-5.12.5/lib/5.12.5/darwin-2level
    /Users/hornenj/perl5/perlbrew/perls/perl-5.12.5/lib/5.12.5
    .